--
-- Host: 127.0.0.1    Database: alhilkkw_hilal_shop
-- ------------------------------------------------------


--
-- Table structure for table `business_settings`
--

CREATE TABLE `business_settings` (
  `id` bigint(20) unsigned NOT NULL AUTO_INCREMENT,
  `business_name` varchar(255) DEFAULT NULL,
  `business_address` text DEFAULT NULL,
  `business_phone` varchar(20) DEFAULT NULL,
  `business_email` varchar(255) DEFAULT NULL,
  `business_website` varchar(255) DEFAULT NULL,
  `business_logo` varchar(255) DEFAULT NULL,
  `invoice_prefix` varchar(10) NOT NULL DEFAULT 'INV',
  `invoice_number_start` int(11) NOT NULL DEFAULT 1000,
  `current_invoice_number` int(11) NOT NULL DEFAULT 1000,
  `receipt_prefix` varchar(10) NOT NULL DEFAULT 'RCP',
  `receipt_number_start` int(11) NOT NULL DEFAULT 1000,
  `current_receipt_number` int(11) NOT NULL DEFAULT 1000,
  `default_tax_rate` decimal(5,2) NOT NULL DEFAULT 0.00,
  `tax_label` varchar(50) NOT NULL DEFAULT 'Tax',
  `currency_symbol` varchar(10) NOT NULL DEFAULT 'CFA',
  `currency_code` varchar(3) NOT NULL DEFAULT 'XOF',
  `business_registration_number` varchar(255) DEFAULT NULL,
  `tax_identification_number` varchar(255) DEFAULT NULL,
  `invoice_footer_note` text DEFAULT NULL,
  `receipt_footer_note` text DEFAULT NULL,
  `show_logo_on_invoice` tinyint(1) NOT NULL DEFAULT 1,
  `show_logo_on_receipt` tinyint(1) NOT NULL DEFAULT 1,
  `date_format` varchar(20) NOT NULL DEFAULT 'd/m/Y',
  `time_format` varchar(20) NOT NULL DEFAULT 'H:i:s',
  `starting_year` int(11) NOT NULL DEFAULT 2026,
  `active_fiscal_year_id` bigint(20) unsigned DEFAULT NULL,
  `view_fiscal_year_id` bigint(20) unsigned DEFAULT NULL,
  `created_at` timestamp NULL DEFAULT NULL,
  `updated_at` timestamp NULL DEFAULT NULL,
  PRIMARY KEY (`id`)
) ENGINE=InnoDB AUTO_INCREMENT=2 DEFAULT CHARSET=utf8mb4 COLLATE=utf8mb4_unicode_ci;

--
-- Dumping data for table `business_settings`
--

INSERT INTO `business_settings` VALUES
(1,'Hilal Shoes','Aksaray Mah. ınkilap cd. no4/2 İatanbul/Fatih','+90542 287 15 23','info@alhilali.com',NULL,'business-logos/1765829033_694069a96a5f1.jpg','HIL',0,257,'RCP',1000,1001,0.00,'Tax','$','USD','0045-1049-3850-0001','0451049385',NULL,NULL,1,1,'d/m/Y','H:i:s',2026,NULL,NULL,'2025-12-15 09:44:43','2026-04-17 10:11:59');

--
-- Table structure for table `cache`
--

CREATE TABLE `cache` (
  `key` varchar(255) NOT NULL,
  `value` mediumtext NOT NULL,
  `expiration` int(11) NOT NULL,
  PRIMARY KEY (`key`)
) ENGINE=InnoDB DEFAULT CHARSET=utf8mb4 COLLATE=utf8mb4_unicode_ci;

--
-- Dumping data for table `cache`
--


--
-- Table structure for table `cache_locks`
--

CREATE TABLE `cache_locks` (
  `key` varchar(255) NOT NULL,
  `owner` varchar(255) NOT NULL,
  `expiration` int(11) NOT NULL,
  PRIMARY KEY (`key`)
) ENGINE=InnoDB DEFAULT CHARSET=utf8mb4 COLLATE=utf8mb4_unicode_ci;

--
-- Dumping data for table `cache_locks`
--


--
-- Table structure for table `cashier_balances`
--

CREATE TABLE `cashier_balances` (
  `id` bigint(20) unsigned NOT NULL AUTO_INCREMENT,
  `user_id` bigint(20) unsigned NOT NULL,
  `current_balance` decimal(15,2) NOT NULL DEFAULT 0.00,
  `total_sales` decimal(15,2) NOT NULL DEFAULT 0.00,
  `total_withdrawals` decimal(15,2) NOT NULL DEFAULT 0.00,
  `total_expenses` decimal(15,2) NOT NULL DEFAULT 0.00,
  `last_updated_at` timestamp NULL DEFAULT NULL,
  `created_at` timestamp NULL DEFAULT NULL,
  `updated_at` timestamp NULL DEFAULT NULL,
  PRIMARY KEY (`id`),
  UNIQUE KEY `cashier_balances_user_id_unique` (`user_id`),
  KEY `cashier_balances_user_id_index` (`user_id`),
  CONSTRAINT `cashier_balances_user_id_foreign` FOREIGN KEY (`user_id`) REFERENCES `users` (`id`) ON DELETE CASCADE
) ENGINE=InnoDB AUTO_INCREMENT=4 DEFAULT CHARSET=utf8mb4 COLLATE=utf8mb4_unicode_ci;

--
-- Dumping data for table `cashier_balances`
--

INSERT INTO `cashier_balances` VALUES
(1,9,12635.00,12635.00,0.00,0.00,'2026-04-17 10:11:59','2026-01-19 06:14:19','2026-04-17 10:11:59'),
(2,10,2883.00,2883.00,0.00,0.00,'2026-04-15 08:24:35','2026-01-20 11:32:11','2026-04-15 08:24:35'),
(3,4,5884.00,5884.00,0.00,0.00,'2026-04-20 12:04:30','2026-01-21 06:27:03','2026-04-20 12:04:30');

--
-- Table structure for table `cashier_transactions`
--

CREATE TABLE `cashier_transactions` (
  `id` bigint(20) unsigned NOT NULL AUTO_INCREMENT,
  `user_id` bigint(20) unsigned NOT NULL,
  `type` enum('sale','sale_edit','sale_cancel','withdrawal','expense') NOT NULL,
  `amount` decimal(15,2) NOT NULL,
  `direction` enum('credit','debit') NOT NULL,
  `description` text NOT NULL,
  `reference_id` bigint(20) unsigned DEFAULT NULL,
  `reference_type` varchar(255) DEFAULT NULL,
  `balance_before` decimal(15,2) NOT NULL,
  `balance_after` decimal(15,2) NOT NULL,
  `metadata` longtext CHARACTER SET utf8mb4 COLLATE utf8mb4_bin DEFAULT NULL CHECK (json_valid(`metadata`)),
  `transaction_date` timestamp NOT NULL DEFAULT current_timestamp() ON UPDATE current_timestamp(),
  `created_at` timestamp NULL DEFAULT NULL,
  `updated_at` timestamp NULL DEFAULT NULL,
  PRIMARY KEY (`id`),
  KEY `cashier_transactions_user_id_transaction_date_index` (`user_id`,`transaction_date`),
  KEY `cashier_transactions_type_transaction_date_index` (`type`,`transaction_date`),
  KEY `cashier_transactions_reference_id_reference_type_index` (`reference_id`,`reference_type`),
  CONSTRAINT `cashier_transactions_user_id_foreign` FOREIGN KEY (`user_id`) REFERENCES `users` (`id`) ON DELETE CASCADE
) ENGINE=InnoDB AUTO_INCREMENT=128 DEFAULT CHARSET=utf8mb4 COLLATE=utf8mb4_unicode_ci;

--
-- Dumping data for table `cashier_transactions`
--

INSERT INTO `cashier_transactions` VALUES
(1,9,'sale',60.00,'credit','Sale completed: HIL-0127',2,'Sale',0.00,60.00,'{\"sale_id\":2,\"sale_number\":\"HIL-0127\",\"customer\":\"AL ISSEL\",\"payment_method\":\"cash\",\"is_partial\":false}','2026-01-19 11:23:08','2026-01-19 11:23:08','2026-01-19 11:23:08'),
(2,9,'sale',180.00,'credit','Sale completed: HIL-0128',3,'Sale',60.00,240.00,'{\"sale_id\":3,\"sale_number\":\"HIL-0128\",\"customer\":\"Brahim kallimy\",\"payment_method\":\"cash\",\"is_partial\":false}','2026-01-19 11:47:23','2026-01-19 11:47:23','2026-01-19 11:47:23'),
(3,9,'sale',90.00,'credit','Sale completed: HIL-0129',4,'Sale',240.00,330.00,'{\"sale_id\":4,\"sale_number\":\"HIL-0129\",\"customer\":\"Brahim kallimiy\",\"payment_method\":\"cash\",\"is_partial\":false}','2026-01-19 12:27:22','2026-01-19 12:27:22','2026-01-19 12:27:22'),
(4,9,'sale',108.00,'credit','Sale completed: HIL-0130',5,'Sale',330.00,438.00,'{\"sale_id\":5,\"sale_number\":\"HIL-0130\",\"customer\":\"Wal nigeria\",\"payment_method\":\"cash\",\"is_partial\":false}','2026-01-20 11:20:51','2026-01-20 11:20:51','2026-01-20 11:20:51'),
(5,4,'sale',208.00,'credit','Sale completed: HIL-0131',6,'Sale',0.00,208.00,'{\"sale_id\":6,\"sale_number\":\"HIL-0131\",\"customer\":\"Ahmat Issa\",\"payment_method\":\"cash\",\"is_partial\":false}','2026-01-21 06:27:03','2026-01-21 06:27:03','2026-01-21 06:27:03'),
(6,4,'sale',216.00,'credit','Sale completed: HIL-0132',7,'Sale',208.00,424.00,'{\"sale_id\":7,\"sale_number\":\"HIL-0132\",\"customer\":\"Al issel\",\"payment_method\":\"cash\",\"is_partial\":false}','2026-01-24 07:10:04','2026-01-24 07:10:04','2026-01-24 07:10:04'),
(7,4,'sale',120.00,'credit','Sale completed: HIL-0133',8,'Sale',424.00,544.00,'{\"sale_id\":8,\"sale_number\":\"HIL-0133\",\"customer\":null,\"payment_method\":\"cash\",\"is_partial\":false}','2026-02-12 08:33:43','2026-02-12 08:33:43','2026-02-12 08:33:43'),
(8,4,'sale',30.00,'credit','Sale completed: HIL-0134',9,'Sale',544.00,574.00,'{\"sale_id\":9,\"sale_number\":\"HIL-0134\",\"customer\":null,\"payment_method\":\"cash\",\"is_partial\":false}','2026-02-14 07:47:42','2026-02-14 07:47:42','2026-02-14 07:47:42'),
(9,10,'sale',108.00,'credit','Sale completed: HIL-0135',10,'Sale',0.00,108.00,'{\"sale_id\":10,\"sale_number\":\"HIL-0135\",\"customer\":null,\"payment_method\":\"cash\",\"is_partial\":false}','2026-02-17 04:55:13','2026-02-17 04:55:13','2026-02-17 04:55:13'),
(10,10,'sale',80.00,'credit','Sale completed: HIL-0136',11,'Sale',108.00,188.00,'{\"sale_id\":11,\"sale_number\":\"HIL-0136\",\"customer\":null,\"payment_method\":\"cash\",\"is_partial\":false}','2026-02-18 05:15:18','2026-02-18 05:15:18','2026-02-18 05:15:18'),
(11,9,'sale',150.00,'credit','Sale completed: HIL-0137',12,'Sale',438.00,588.00,'{\"sale_id\":12,\"sale_number\":\"HIL-0137\",\"customer\":\"Sg\",\"payment_method\":\"cash\",\"is_partial\":false}','2026-02-18 09:35:31','2026-02-18 09:35:31','2026-02-18 09:35:31'),
(12,10,'sale',252.00,'credit','Sale completed: HIL-0140',15,'Sale',188.00,440.00,'{\"sale_id\":15,\"sale_number\":\"HIL-0140\",\"customer\":\"Souleymane\",\"payment_method\":\"cash\",\"is_partial\":false}','2026-02-19 06:59:22','2026-02-19 06:59:22','2026-02-19 06:59:22'),
(13,10,'sale_cancel',80.00,'debit','Sale cancelled/refunded: HIL-0136',11,'Sale',440.00,360.00,'{\"sale_id\":11,\"sale_number\":\"HIL-0136\",\"reason\":\"Sale cancelled\\/refunded\"}','2026-02-19 16:12:13','2026-02-19 16:12:13','2026-02-19 16:12:13'),
(14,4,'sale',1560.00,'credit','Sale completed: HIL-0142',17,'Sale',574.00,2134.00,'{\"sale_id\":17,\"sale_number\":\"HIL-0142\",\"customer\":\"B\\u0130LLAH\",\"payment_method\":\"cash\",\"is_partial\":false}','2026-02-20 16:05:52','2026-02-20 16:05:52','2026-02-20 16:05:52'),
(15,9,'sale',30.00,'credit','Sale completed: HIL-0144',19,'Sale',588.00,618.00,'{\"sale_id\":19,\"sale_number\":\"HIL-0144\",\"customer\":\"Tahir mht hassan\",\"payment_method\":\"cash\",\"is_partial\":false}','2026-02-21 05:34:02','2026-02-21 05:34:02','2026-02-21 05:34:02'),
(16,9,'sale',60.00,'credit','Sale completed: HIL-0145',20,'Sale',618.00,678.00,'{\"sale_id\":20,\"sale_number\":\"HIL-0145\",\"customer\":null,\"payment_method\":\"cash\",\"is_partial\":false}','2026-02-21 10:52:36','2026-02-21 10:52:36','2026-02-21 10:52:36'),
(17,4,'sale',600.00,'credit','Sale completed: HIL-0146',21,'Sale',2134.00,2734.00,'{\"sale_id\":21,\"sale_number\":\"HIL-0146\",\"customer\":\"KHALID OUSMAN\",\"payment_method\":\"cash\",\"is_partial\":false}','2026-02-22 08:59:31','2026-02-22 08:59:31','2026-02-22 08:59:31'),
(18,9,'sale',60.00,'credit','Sale completed: HIL-0147',22,'Sale',678.00,738.00,'{\"sale_id\":22,\"sale_number\":\"HIL-0147\",\"customer\":\"Xx\",\"payment_method\":\"cash\",\"is_partial\":false}','2026-02-23 06:55:12','2026-02-23 06:55:12','2026-02-23 06:55:12'),
(19,9,'sale',594.00,'credit','Loan payment received: HIL-0139',14,'Sale',738.00,1332.00,'{\"sale_id\":14,\"sale_number\":\"HIL-0139\",\"customer\":\"Fatime Jackilin maide\",\"payment_type\":\"loan_payment\"}','2026-02-24 09:03:20','2026-02-24 09:03:20','2026-02-24 09:03:20'),
(20,9,'sale',30.00,'credit','Sale completed: HIL-0150',25,'Sale',1332.00,1362.00,'{\"sale_id\":25,\"sale_number\":\"HIL-0150\",\"customer\":\"Mustafa\",\"payment_method\":\"cash\",\"is_partial\":false}','2026-02-25 09:09:21','2026-02-25 09:09:21','2026-02-25 09:09:21'),
(21,10,'sale',56.00,'credit','Sale completed: HIL-0151',26,'Sale',360.00,416.00,'{\"sale_id\":26,\"sale_number\":\"HIL-0151\",\"customer\":\"Mahamat djbrine Mahamat\",\"payment_method\":\"cash\",\"is_partial\":false}','2026-02-25 09:23:44','2026-02-25 09:23:44','2026-02-25 09:23:44'),
(22,10,'sale',30.00,'credit','Sale completed: HIL-0152',27,'Sale',416.00,446.00,'{\"sale_id\":27,\"sale_number\":\"HIL-0152\",\"customer\":\"Moustapha\",\"payment_method\":\"cash\",\"is_partial\":false}','2026-02-25 09:30:28','2026-02-25 09:30:28','2026-02-25 09:30:28'),
(23,9,'sale',90.00,'credit','Sale completed: HIL-0153',28,'Sale',1362.00,1452.00,'{\"sale_id\":28,\"sale_number\":\"HIL-0153\",\"customer\":\"Xxx\",\"payment_method\":\"cash\",\"is_partial\":false}','2026-02-25 12:47:21','2026-02-25 12:47:21','2026-02-25 12:47:21'),
(24,9,'sale',520.00,'credit','Sale completed: HIL-0155',30,'Sale',1452.00,1972.00,'{\"sale_id\":30,\"sale_number\":\"HIL-0155\",\"customer\":\"Abdallah bout\",\"payment_method\":\"cash\",\"is_partial\":false}','2026-02-26 15:12:26','2026-02-26 15:12:26','2026-02-26 15:12:26'),
(25,9,'sale',104.00,'credit','Sale completed: HIL-0156',31,'Sale',1972.00,2076.00,'{\"sale_id\":31,\"sale_number\":\"HIL-0156\",\"customer\":\"Cherif abi\",\"payment_method\":\"cash\",\"is_partial\":false}','2026-02-26 15:14:22','2026-02-26 15:14:22','2026-02-26 15:14:22'),
(26,9,'sale',288.00,'credit','Sale completed: HIL-0157',32,'Sale',2076.00,2364.00,'{\"sale_id\":32,\"sale_number\":\"HIL-0157\",\"customer\":\"Badur\",\"payment_method\":\"cash\",\"is_partial\":false}','2026-02-26 15:16:22','2026-02-26 15:16:22','2026-02-26 15:16:22'),
(27,9,'sale',312.00,'credit','Sale completed: HIL-0158',33,'Sale',2364.00,2676.00,'{\"sale_id\":33,\"sale_number\":\"HIL-0158\",\"customer\":\"Badur\",\"payment_method\":\"cash\",\"is_partial\":false}','2026-02-26 15:17:01','2026-02-26 15:17:01','2026-02-26 15:17:01'),
(28,10,'sale',84.00,'credit','Sale completed: HIL-0160',35,'Sale',446.00,530.00,'{\"sale_id\":35,\"sale_number\":\"HIL-0160\",\"customer\":\"Hamza\",\"payment_method\":\"cash\",\"is_partial\":false}','2026-02-28 08:22:17','2026-02-28 08:22:17','2026-02-28 08:22:17'),
(29,9,'sale',30.00,'credit','Sale completed: HIL-0161',36,'Sale',2676.00,2706.00,'{\"sale_id\":36,\"sale_number\":\"HIL-0161\",\"customer\":\"Mht bahar\",\"payment_method\":\"cash\",\"is_partial\":false}','2026-02-28 10:35:56','2026-02-28 10:35:56','2026-02-28 10:35:56'),
(30,10,'sale',30.00,'credit','Sale completed: HIL-0162',37,'Sale',530.00,560.00,'{\"sale_id\":37,\"sale_number\":\"HIL-0162\",\"customer\":\"Mahamat Moussa\",\"payment_method\":\"cash\",\"is_partial\":false}','2026-02-28 11:16:01','2026-02-28 11:16:01','2026-02-28 11:16:01'),
(31,10,'sale',28.00,'credit','Sale completed: HIL-0163',38,'Sale',560.00,588.00,'{\"sale_id\":38,\"sale_number\":\"HIL-0163\",\"customer\":\"Hassan Fortey\",\"payment_method\":\"cash\",\"is_partial\":false}','2026-02-28 11:47:58','2026-02-28 11:47:58','2026-02-28 11:47:58'),
(32,9,'sale',72.00,'credit','Loan payment received: HIL-0164',39,'Sale',2706.00,2778.00,'{\"sale_id\":39,\"sale_number\":\"HIL-0164\",\"customer\":\"Abdeldjabar\",\"payment_type\":\"loan_payment\"}','2026-03-02 07:27:29','2026-03-02 07:27:29','2026-03-02 07:27:29'),
(33,10,'sale',30.00,'credit','Sale completed: HIL-0167',42,'Sale',588.00,618.00,'{\"sale_id\":42,\"sale_number\":\"HIL-0167\",\"customer\":\"Moubarak Niger\",\"payment_method\":\"cash\",\"is_partial\":false}','2026-03-02 08:07:25','2026-03-02 08:07:25','2026-03-02 08:07:25'),
(34,9,'sale',150.00,'credit','Sale completed: HIL-0168',43,'Sale',2778.00,2928.00,'{\"sale_id\":43,\"sale_number\":\"HIL-0168\",\"customer\":\"MAHAMAT\",\"payment_method\":\"cash\",\"is_partial\":false}','2026-03-02 11:55:13','2026-03-02 11:55:13','2026-03-02 11:55:13'),
(35,9,'sale',642.00,'credit','Sale completed: HIL-0169',44,'Sale',2928.00,3570.00,'{\"sale_id\":44,\"sale_number\":\"HIL-0169\",\"customer\":\"DJIBRINE\",\"payment_method\":\"cash\",\"is_partial\":false}','2026-03-02 13:09:36','2026-03-02 13:09:36','2026-03-02 13:09:36'),
(36,9,'sale',84.00,'credit','Sale completed: HIL-0170',45,'Sale',3570.00,3654.00,'{\"sale_id\":45,\"sale_number\":\"HIL-0170\",\"customer\":\"Hemchi\",\"payment_method\":\"cash\",\"is_partial\":false}','2026-03-03 11:31:31','2026-03-03 11:31:31','2026-03-03 11:31:31'),
(37,9,'sale',53.00,'credit','Sale completed: HIL-0171',46,'Sale',3654.00,3707.00,'{\"sale_id\":46,\"sale_number\":\"HIL-0171\",\"customer\":\"Chadallah\",\"payment_method\":\"cash\",\"is_partial\":false}','2026-03-04 05:04:39','2026-03-04 05:04:39','2026-03-04 05:04:39'),
(38,9,'sale',60.00,'credit','Sale completed: HIL-0172',47,'Sale',3707.00,3767.00,'{\"sale_id\":47,\"sale_number\":\"HIL-0172\",\"customer\":\"Am barka\",\"payment_method\":\"cash\",\"is_partial\":false}','2026-03-04 06:14:24','2026-03-04 06:14:24','2026-03-04 06:14:24'),
(39,9,'sale',499.00,'credit','Sale completed: HIL-0174',49,'Sale',3767.00,4266.00,'{\"sale_id\":49,\"sale_number\":\"HIL-0174\",\"customer\":\"Abdallah\",\"payment_method\":\"cash\",\"is_partial\":false}','2026-03-05 10:45:36','2026-03-05 10:45:36','2026-03-05 10:45:36'),
(40,9,'sale',387.00,'credit','Sale completed: HIL-0179',54,'Sale',4266.00,4653.00,'{\"sale_id\":54,\"sale_number\":\"HIL-0179\",\"customer\":\"Mustafa\",\"payment_method\":\"cash\",\"is_partial\":false}','2026-03-06 11:25:07','2026-03-06 11:25:07','2026-03-06 11:25:07'),
(41,9,'sale',60.00,'credit','Sale completed: HIL-0180',55,'Sale',4653.00,4713.00,'{\"sale_id\":55,\"sale_number\":\"HIL-0180\",\"customer\":\"Aba ali\",\"payment_method\":\"cash\",\"is_partial\":false}','2026-03-07 10:35:02','2026-03-07 10:35:02','2026-03-07 10:35:02'),
(42,9,'sale',50.00,'credit','Sale completed: HIL-0181',56,'Sale',4713.00,4763.00,'{\"sale_id\":56,\"sale_number\":\"HIL-0181\",\"customer\":\"Mht saleh\",\"payment_method\":\"cash\",\"is_partial\":false}','2026-03-07 10:37:54','2026-03-07 10:37:54','2026-03-07 10:37:54'),
(43,9,'sale',56.00,'credit','Sale completed: HIL-0182',57,'Sale',4763.00,4819.00,'{\"sale_id\":57,\"sale_number\":\"HIL-0182\",\"customer\":null,\"payment_method\":\"cash\",\"is_partial\":false}','2026-03-07 10:50:49','2026-03-07 10:50:49','2026-03-07 10:50:49'),
(44,9,'sale',278.00,'credit','Sale completed: HIL-0183',60,'Sale',4819.00,5097.00,'{\"sale_id\":60,\"sale_number\":\"HIL-0183\",\"customer\":\"Djamal\",\"payment_method\":\"cash\",\"is_partial\":false}','2026-03-07 11:50:27','2026-03-07 11:50:27','2026-03-07 11:50:27'),
(45,9,'sale',140.00,'credit','Loan payment received: HIL-0166',41,'Sale',5097.00,5237.00,'{\"sale_id\":41,\"sale_number\":\"HIL-0166\",\"customer\":\"Hamat\",\"payment_type\":\"loan_payment\"}','2026-03-09 04:42:39','2026-03-09 04:42:39','2026-03-09 04:42:39'),
(46,9,'sale',330.00,'credit','Loan payment received: HIL-0165',40,'Sale',5237.00,5567.00,'{\"sale_id\":40,\"sale_number\":\"HIL-0165\",\"customer\":\"Hamat\",\"payment_type\":\"loan_payment\"}','2026-03-09 04:43:23','2026-03-09 04:43:23','2026-03-09 04:43:23'),
(47,9,'sale',90.00,'credit','Sale completed: HIL-0184',61,'Sale',5567.00,5657.00,'{\"sale_id\":61,\"sale_number\":\"HIL-0184\",\"customer\":\"Brahim\",\"payment_method\":\"cash\",\"is_partial\":false}','2026-03-09 04:52:16','2026-03-09 04:52:16','2026-03-09 04:52:16'),
(48,9,'sale',974.00,'credit','Sale completed: HIL-0185',62,'Sale',5657.00,6631.00,'{\"sale_id\":62,\"sale_number\":\"HIL-0185\",\"customer\":\"Mht ahmat isere\",\"payment_method\":\"cash\",\"is_partial\":false}','2026-03-09 07:05:09','2026-03-09 07:05:09','2026-03-09 07:05:09'),
(49,9,'sale_cancel',974.00,'debit','Sale cancelled/refunded: HIL-0185',62,'Sale',6631.00,5657.00,'{\"sale_id\":62,\"sale_number\":\"HIL-0185\",\"reason\":\"Sale cancelled\\/refunded\"}','2026-03-09 07:06:34','2026-03-09 07:06:34','2026-03-09 07:06:34'),
(50,10,'sale',180.00,'credit','Sale completed: HIL-0188',65,'Sale',618.00,798.00,'{\"sale_id\":65,\"sale_number\":\"HIL-0188\",\"customer\":\"Annour\",\"payment_method\":\"cash\",\"is_partial\":false}','2026-03-09 09:00:56','2026-03-09 09:00:56','2026-03-09 09:00:56'),
(51,10,'sale',45.00,'credit','Sale completed: HIL-0189',66,'Sale',798.00,843.00,'{\"sale_id\":66,\"sale_number\":\"HIL-0189\",\"customer\":\"Annour\",\"payment_method\":\"cash\",\"is_partial\":false}','2026-03-09 09:06:02','2026-03-09 09:06:02','2026-03-09 09:06:02'),
(52,10,'sale',135.00,'credit','Sale completed: HIL-0192',69,'Sale',843.00,978.00,'{\"sale_id\":69,\"sale_number\":\"HIL-0192\",\"customer\":\"NOURI INVESTEMENT\",\"payment_method\":\"cash\",\"is_partial\":false}','2026-03-09 10:35:47','2026-03-09 10:35:47','2026-03-09 10:35:47'),
(53,10,'sale',51.00,'credit','Sale completed: HIL-0193',70,'Sale',978.00,1029.00,'{\"sale_id\":70,\"sale_number\":\"HIL-0193\",\"customer\":\"Idriss Abdramane\",\"payment_method\":\"cash\",\"is_partial\":false}','2026-03-09 10:41:41','2026-03-09 10:41:41','2026-03-09 10:41:41'),
(54,10,'sale',291.00,'credit','Sale completed: HIL-0194',71,'Sale',1029.00,1320.00,'{\"sale_id\":71,\"sale_number\":\"HIL-0194\",\"customer\":\"Abdramane Ahmat Mahamat\",\"payment_method\":\"cash\",\"is_partial\":false}','2026-03-09 12:18:11','2026-03-09 12:18:11','2026-03-09 12:18:11'),
(55,9,'sale',46.00,'credit','Sale completed: HIL-0195',72,'Sale',5657.00,5703.00,'{\"sale_id\":72,\"sale_number\":\"HIL-0195\",\"customer\":\"Abdelsalam\",\"payment_method\":\"cash\",\"is_partial\":false}','2026-03-10 06:41:10','2026-03-10 06:41:10','2026-03-10 06:41:10'),
(56,9,'sale',30.00,'credit','Sale completed: HIL-0196',73,'Sale',5703.00,5733.00,'{\"sale_id\":73,\"sale_number\":\"HIL-0196\",\"customer\":\"Nouren\",\"payment_method\":\"cash\",\"is_partial\":false}','2026-03-10 07:51:53','2026-03-10 07:51:53','2026-03-10 07:51:53'),
(57,9,'sale',30.00,'credit','Sale completed: HIL-0197',74,'Sale',5733.00,5763.00,'{\"sale_id\":74,\"sale_number\":\"HIL-0197\",\"customer\":null,\"payment_method\":\"cash\",\"is_partial\":false}','2026-03-10 11:51:33','2026-03-10 11:51:33','2026-03-10 11:51:33'),
(58,9,'sale',676.00,'credit','Loan payment received: HIL-0176',51,'Sale',5763.00,6439.00,'{\"sale_id\":51,\"sale_number\":\"HIL-0176\",\"customer\":\"Charfadin mikro\",\"payment_type\":\"loan_payment\"}','2026-03-11 07:16:12','2026-03-11 07:16:12','2026-03-11 07:16:12'),
(59,9,'sale',610.00,'credit','Loan payment received: HIL-0175',50,'Sale',6439.00,7049.00,'{\"sale_id\":50,\"sale_number\":\"HIL-0175\",\"customer\":\"Charfadin k\\u00f6sele ve winex\",\"payment_type\":\"loan_payment\"}','2026-03-11 07:17:15','2026-03-11 07:17:15','2026-03-11 07:17:15'),
(60,9,'sale',78.00,'credit','Sale completed: HIL-0198',75,'Sale',7049.00,7127.00,'{\"sale_id\":75,\"sale_number\":\"HIL-0198\",\"customer\":\"Abdel\",\"payment_method\":\"cash\",\"is_partial\":false}','2026-03-11 07:31:11','2026-03-11 07:31:11','2026-03-11 07:31:11'),
(61,9,'sale',997.00,'credit','Sale completed: HIL-0199',76,'Sale',7127.00,8124.00,'{\"sale_id\":76,\"sale_number\":\"HIL-0199\",\"customer\":\"Mahmout erobey\",\"payment_method\":\"cash\",\"is_partial\":false}','2026-03-11 07:53:12','2026-03-11 07:53:12','2026-03-11 07:53:12'),
(62,9,'sale',50.00,'credit','Sale completed: HIL-0200',77,'Sale',8124.00,8174.00,'{\"sale_id\":77,\"sale_number\":\"HIL-0200\",\"customer\":\"Ayoub\",\"payment_method\":\"cash\",\"is_partial\":false}','2026-03-11 08:54:39','2026-03-11 08:54:39','2026-03-11 08:54:39'),
(63,9,'sale',30.00,'credit','Sale completed: HIL-0201',78,'Sale',8174.00,8204.00,'{\"sale_id\":78,\"sale_number\":\"HIL-0201\",\"customer\":null,\"payment_method\":\"cash\",\"is_partial\":false}','2026-03-11 08:58:38','2026-03-11 08:58:38','2026-03-11 08:58:38'),
(64,9,'sale',50.00,'credit','Sale completed: HIL-0202',79,'Sale',8204.00,8254.00,'{\"sale_id\":79,\"sale_number\":\"HIL-0202\",\"customer\":\"Ayoub\",\"payment_method\":\"cash\",\"is_partial\":false}','2026-03-11 09:31:21','2026-03-11 09:31:21','2026-03-11 09:31:21'),
(65,9,'sale',84.00,'credit','Sale completed: HIL-0204',81,'Sale',8254.00,8338.00,'{\"sale_id\":81,\"sale_number\":\"HIL-0204\",\"customer\":\"Atteib\",\"payment_method\":\"cash\",\"is_partial\":false}','2026-03-11 10:15:40','2026-03-11 10:15:40','2026-03-11 10:15:40'),
(66,9,'sale',108.00,'credit','Sale completed: HIL-0205',82,'Sale',8338.00,8446.00,'{\"sale_id\":82,\"sale_number\":\"HIL-0205\",\"customer\":\"Yakhoub issa\",\"payment_method\":\"cash\",\"is_partial\":false}','2026-03-11 11:23:39','2026-03-11 11:23:39','2026-03-11 11:23:39'),
(67,9,'sale',30.00,'credit','Sale completed: HIL-0206',83,'Sale',8446.00,8476.00,'{\"sale_id\":83,\"sale_number\":\"HIL-0206\",\"customer\":\"Sousou\",\"payment_method\":\"cash\",\"is_partial\":false}','2026-03-11 12:30:45','2026-03-11 12:30:45','2026-03-11 12:30:45'),
(68,9,'sale',50.00,'credit','Sale completed: HIL-0207',84,'Sale',8476.00,8526.00,'{\"sale_id\":84,\"sale_number\":\"HIL-0207\",\"customer\":\"Ami de sousou\",\"payment_method\":\"cash\",\"is_partial\":false}','2026-03-11 12:31:52','2026-03-11 12:31:52','2026-03-11 12:31:52'),
(69,9,'sale',30.00,'credit','Sale completed: HIL-0208',85,'Sale',8526.00,8556.00,'{\"sale_id\":85,\"sale_number\":\"HIL-0208\",\"customer\":null,\"payment_method\":\"cash\",\"is_partial\":false}','2026-03-11 12:32:18','2026-03-11 12:32:18','2026-03-11 12:32:18'),
(70,10,'sale',30.00,'credit','Sale completed: HIL-0209',86,'Sale',1320.00,1350.00,'{\"sale_id\":86,\"sale_number\":\"HIL-0209\",\"customer\":\"Adam Afro\",\"payment_method\":\"cash\",\"is_partial\":false}','2026-03-12 06:30:01','2026-03-12 06:30:01','2026-03-12 06:30:01'),
(71,9,'sale',30.00,'credit','Sale completed: HIL-0210',87,'Sale',8556.00,8586.00,'{\"sale_id\":87,\"sale_number\":\"HIL-0210\",\"customer\":\"Biney bartin\",\"payment_method\":\"cash\",\"is_partial\":false}','2026-03-12 06:48:16','2026-03-12 06:48:16','2026-03-12 06:48:16'),
(72,4,'sale',50.00,'credit','Sale completed: HIL-0211',88,'Sale',2734.00,2784.00,'{\"sale_id\":88,\"sale_number\":\"HIL-0211\",\"customer\":\"ALI ABDOULAYE\",\"payment_method\":\"cash\",\"is_partial\":false}','2026-03-12 07:12:43','2026-03-12 07:12:43','2026-03-12 07:12:43'),
(73,4,'sale_cancel',50.00,'debit','Sale cancelled/refunded: HIL-0211',88,'Sale',2784.00,2734.00,'{\"sale_id\":88,\"sale_number\":\"HIL-0211\",\"reason\":\"Sale cancelled\\/refunded\"}','2026-03-12 07:15:09','2026-03-12 07:15:09','2026-03-12 07:15:09'),
(74,4,'sale',100.00,'credit','Sale completed: HIL-0212',89,'Sale',2734.00,2834.00,'{\"sale_id\":89,\"sale_number\":\"HIL-0212\",\"customer\":\"ALI ABDOULAYE\",\"payment_method\":\"cash\",\"is_partial\":true}','2026-03-12 07:17:50','2026-03-12 07:17:50','2026-03-12 07:17:50'),
(75,9,'sale',161.00,'credit','Sale completed: HIL-0213',90,'Sale',8586.00,8747.00,'{\"sale_id\":90,\"sale_number\":\"HIL-0213\",\"customer\":\"Musa brahim\",\"payment_method\":\"cash\",\"is_partial\":false}','2026-03-13 07:04:39','2026-03-13 07:04:39','2026-03-13 07:04:39'),
(76,10,'sale',210.00,'credit','Sale completed: HIL-0214',91,'Sale',1350.00,1560.00,'{\"sale_id\":91,\"sale_number\":\"HIL-0214\",\"customer\":\"Ousman Abdoulaye\",\"payment_method\":\"cash\",\"is_partial\":false}','2026-03-13 09:31:10','2026-03-13 09:31:10','2026-03-13 09:31:10'),
(77,9,'sale',189.00,'credit','Sale completed: HIL-0215',92,'Sale',8747.00,8936.00,'{\"sale_id\":92,\"sale_number\":\"HIL-0215\",\"customer\":\"Ami de houdey\",\"payment_method\":\"cash\",\"is_partial\":false}','2026-03-13 10:58:49','2026-03-13 10:58:49','2026-03-13 10:58:49'),
(78,9,'sale',30.00,'credit','Sale completed: HIL-0216',93,'Sale',8936.00,8966.00,'{\"sale_id\":93,\"sale_number\":\"HIL-0216\",\"customer\":null,\"payment_method\":\"cash\",\"is_partial\":false}','2026-03-13 11:00:25','2026-03-13 11:00:25','2026-03-13 11:00:25'),
(79,9,'sale',28.00,'credit','Sale completed: HIL-0218',95,'Sale',8966.00,8994.00,'{\"sale_id\":95,\"sale_number\":\"HIL-0218\",\"customer\":null,\"payment_method\":\"cash\",\"is_partial\":false}','2026-03-13 11:50:41','2026-03-13 11:50:41','2026-03-13 11:50:41'),
(80,9,'sale',25.00,'credit','Sale completed: HIL-0219',96,'Sale',8994.00,9019.00,'{\"sale_id\":96,\"sale_number\":\"HIL-0219\",\"customer\":\"Amine askar\",\"payment_method\":\"cash\",\"is_partial\":false}','2026-03-14 09:51:34','2026-03-14 09:51:34','2026-03-14 09:51:34'),
(81,9,'sale',175.00,'credit','Sale completed: HIL-0220',97,'Sale',9019.00,9194.00,'{\"sale_id\":97,\"sale_number\":\"HIL-0220\",\"customer\":\"Alhadji nigerien\",\"payment_method\":\"cash\",\"is_partial\":false}','2026-03-14 10:20:20','2026-03-14 10:20:20','2026-03-14 10:20:20'),
(82,9,'sale_cancel',25.00,'debit','Sale cancelled/refunded: HIL-0219',96,'Sale',9194.00,9169.00,'{\"sale_id\":96,\"sale_number\":\"HIL-0219\",\"reason\":\"Sale cancelled\\/refunded\"}','2026-03-14 10:37:00','2026-03-14 10:37:00','2026-03-14 10:37:00'),
(83,4,'sale',50.00,'credit','Loan payment received: HIL-0212',89,'Sale',2834.00,2884.00,'{\"sale_id\":89,\"sale_number\":\"HIL-0212\",\"customer\":\"ALI ABDOULAYE\",\"payment_type\":\"loan_payment\"}','2026-03-14 10:39:54','2026-03-14 10:39:54','2026-03-14 10:39:54'),
(84,9,'sale',27.00,'credit','Sale completed: HIL-0221',98,'Sale',9169.00,9196.00,'{\"sale_id\":98,\"sale_number\":\"HIL-0221\",\"customer\":null,\"payment_method\":\"cash\",\"is_partial\":false}','2026-03-14 10:40:21','2026-03-14 10:40:21','2026-03-14 10:40:21'),
(85,9,'sale',50.00,'credit','Sale completed: HIL-0222',99,'Sale',9196.00,9246.00,'{\"sale_id\":99,\"sale_number\":\"HIL-0222\",\"customer\":null,\"payment_method\":\"cash\",\"is_partial\":false}','2026-03-14 10:47:21','2026-03-14 10:47:21','2026-03-14 10:47:21'),
(86,10,'sale',45.00,'credit','Sale completed: HIL-0223',100,'Sale',1560.00,1605.00,'{\"sale_id\":100,\"sale_number\":\"HIL-0223\",\"customer\":\"Youssouf Nouri\",\"payment_method\":\"cash\",\"is_partial\":false}','2026-03-14 11:30:11','2026-03-14 11:30:11','2026-03-14 11:30:11'),
(87,9,'sale',30.00,'credit','Sale completed: HIL-0224',101,'Sale',9246.00,9276.00,'{\"sale_id\":101,\"sale_number\":\"HIL-0224\",\"customer\":null,\"payment_method\":\"cash\",\"is_partial\":false}','2026-03-14 11:32:56','2026-03-14 11:32:56','2026-03-14 11:32:56'),
(88,9,'sale',150.00,'credit','Loan payment received: HIL-0203',80,'Sale',9276.00,9426.00,'{\"sale_id\":80,\"sale_number\":\"HIL-0203\",\"customer\":\"Brahim abakar\",\"payment_type\":\"loan_payment\"}','2026-03-15 09:42:10','2026-03-15 09:42:10','2026-03-15 09:42:10'),
(89,10,'sale',806.00,'credit','Loan payment received: HIL-0141',16,'Sale',1605.00,2411.00,'{\"sale_id\":16,\"sale_number\":\"HIL-0141\",\"customer\":\"Younous\",\"payment_type\":\"loan_payment\"}','2026-03-15 09:44:25','2026-03-15 09:44:25','2026-03-15 09:44:25'),
(90,9,'sale',974.00,'credit','Loan payment received: HIL-0186',63,'Sale',9426.00,10400.00,'{\"sale_id\":63,\"sale_number\":\"HIL-0186\",\"customer\":\"Mht ahmat isere\",\"payment_type\":\"loan_payment\"}','2026-03-15 09:50:55','2026-03-15 09:50:55','2026-03-15 09:50:55'),
(91,9,'sale',168.00,'credit','Loan payment received: HIL-0191',68,'Sale',10400.00,10568.00,'{\"sale_id\":68,\"sale_number\":\"HIL-0191\",\"customer\":\"Mht ahmat isere\",\"payment_type\":\"loan_payment\"}','2026-03-15 09:51:24','2026-03-15 09:51:24','2026-03-15 09:51:24'),
(92,10,'sale',202.00,'credit','Sale completed: HIL-0225',102,'Sale',2411.00,2613.00,'{\"sale_id\":102,\"sale_number\":\"HIL-0225\",\"customer\":\"Houdey\",\"payment_method\":\"cash\",\"is_partial\":false}','2026-03-15 10:38:29','2026-03-15 10:38:29','2026-03-15 10:38:29'),
(93,10,'sale',104.00,'credit','Sale completed: HIL-0226',103,'Sale',2613.00,2717.00,'{\"sale_id\":103,\"sale_number\":\"HIL-0226\",\"customer\":\"Houdey\",\"payment_method\":\"cash\",\"is_partial\":false}','2026-03-15 10:40:15','2026-03-15 10:40:15','2026-03-15 10:40:15'),
(94,10,'sale',110.00,'credit','Sale completed: HIL-0227',104,'Sale',2717.00,2827.00,'{\"sale_id\":104,\"sale_number\":\"HIL-0227\",\"customer\":\"Abdourazakh\",\"payment_method\":\"cash\",\"is_partial\":false}','2026-03-15 12:27:16','2026-03-15 12:27:16','2026-03-15 12:27:16'),
(95,9,'sale',90.00,'credit','Sale completed: HIL-0229',106,'Sale',10568.00,10658.00,'{\"sale_id\":106,\"sale_number\":\"HIL-0229\",\"customer\":null,\"payment_method\":\"cash\",\"is_partial\":false}','2026-03-16 09:08:03','2026-03-16 09:08:03','2026-03-16 09:08:03'),
(96,9,'sale',200.00,'credit','Loan payment received: HIL-0217',94,'Sale',10658.00,10858.00,'{\"sale_id\":94,\"sale_number\":\"HIL-0217\",\"customer\":\"Daoud\",\"payment_type\":\"loan_payment\"}','2026-03-16 10:28:44','2026-03-16 10:28:44','2026-03-16 10:28:44'),
(97,9,'sale',80.00,'credit','Loan payment received: HIL-0228',105,'Sale',10858.00,10938.00,'{\"sale_id\":105,\"sale_number\":\"HIL-0228\",\"customer\":\"Moussa cb\",\"payment_type\":\"loan_payment\"}','2026-03-16 10:29:03','2026-03-16 10:29:03','2026-03-16 10:29:03'),
(98,9,'sale',46.00,'credit','Sale completed: HIL-0230',107,'Sale',10938.00,10984.00,'{\"sale_id\":107,\"sale_number\":\"HIL-0230\",\"customer\":null,\"payment_method\":\"cash\",\"is_partial\":false}','2026-03-16 11:25:27','2026-03-16 11:25:27','2026-03-16 11:25:27'),
(99,9,'sale',50.00,'credit','Sale completed: HIL-0231',108,'Sale',10984.00,11034.00,'{\"sale_id\":108,\"sale_number\":\"HIL-0231\",\"customer\":\"Mika\",\"payment_method\":\"cash\",\"is_partial\":false}','2026-03-16 11:30:38','2026-03-16 11:30:38','2026-03-16 11:30:38'),
(100,9,'sale',120.00,'credit','Sale completed: HIL-0232',109,'Sale',11034.00,11154.00,'{\"sale_id\":109,\"sale_number\":\"HIL-0232\",\"customer\":null,\"payment_method\":\"cash\",\"is_partial\":false}','2026-03-16 13:00:45','2026-03-16 13:00:45','2026-03-16 13:00:45'),
(101,9,'sale',52.00,'credit','Sale completed: HIL-0233',110,'Sale',11154.00,11206.00,'{\"sale_id\":110,\"sale_number\":\"HIL-0233\",\"customer\":\"Anour\",\"payment_method\":\"cash\",\"is_partial\":false}','2026-03-17 08:40:02','2026-03-17 08:40:02','2026-03-17 08:40:02'),
(102,9,'sale',26.00,'credit','Sale completed: HIL-0234',111,'Sale',11206.00,11232.00,'{\"sale_id\":111,\"sale_number\":\"HIL-0234\",\"customer\":\"Ali ousman\",\"payment_method\":\"cash\",\"is_partial\":false}','2026-03-17 12:59:56','2026-03-17 12:59:56','2026-03-17 12:59:56'),
(103,4,'sale',700.00,'credit','Sale completed: HIL-0235',112,'Sale',2884.00,3584.00,'{\"sale_id\":112,\"sale_number\":\"HIL-0235\",\"customer\":null,\"payment_method\":\"cash\",\"is_partial\":false}','2026-03-17 12:59:59','2026-03-17 12:59:59','2026-03-17 12:59:59'),
(104,9,'sale',43.00,'credit','Sale completed: HIL-0236',113,'Sale',11232.00,11275.00,'{\"sale_id\":113,\"sale_number\":\"HIL-0236\",\"customer\":\"Le geyant\",\"payment_method\":\"cash\",\"is_partial\":false}','2026-03-17 13:01:04','2026-03-17 13:01:04','2026-03-17 13:01:04'),
(105,9,'sale',25.00,'credit','Sale completed: HIL-0237',114,'Sale',11275.00,11300.00,'{\"sale_id\":114,\"sale_number\":\"HIL-0237\",\"customer\":null,\"payment_method\":\"cash\",\"is_partial\":false}','2026-03-18 05:01:26','2026-03-18 05:01:26','2026-03-18 05:01:26'),
(106,9,'sale',56.00,'credit','Sale completed: HIL-0238',115,'Sale',11300.00,11356.00,'{\"sale_id\":115,\"sale_number\":\"HIL-0238\",\"customer\":\"Sidal djalabiya\",\"payment_method\":\"cash\",\"is_partial\":false}','2026-03-18 11:24:21','2026-03-18 11:24:21','2026-03-18 11:24:21'),
(107,9,'sale',25.00,'credit','Sale completed: HIL-0239',116,'Sale',11356.00,11381.00,'{\"sale_id\":116,\"sale_number\":\"HIL-0239\",\"customer\":null,\"payment_method\":\"cash\",\"is_partial\":false}','2026-03-19 07:45:37','2026-03-19 07:45:37','2026-03-19 07:45:37'),
(108,9,'sale',25.00,'credit','Sale completed: HIL-0240',117,'Sale',11381.00,11406.00,'{\"sale_id\":117,\"sale_number\":\"HIL-0240\",\"customer\":null,\"payment_method\":\"cash\",\"is_partial\":false}','2026-03-19 10:19:26','2026-03-19 10:19:26','2026-03-19 10:19:26'),
(109,4,'sale',210.00,'credit','Sale completed: HIL-0241',118,'Sale',3584.00,3794.00,'{\"sale_id\":118,\"sale_number\":\"HIL-0241\",\"customer\":\"ABOU AMMAR\",\"payment_method\":\"cash\",\"is_partial\":false}','2026-03-23 10:58:48','2026-03-23 10:58:48','2026-03-23 10:58:48'),
(110,9,'sale',50.00,'credit','Sale completed: HIL-0242',119,'Sale',11406.00,11456.00,'{\"sale_id\":119,\"sale_number\":\"HIL-0242\",\"customer\":\"Hamza\",\"payment_method\":\"cash\",\"is_partial\":false}','2026-03-23 11:00:42','2026-03-23 11:00:42','2026-03-23 11:00:42'),
(111,9,'sale',50.00,'credit','Sale completed: HIL-0243',120,'Sale',11456.00,11506.00,'{\"sale_id\":120,\"sale_number\":\"HIL-0243\",\"customer\":\"Attom\",\"payment_method\":\"cash\",\"is_partial\":false}','2026-03-23 11:01:39','2026-03-23 11:01:39','2026-03-23 11:01:39'),
(112,9,'sale',35.00,'credit','Sale completed: HIL-0244',121,'Sale',11506.00,11541.00,'{\"sale_id\":121,\"sale_number\":\"HIL-0244\",\"customer\":\"Abou ammar\",\"payment_method\":\"cash\",\"is_partial\":false}','2026-03-24 09:41:31','2026-03-24 09:41:31','2026-03-24 09:41:31'),
(113,9,'sale',35.00,'credit','Sale completed: HIL-0245',122,'Sale',11541.00,11576.00,'{\"sale_id\":122,\"sale_number\":\"HIL-0245\",\"customer\":\"Abou ammar\",\"payment_method\":\"cash\",\"is_partial\":false}','2026-03-24 11:57:56','2026-03-24 11:57:56','2026-03-24 11:57:56'),
(114,9,'sale',35.00,'credit','Sale completed: HIL-0246',123,'Sale',11576.00,11611.00,'{\"sale_id\":123,\"sale_number\":\"HIL-0246\",\"customer\":\"Adam zakaria\",\"payment_method\":\"cash\",\"is_partial\":false}','2026-04-04 13:34:52','2026-04-04 13:34:52','2026-04-04 13:34:52'),
(115,9,'sale',60.00,'credit','Sale completed: HIL-0247',124,'Sale',11611.00,11671.00,'{\"sale_id\":124,\"sale_number\":\"HIL-0247\",\"customer\":\"\\u0130ser pour mahmoud coordo\",\"payment_method\":\"cash\",\"is_partial\":false}','2026-04-07 12:22:16','2026-04-07 12:22:16','2026-04-07 12:22:16'),
(116,9,'sale',100.00,'credit','Sale completed: HIL-0251',128,'Sale',11671.00,11771.00,'{\"sale_id\":128,\"sale_number\":\"HIL-0251\",\"customer\":\"Mht nour zakouma\",\"payment_method\":\"cash\",\"is_partial\":false}','2026-04-09 10:44:50','2026-04-09 10:44:50','2026-04-09 10:44:50'),
(117,9,'sale',100.00,'credit','Sale completed: HIL-0252',129,'Sale',11771.00,11871.00,'{\"sale_id\":129,\"sale_number\":\"HIL-0252\",\"customer\":\"Djelani\",\"payment_method\":\"cash\",\"is_partial\":false}','2026-04-11 10:31:47','2026-04-11 10:31:47','2026-04-11 10:31:47'),
(118,9,'sale',84.00,'credit','Sale completed: HIL-0253',130,'Sale',11871.00,11955.00,'{\"sale_id\":130,\"sale_number\":\"HIL-0253\",\"customer\":\"Ahmat\",\"payment_method\":\"cash\",\"is_partial\":false}','2026-04-11 10:33:01','2026-04-11 10:33:01','2026-04-11 10:33:01'),
(119,9,'sale',120.00,'credit','Sale completed: HIL-0254',131,'Sale',11955.00,12075.00,'{\"sale_id\":131,\"sale_number\":\"HIL-0254\",\"customer\":\"Djibrine\",\"payment_method\":\"cash\",\"is_partial\":false}','2026-04-14 10:56:03','2026-04-14 10:56:03','2026-04-14 10:56:03'),
(120,9,'sale',105.00,'credit','Loan payment received: HIL-0250',127,'Sale',12075.00,12180.00,'{\"sale_id\":127,\"sale_number\":\"HIL-0250\",\"customer\":\"Ami de alali\",\"payment_type\":\"loan_payment\"}','2026-04-15 08:23:48','2026-04-15 08:23:48','2026-04-15 08:23:48'),
(121,9,'sale',247.00,'credit','Loan payment received: HIL-0249',126,'Sale',12180.00,12427.00,'{\"sale_id\":126,\"sale_number\":\"HIL-0249\",\"customer\":\"Alali\",\"payment_type\":\"loan_payment\"}','2026-04-15 08:24:13','2026-04-15 08:24:13','2026-04-15 08:24:13'),
(122,10,'sale',56.00,'credit','Loan payment received: HIL-0149',24,'Sale',2827.00,2883.00,'{\"sale_id\":24,\"sale_number\":\"HIL-0149\",\"customer\":\"Yakhoub\",\"payment_type\":\"loan_payment\"}','2026-04-15 08:24:35','2026-04-15 08:24:35','2026-04-15 08:24:35'),
(123,9,'sale',100.00,'credit','Loan payment received: HIL-0178',53,'Sale',12427.00,12527.00,'{\"sale_id\":53,\"sale_number\":\"HIL-0178\",\"customer\":\"Charfadin escallade\",\"payment_type\":\"loan_payment\"}','2026-04-15 08:25:11','2026-04-15 08:25:11','2026-04-15 08:25:11'),
(124,4,'sale',80.00,'credit','Sale completed: HIL-0256',133,'Sale',3794.00,3874.00,'{\"sale_id\":133,\"sale_number\":\"HIL-0256\",\"customer\":\"Lynsha\",\"payment_method\":\"cash\",\"is_partial\":false}','2026-04-16 16:21:42','2026-04-16 16:21:42','2026-04-16 16:21:42'),
(125,9,'sale',70.00,'credit','Loan payment received: HIL-0255',132,'Sale',12527.00,12597.00,'{\"sale_id\":132,\"sale_number\":\"HIL-0255\",\"customer\":\"Alali\",\"payment_type\":\"loan_payment\"}','2026-04-17 05:55:32','2026-04-17 05:55:32','2026-04-17 05:55:32'),
(126,9,'sale',38.00,'credit','Sale completed: HIL-0257',134,'Sale',12597.00,12635.00,'{\"sale_id\":134,\"sale_number\":\"HIL-0257\",\"customer\":\"\\u0130ngeneur\",\"payment_method\":\"cash\",\"is_partial\":false}','2026-04-17 10:11:59','2026-04-17 10:11:59','2026-04-17 10:11:59'),
(127,4,'sale',2010.00,'credit','Loan payment received: HIL-0143',18,'Sale',3874.00,5884.00,'{\"sale_id\":18,\"sale_number\":\"HIL-0143\",\"customer\":\"SIDDICK\",\"payment_type\":\"loan_payment\"}','2026-04-20 12:04:30','2026-04-20 12:04:30','2026-04-20 12:04:30');

--
-- Table structure for table `categories`
--

CREATE TABLE `categories` (
  `id` bigint(20) unsigned NOT NULL AUTO_INCREMENT,
  `name` varchar(255) NOT NULL,
  `description` text DEFAULT NULL,
  `image` varchar(255) DEFAULT NULL,
  `is_active` tinyint(1) NOT NULL DEFAULT 1,
  `created_at` timestamp NULL DEFAULT NULL,
  `updated_at` timestamp NULL DEFAULT NULL,
  PRIMARY KEY (`id`),
  KEY `categories_is_active_index` (`is_active`)
) ENGINE=InnoDB AUTO_INCREMENT=3 DEFAULT CHARSET=utf8mb4 COLLATE=utf8mb4_unicode_ci;

--
-- Dumping data for table `categories`
--

INSERT INTO `categories` VALUES
(1,'Sandale',NULL,NULL,1,'2026-01-01 11:31:54','2026-01-01 11:31:54'),
(2,'Babouche',NULL,NULL,1,'2026-01-01 11:32:06','2026-01-01 11:32:06');

--
-- Table structure for table `clients`
--

CREATE TABLE `clients` (
  `id` bigint(20) unsigned NOT NULL AUTO_INCREMENT,
  `name` varchar(255) NOT NULL,
  `phone` varchar(30) DEFAULT NULL,
  `email` varchar(255) DEFAULT NULL,
  `address` text DEFAULT NULL,
  `notes` text DEFAULT NULL,
  `is_active` tinyint(1) NOT NULL DEFAULT 1,
  `created_at` timestamp NULL DEFAULT NULL,
  `updated_at` timestamp NULL DEFAULT NULL,
  PRIMARY KEY (`id`),
  UNIQUE KEY `clients_phone_unique` (`phone`),
  KEY `clients_name_index` (`name`)
) ENGINE=InnoDB AUTO_INCREMENT=96 DEFAULT CHARSET=utf8mb4 COLLATE=utf8mb4_unicode_ci;

--
-- Dumping data for table `clients`
--

INSERT INTO `clients` VALUES
(1,'Abdel',NULL,NULL,NULL,NULL,1,'2026-04-18 17:35:24','2026-04-18 17:35:24'),
(2,'Abdelsalam',NULL,NULL,NULL,NULL,1,'2026-04-18 17:35:24','2026-04-18 17:35:24'),
(3,'Abou ammar',NULL,NULL,NULL,NULL,1,'2026-04-18 17:35:24','2026-04-18 17:35:24'),
(4,'Ahmat',NULL,NULL,NULL,NULL,1,'2026-04-18 17:35:24','2026-04-18 17:35:24'),
(5,'Ahmat Issa',NULL,NULL,NULL,NULL,1,'2026-04-18 17:35:24','2026-04-18 17:35:24'),
(6,'Al issel',NULL,NULL,NULL,NULL,1,'2026-04-18 17:35:24','2026-04-18 17:35:24'),
(7,'Alhadji nigerien',NULL,NULL,NULL,NULL,1,'2026-04-18 17:35:24','2026-04-18 17:35:24'),
(8,'ALI ABDOULAYE',NULL,NULL,NULL,NULL,1,'2026-04-18 17:35:24','2026-04-18 17:35:24'),
(9,'Ali ousman',NULL,NULL,NULL,NULL,1,'2026-04-18 17:35:24','2026-04-18 17:35:24'),
(10,'Am barka',NULL,NULL,NULL,NULL,1,'2026-04-18 17:35:24','2026-04-18 17:35:24'),
(11,'Ami de houdey',NULL,NULL,NULL,NULL,1,'2026-04-18 17:35:24','2026-04-18 17:35:24'),
(12,'Ami de sousou',NULL,NULL,NULL,NULL,1,'2026-04-18 17:35:24','2026-04-18 17:35:24'),
(13,'Amine askar',NULL,NULL,NULL,NULL,1,'2026-04-18 17:35:24','2026-04-18 17:35:24'),
(14,'Anour',NULL,NULL,NULL,NULL,1,'2026-04-18 17:35:24','2026-04-18 17:35:24'),
(15,'Attom',NULL,NULL,NULL,NULL,1,'2026-04-18 17:35:24','2026-04-18 17:35:24'),
(16,'Ayoub',NULL,NULL,NULL,NULL,1,'2026-04-18 17:35:24','2026-04-18 17:35:24'),
(17,'Brahim',NULL,NULL,NULL,NULL,1,'2026-04-18 17:35:24','2026-04-18 17:35:24'),
(18,'Chadallah',NULL,NULL,NULL,NULL,1,'2026-04-18 17:35:24','2026-04-18 17:35:24'),
(19,'Djamal',NULL,NULL,NULL,NULL,1,'2026-04-18 17:35:24','2026-04-18 17:35:24'),
(20,'Djelani',NULL,NULL,NULL,NULL,1,'2026-04-18 17:35:24','2026-04-18 17:35:24'),
(21,'Djibrine',NULL,NULL,NULL,NULL,1,'2026-04-18 17:35:24','2026-04-18 17:35:24'),
(22,'Hamza',NULL,NULL,NULL,NULL,1,'2026-04-18 17:35:24','2026-04-18 17:35:24'),
(23,'Hemchi',NULL,NULL,NULL,NULL,1,'2026-04-18 17:35:24','2026-04-18 17:35:24'),
(24,'İngeneur',NULL,NULL,NULL,NULL,1,'2026-04-18 17:35:24','2026-04-18 17:35:24'),
(25,'İser pour mahmoud coordo',NULL,NULL,NULL,NULL,1,'2026-04-18 17:35:24','2026-04-18 17:35:24'),
(26,'Le geyant',NULL,NULL,NULL,NULL,1,'2026-04-18 17:35:24','2026-04-18 17:35:24'),
(27,'Lynsha',NULL,NULL,NULL,NULL,1,'2026-04-18 17:35:24','2026-04-18 17:35:24'),
(28,'Mht nour zakouma',NULL,NULL,NULL,NULL,1,'2026-04-18 17:35:24','2026-04-18 17:35:24'),
(29,'Mht saleh',NULL,NULL,NULL,NULL,1,'2026-04-18 17:35:24','2026-04-18 17:35:24'),
(30,'Mika',NULL,NULL,NULL,NULL,1,'2026-04-18 17:35:24','2026-04-18 17:35:24'),
(31,'Mustafa',NULL,NULL,NULL,NULL,1,'2026-04-18 17:35:24','2026-04-18 17:35:24'),
(32,'Nouren',NULL,NULL,NULL,NULL,1,'2026-04-18 17:35:24','2026-04-18 17:35:24'),
(33,'Sg',NULL,NULL,NULL,NULL,1,'2026-04-18 17:35:24','2026-04-18 17:35:24'),
(34,'Sidal djalabiya',NULL,NULL,NULL,NULL,1,'2026-04-18 17:35:24','2026-04-18 17:35:24'),
(35,'Sousou',NULL,NULL,NULL,NULL,1,'2026-04-18 17:35:24','2026-04-18 17:35:24'),
(36,'Xx',NULL,NULL,NULL,NULL,1,'2026-04-18 17:35:24','2026-04-18 17:35:24'),
(37,'Xxx',NULL,NULL,NULL,NULL,1,'2026-04-18 17:35:24','2026-04-18 17:35:24'),
(38,'Wal nigeria','+234 901 212 5504',NULL,NULL,NULL,1,'2026-04-18 17:35:24','2026-04-18 17:35:24'),
(39,'Yakhoub issa','+235 60 72 23 53',NULL,NULL,NULL,1,'2026-04-18 17:35:24','2026-04-18 17:35:24'),
(40,'DJIBRINE','+235 61 02 41 42',NULL,NULL,NULL,1,'2026-04-18 17:35:24','2026-04-18 17:35:24'),
(41,'İsmail diop','+235 65 65 54 06',NULL,NULL,NULL,1,'2026-04-18 17:35:25','2026-04-18 17:35:25'),
(42,'Abdallah bout','+235 66 02 20 80',NULL,NULL,NULL,1,'2026-04-18 17:35:25','2026-04-18 17:35:25'),
(43,'Charfadin escallade','‪+235 66 05 05 76‬',NULL,NULL,NULL,1,'2026-04-18 17:35:25','2026-04-18 17:35:25'),
(44,'Aba ali','+235 66 10 97 98',NULL,NULL,NULL,1,'2026-04-18 17:35:25','2026-04-18 17:35:25'),
(45,'Moussa cb','+235 66 63 47 86',NULL,NULL,NULL,1,'2026-04-18 17:35:25','2026-04-18 17:35:25'),
(46,'Ousman Abdoulaye','+235 66 72 83 70',NULL,NULL,NULL,1,'2026-04-18 17:35:25','2026-04-18 17:35:25'),
(47,'Yakhoub','+235 94 08 40 41',NULL,NULL,NULL,1,'2026-04-18 17:35:25','2026-04-18 17:35:25'),
(48,'NOURI INVESTEMENT','+23563002001',NULL,NULL,NULL,1,'2026-04-18 17:35:25','2026-04-18 17:35:25'),
(49,'Fatime Jackilin maide','+23566280211',NULL,NULL,NULL,1,'2026-04-18 17:35:25','2026-04-18 17:35:25'),
(50,'Moubarak Niger','+237 6 91 08 33 85',NULL,NULL,NULL,1,'2026-04-18 17:35:25','2026-04-18 17:35:25'),
(51,'Abdeldjabar','+90 534 055 30 96',NULL,NULL,NULL,1,'2026-04-18 17:35:25','2026-04-18 17:35:25'),
(52,'Abdramane Ahmat Mahamat','‪+90 535 936 11 58‬',NULL,NULL,NULL,1,'2026-04-18 17:35:25','2026-04-18 17:35:25'),
(53,'Hassan Fortey','+90 536 519 70 77',NULL,NULL,NULL,1,'2026-04-18 17:35:25','2026-04-18 17:35:25'),
(54,'Mustafa','‪+90 537 557 38 53‬',NULL,NULL,NULL,1,'2026-04-18 17:35:25','2026-04-18 17:35:25'),
(55,'Biney bartin','+90 541 149 20 41',NULL,NULL,NULL,1,'2026-04-18 17:35:25','2026-04-18 17:35:25'),
(56,'Echatillon Yassir Arrafat','+90 544 141 71 60',NULL,NULL,NULL,1,'2026-04-18 17:35:25','2026-04-18 17:35:25'),
(57,'Brahim abakar','+90 544 882 74 67',NULL,NULL,NULL,1,'2026-04-18 17:35:25','2026-04-18 17:35:25'),
(58,'Aba cherif','+90 544 921 16 13',NULL,NULL,NULL,1,'2026-04-18 17:35:25','2026-04-18 17:35:25'),
(59,'Oussama','+90 545 375 39 75',NULL,NULL,NULL,1,'2026-04-18 17:35:25','2026-04-18 17:35:25'),
(60,'Moustapha','+90 545 780 42 69',NULL,NULL,NULL,1,'2026-04-18 17:35:25','2026-04-18 17:35:25'),
(61,'Badur','+90 545 954 31 10',NULL,NULL,NULL,1,'2026-04-18 17:35:25','2026-04-18 17:35:25'),
(62,'Mahmout erobey','+90 546 107 01 87',NULL,NULL,NULL,1,'2026-04-18 17:35:25','2026-04-18 17:35:25'),
(63,'Daoud','+90 546 606 53 08',NULL,NULL,NULL,1,'2026-04-18 17:35:25','2026-04-18 17:35:25'),
(64,'Alali','+90 546 642 32 80',NULL,NULL,NULL,1,'2026-04-18 17:35:25','2026-04-18 17:35:25'),
(65,'Atteib','+90 552 626 28 40',NULL,NULL,NULL,1,'2026-04-18 17:35:25','2026-04-18 17:35:25'),
(66,'Houdey','000000000',NULL,NULL,NULL,1,'2026-04-18 17:35:25','2026-04-18 17:35:25'),
(67,'Abdourazakh','0000000000',NULL,NULL,NULL,1,'2026-04-18 17:35:25','2026-04-18 17:35:25'),
(68,'Adam Afro','000000000000',NULL,NULL,NULL,1,'2026-04-18 17:35:25','2026-04-18 17:35:25'),
(69,'Idriss Abdramane','05013769259',NULL,NULL,NULL,1,'2026-04-18 17:35:25','2026-04-18 17:35:25'),
(70,'ABOU AMMAR','0506 134 96 10',NULL,NULL,NULL,1,'2026-04-18 17:35:25','2026-04-18 17:35:25'),
(71,'Musa brahim','05071440836',NULL,NULL,NULL,1,'2026-04-18 17:35:25','2026-04-18 17:35:25'),
(72,'Annour','05354182025',NULL,NULL,NULL,1,'2026-04-18 17:35:25','2026-04-18 17:35:25'),
(73,'Mahamat djbrine Mahamat','05380173647',NULL,NULL,NULL,1,'2026-04-18 17:35:25','2026-04-18 17:35:25'),
(74,'Alissel','05434901742',NULL,NULL,NULL,1,'2026-04-18 17:35:25','2026-04-18 17:35:25'),
(75,'Younous','05438272920',NULL,NULL,NULL,1,'2026-04-18 17:35:25','2026-04-18 17:35:25'),
(76,'Mht ahmat isere','05439543110',NULL,NULL,NULL,1,'2026-04-18 17:35:25','2026-04-18 17:35:25'),
(77,'AL ISSEL','0549 490 17 43',NULL,NULL,NULL,1,'2026-04-18 17:35:25','2026-04-18 17:35:25'),
(78,'Brahim kallimiy','05512720825',NULL,NULL,NULL,1,'2026-04-18 17:35:25','2026-04-18 17:35:25'),
(79,'Hamza','05525277478',NULL,NULL,NULL,1,'2026-04-18 17:35:25','2026-04-18 17:35:25'),
(80,'MAHAMAT','0554 588 62 62',NULL,NULL,NULL,1,'2026-04-18 17:35:25','2026-04-18 17:35:25'),
(81,'Al Khazali','235 66167509',NULL,NULL,NULL,1,'2026-04-18 17:35:25','2026-04-18 17:35:25'),
(82,'Mht bahar','5015253992',NULL,NULL,NULL,1,'2026-04-18 17:35:25','2026-04-18 17:35:25'),
(83,'Souleymane','5355064312',NULL,NULL,NULL,1,'2026-04-18 17:35:25','2026-04-18 17:35:25'),
(84,'Tahir mht hassan','5411014821',NULL,NULL,NULL,1,'2026-04-18 17:35:25','2026-04-18 17:35:25'),
(85,'JAK','5422871526',NULL,NULL,NULL,1,'2026-04-18 17:35:25','2026-04-18 17:35:25'),
(86,'ALI ABDOULAYE','546 642 32 80',NULL,NULL,NULL,1,'2026-04-18 17:35:25','2026-04-18 17:35:25'),
(87,'Mahamat Moussa','5539539360',NULL,NULL,NULL,1,'2026-04-18 17:35:25','2026-04-18 17:35:25'),
(88,'Adam zakaria','62148038',NULL,NULL,NULL,1,'2026-04-18 17:35:25','2026-04-18 17:35:25'),
(89,'BİLLAH','66 24 71 74',NULL,NULL,NULL,1,'2026-04-18 17:35:25','2026-04-18 17:35:25'),
(90,'SIDDICK','66 32 03 37',NULL,NULL,NULL,1,'2026-04-18 17:35:25','2026-04-18 17:35:25'),
(91,'HAMZA','66 49 07 87',NULL,NULL,NULL,1,'2026-04-18 17:35:25','2026-04-18 17:35:25'),
(92,'Fatime Abdelrahim','66063078',NULL,NULL,NULL,1,'2026-04-18 17:35:25','2026-04-18 17:35:25'),
(93,'Abdallah','66101347',NULL,NULL,NULL,1,'2026-04-18 17:35:25','2026-04-18 17:35:25'),
(94,'Hamat','66167544',NULL,NULL,NULL,1,'2026-04-18 17:35:25','2026-04-18 17:35:25'),
(95,'KHALID OUSMAN','68 51 61 69',NULL,NULL,NULL,1,'2026-04-18 17:35:25','2026-04-18 17:35:25');

--
-- Table structure for table `expense_types`
--

CREATE TABLE `expense_types` (
  `id` bigint(20) unsigned NOT NULL AUTO_INCREMENT,
  `name` varchar(255) NOT NULL,
  `description` text DEFAULT NULL,
  `color` varchar(7) NOT NULL,
  `is_active` tinyint(1) NOT NULL DEFAULT 1,
  `created_at` timestamp NULL DEFAULT NULL,
  `updated_at` timestamp NULL DEFAULT NULL,
  PRIMARY KEY (`id`),
  UNIQUE KEY `expense_types_name_unique` (`name`),
  UNIQUE KEY `expense_types_color_unique` (`color`),
  KEY `expense_types_is_active_name_index` (`is_active`,`name`)
) ENGINE=InnoDB DEFAULT CHARSET=utf8mb4 COLLATE=utf8mb4_unicode_ci;

--
-- Dumping data for table `expense_types`
--


--
-- Table structure for table `expenses`
--

CREATE TABLE `expenses` (
  `id` bigint(20) unsigned NOT NULL AUTO_INCREMENT,
  `expense_type_id` bigint(20) unsigned NOT NULL,
  `user_id` bigint(20) unsigned NOT NULL,
  `title` varchar(255) NOT NULL,
  `amount` decimal(15,2) NOT NULL,
  `description` text DEFAULT NULL,
  `expense_date` date NOT NULL,
  `receipt_number` varchar(255) DEFAULT NULL,
  `payment_method` varchar(255) NOT NULL DEFAULT 'cash',
  `status` enum('pending','approved','rejected') NOT NULL DEFAULT 'pending',
  `notes` text DEFAULT NULL,
  `created_at` timestamp NULL DEFAULT NULL,
  `updated_at` timestamp NULL DEFAULT NULL,
  PRIMARY KEY (`id`),
  KEY `expenses_expense_date_status_index` (`expense_date`,`status`),
  KEY `expenses_expense_type_id_status_index` (`expense_type_id`,`status`),
  KEY `expenses_user_id_expense_date_index` (`user_id`,`expense_date`),
  CONSTRAINT `expenses_expense_type_id_foreign` FOREIGN KEY (`expense_type_id`) REFERENCES `expense_types` (`id`),
  CONSTRAINT `expenses_user_id_foreign` FOREIGN KEY (`user_id`) REFERENCES `users` (`id`)
) ENGINE=InnoDB DEFAULT CHARSET=utf8mb4 COLLATE=utf8mb4_unicode_ci;

--
-- Dumping data for table `expenses`
--


--
-- Table structure for table `failed_jobs`
--

CREATE TABLE `failed_jobs` (
  `id` bigint(20) unsigned NOT NULL AUTO_INCREMENT,
  `uuid` varchar(255) NOT NULL,
  `connection` text NOT NULL,
  `queue` text NOT NULL,
  `payload` longtext NOT NULL,
  `exception` longtext NOT NULL,
  `failed_at` timestamp NOT NULL DEFAULT current_timestamp(),
  PRIMARY KEY (`id`),
  UNIQUE KEY `failed_jobs_uuid_unique` (`uuid`)
) ENGINE=InnoDB DEFAULT CHARSET=utf8mb4 COLLATE=utf8mb4_unicode_ci;

--
-- Dumping data for table `failed_jobs`
--


--
-- Table structure for table `fiscal_years`
--

CREATE TABLE `fiscal_years` (
  `id` bigint(20) unsigned NOT NULL AUTO_INCREMENT,
  `name` varchar(255) NOT NULL,
  `start_date` date NOT NULL,
  `end_date` date DEFAULT NULL,
  `is_active` tinyint(1) NOT NULL DEFAULT 0,
  `is_closed` tinyint(1) NOT NULL DEFAULT 0,
  `notes` text DEFAULT NULL,
  `created_at` timestamp NULL DEFAULT NULL,
  `updated_at` timestamp NULL DEFAULT NULL,
  PRIMARY KEY (`id`)
) ENGINE=InnoDB DEFAULT CHARSET=utf8mb4 COLLATE=utf8mb4_unicode_ci;

--
-- Dumping data for table `fiscal_years`
--


--
-- Table structure for table `job_batches`
--

CREATE TABLE `job_batches` (
  `id` varchar(255) NOT NULL,
  `name` varchar(255) NOT NULL,
  `total_jobs` int(11) NOT NULL,
  `pending_jobs` int(11) NOT NULL,
  `failed_jobs` int(11) NOT NULL,
  `failed_job_ids` longtext NOT NULL,
  `options` mediumtext DEFAULT NULL,
  `cancelled_at` int(11) DEFAULT NULL,
  `created_at` int(11) NOT NULL,
  `finished_at` int(11) DEFAULT NULL,
  PRIMARY KEY (`id`)
) ENGINE=InnoDB DEFAULT CHARSET=utf8mb4 COLLATE=utf8mb4_unicode_ci;

--
-- Dumping data for table `job_batches`
--


--
-- Table structure for table `jobs`
--

CREATE TABLE `jobs` (
  `id` bigint(20) unsigned NOT NULL AUTO_INCREMENT,
  `queue` varchar(255) NOT NULL,
  `payload` longtext NOT NULL,
  `attempts` tinyint(3) unsigned NOT NULL,
  `reserved_at` int(10) unsigned DEFAULT NULL,
  `available_at` int(10) unsigned NOT NULL,
  `created_at` int(10) unsigned NOT NULL,
  PRIMARY KEY (`id`),
  KEY `jobs_queue_index` (`queue`)
) ENGINE=InnoDB DEFAULT CHARSET=utf8mb4 COLLATE=utf8mb4_unicode_ci;

--
-- Dumping data for table `jobs`
--


--
-- Table structure for table `loan_histories`
--

CREATE TABLE `loan_histories` (
  `id` bigint(20) unsigned NOT NULL AUTO_INCREMENT,
  `sale_id` bigint(20) unsigned NOT NULL,
  `user_id` bigint(20) unsigned DEFAULT NULL,
  `action` enum('created','payment_made','fully_paid','edited','cancelled') NOT NULL,
  `old_amount` decimal(15,2) DEFAULT NULL,
  `new_amount` decimal(15,2) DEFAULT NULL,
  `payment_amount` decimal(15,2) DEFAULT NULL,
  `reason` varchar(255) DEFAULT NULL,
  `metadata` longtext CHARACTER SET utf8mb4 COLLATE utf8mb4_bin DEFAULT NULL CHECK (json_valid(`metadata`)),
  `created_at` timestamp NULL DEFAULT NULL,
  `updated_at` timestamp NULL DEFAULT NULL,
  PRIMARY KEY (`id`),
  KEY `loan_histories_sale_id_foreign` (`sale_id`),
  KEY `loan_histories_user_id_foreign` (`user_id`),
  CONSTRAINT `loan_histories_sale_id_foreign` FOREIGN KEY (`sale_id`) REFERENCES `sales` (`id`) ON DELETE CASCADE,
  CONSTRAINT `loan_histories_user_id_foreign` FOREIGN KEY (`user_id`) REFERENCES `users` (`id`) ON DELETE SET NULL
) ENGINE=InnoDB AUTO_INCREMENT=45 DEFAULT CHARSET=utf8mb4 COLLATE=utf8mb4_unicode_ci;

--
-- Dumping data for table `loan_histories`
--

INSERT INTO `loan_histories` VALUES
(1,13,4,'created',0.00,30.00,NULL,'Loan created from POS sale',NULL,'2026-02-19 04:21:05','2026-02-19 04:21:05'),
(2,14,9,'created',0.00,594.00,NULL,'Loan created from POS sale',NULL,'2026-02-19 04:29:45','2026-02-19 04:29:45'),
(3,16,10,'created',0.00,806.00,NULL,'Loan created from POS sale',NULL,'2026-02-20 05:54:55','2026-02-20 05:54:55'),
(4,18,4,'created',0.00,2010.00,NULL,'Loan created from POS sale',NULL,'2026-02-20 16:11:06','2026-02-20 16:11:06'),
(5,24,10,'created',0.00,56.00,NULL,'Loan created from POS sale',NULL,'2026-02-24 08:19:41','2026-02-24 08:19:41'),
(6,14,4,'fully_paid',594.00,0.00,594.00,'Payment received',NULL,'2026-02-24 09:03:20','2026-02-24 09:03:20'),
(7,39,9,'created',0.00,72.00,NULL,'Loan created from POS sale',NULL,'2026-03-02 07:19:42','2026-03-02 07:19:42'),
(8,40,9,'created',0.00,330.00,NULL,'Loan created from POS sale',NULL,'2026-03-02 07:23:32','2026-03-02 07:23:32'),
(9,41,9,'created',0.00,140.00,NULL,'Loan created from POS sale',NULL,'2026-03-02 07:24:20','2026-03-02 07:24:20'),
(10,39,9,'fully_paid',72.00,0.00,72.00,'Payment received',NULL,'2026-03-02 07:27:29','2026-03-02 07:27:29'),
(11,48,9,'created',0.00,90.00,NULL,'Loan created from POS sale',NULL,'2026-03-04 07:28:37','2026-03-04 07:28:37'),
(12,50,9,'created',0.00,610.00,NULL,'Loan created from POS sale',NULL,'2026-03-05 10:48:58','2026-03-05 10:48:58'),
(13,51,9,'created',0.00,676.00,NULL,'Loan created from POS sale',NULL,'2026-03-05 10:52:36','2026-03-05 10:52:36'),
(14,52,9,'created',0.00,52.00,NULL,'Loan created from POS sale',NULL,'2026-03-05 11:12:30','2026-03-05 11:12:30'),
(15,53,9,'created',0.00,100.00,NULL,'Loan created from POS sale',NULL,'2026-03-05 11:15:25','2026-03-05 11:15:25'),
(16,41,4,'fully_paid',140.00,0.00,140.00,'Payment received',NULL,'2026-03-09 04:42:39','2026-03-09 04:42:39'),
(17,40,4,'fully_paid',330.00,0.00,330.00,'Payment received',NULL,'2026-03-09 04:43:23','2026-03-09 04:43:23'),
(18,63,9,'created',0.00,974.00,NULL,'Loan created from POS sale',NULL,'2026-03-09 07:08:11','2026-03-09 07:08:11'),
(19,64,9,'created',0.00,26.00,NULL,'Loan created from POS sale',NULL,'2026-03-09 07:38:52','2026-03-09 07:38:52'),
(20,67,9,'created',0.00,360.00,NULL,'Loan created from POS sale',NULL,'2026-03-09 09:14:40','2026-03-09 09:14:40'),
(21,68,9,'created',0.00,168.00,NULL,'Loan created from POS sale',NULL,'2026-03-09 10:29:43','2026-03-09 10:29:43'),
(22,51,4,'fully_paid',676.00,0.00,676.00,'Payment received',NULL,'2026-03-11 07:16:12','2026-03-11 07:16:12'),
(23,50,4,'fully_paid',610.00,0.00,610.00,'Payment received',NULL,'2026-03-11 07:17:15','2026-03-11 07:17:15'),
(24,80,9,'created',0.00,150.00,NULL,'Loan created from POS sale',NULL,'2026-03-11 09:45:07','2026-03-11 09:45:07'),
(25,89,4,'created',0.00,50.00,NULL,'Loan created from POS sale',NULL,'2026-03-12 07:17:50','2026-03-12 07:17:50'),
(26,94,9,'created',0.00,200.00,NULL,'Loan created from POS sale',NULL,'2026-03-13 11:09:27','2026-03-13 11:09:27'),
(27,89,4,'fully_paid',50.00,0.00,50.00,'Payment received',NULL,'2026-03-14 10:39:54','2026-03-14 10:39:54'),
(28,80,4,'fully_paid',150.00,0.00,150.00,'Payment received',NULL,'2026-03-15 09:42:10','2026-03-15 09:42:10'),
(29,16,4,'fully_paid',806.00,0.00,806.00,'Payment received',NULL,'2026-03-15 09:44:25','2026-03-15 09:44:25'),
(30,63,4,'fully_paid',974.00,0.00,974.00,'Payment received',NULL,'2026-03-15 09:50:55','2026-03-15 09:50:55'),
(31,68,4,'fully_paid',168.00,0.00,168.00,'Payment received',NULL,'2026-03-15 09:51:24','2026-03-15 09:51:24'),
(32,105,9,'created',0.00,80.00,NULL,'Loan created from POS sale',NULL,'2026-03-16 08:48:57','2026-03-16 08:48:57'),
(33,94,4,'fully_paid',200.00,0.00,200.00,'Payment received',NULL,'2026-03-16 10:28:44','2026-03-16 10:28:44'),
(34,105,4,'fully_paid',80.00,0.00,80.00,'Payment received',NULL,'2026-03-16 10:29:03','2026-03-16 10:29:03'),
(35,125,9,'created',0.00,1050.00,NULL,'Loan created from POS sale',NULL,'2026-04-08 12:11:45','2026-04-08 12:11:45'),
(36,126,9,'created',0.00,247.00,NULL,'Loan created from POS sale',NULL,'2026-04-09 09:17:50','2026-04-09 09:17:50'),
(37,127,9,'created',0.00,105.00,NULL,'Loan created from POS sale',NULL,'2026-04-09 09:18:47','2026-04-09 09:18:47'),
(38,127,4,'fully_paid',105.00,0.00,105.00,'Payment received',NULL,'2026-04-15 08:23:48','2026-04-15 08:23:48'),
(39,126,4,'fully_paid',247.00,0.00,247.00,'Payment received',NULL,'2026-04-15 08:24:13','2026-04-15 08:24:13'),
(40,24,4,'fully_paid',56.00,0.00,56.00,'Payment received',NULL,'2026-04-15 08:24:35','2026-04-15 08:24:35'),
(41,53,4,'fully_paid',100.00,0.00,100.00,'Payment received',NULL,'2026-04-15 08:25:11','2026-04-15 08:25:11'),
(42,132,9,'created',0.00,70.00,NULL,'Loan created from POS sale',NULL,'2026-04-15 13:11:26','2026-04-15 13:11:26'),
(43,132,4,'fully_paid',70.00,0.00,70.00,'Payment received',NULL,'2026-04-17 05:55:32','2026-04-17 05:55:32'),
(44,18,4,'fully_paid',2010.00,0.00,2010.00,'Payment received',NULL,'2026-04-20 12:04:30','2026-04-20 12:04:30');

--
-- Table structure for table `loan_payments`
--

CREATE TABLE `loan_payments` (
  `id` bigint(20) unsigned NOT NULL AUTO_INCREMENT,
  `sale_id` bigint(20) unsigned NOT NULL,
  `user_id` bigint(20) unsigned NOT NULL,
  `amount` decimal(15,2) NOT NULL,
  `payment_method` enum('cash','card','mobile_payment') NOT NULL,
  `notes` text DEFAULT NULL,
  `balance_before` decimal(15,2) NOT NULL,
  `balance_after` decimal(15,2) NOT NULL,
  `payment_date` datetime NOT NULL,
  `created_at` timestamp NULL DEFAULT NULL,
  `updated_at` timestamp NULL DEFAULT NULL,
  PRIMARY KEY (`id`),
  KEY `loan_payments_sale_id_foreign` (`sale_id`),
  KEY `loan_payments_user_id_foreign` (`user_id`),
  CONSTRAINT `loan_payments_sale_id_foreign` FOREIGN KEY (`sale_id`) REFERENCES `sales` (`id`) ON DELETE CASCADE,
  CONSTRAINT `loan_payments_user_id_foreign` FOREIGN KEY (`user_id`) REFERENCES `users` (`id`) ON DELETE CASCADE
) ENGINE=InnoDB AUTO_INCREMENT=20 DEFAULT CHARSET=utf8mb4 COLLATE=utf8mb4_unicode_ci;

--
-- Dumping data for table `loan_payments`
--

INSERT INTO `loan_payments` VALUES
(1,14,4,594.00,'cash',NULL,594.00,0.00,'2026-02-24 12:03:20','2026-02-24 09:03:20','2026-02-24 09:03:20'),
(2,39,9,72.00,'cash',NULL,72.00,0.00,'2026-03-02 10:27:29','2026-03-02 07:27:29','2026-03-02 07:27:29'),
(3,41,4,140.00,'cash',NULL,140.00,0.00,'2026-03-09 07:42:39','2026-03-09 04:42:39','2026-03-09 04:42:39'),
(4,40,4,330.00,'cash',NULL,330.00,0.00,'2026-03-09 07:43:23','2026-03-09 04:43:23','2026-03-09 04:43:23'),
(5,51,4,676.00,'cash',NULL,676.00,0.00,'2026-03-11 10:16:12','2026-03-11 07:16:12','2026-03-11 07:16:12'),
(6,50,4,610.00,'cash',NULL,610.00,0.00,'2026-03-11 10:17:15','2026-03-11 07:17:15','2026-03-11 07:17:15'),
(7,89,4,50.00,'cash',NULL,50.00,0.00,'2026-03-14 13:39:54','2026-03-14 10:39:54','2026-03-14 10:39:54'),
(8,80,4,150.00,'cash',NULL,150.00,0.00,'2026-03-15 12:42:10','2026-03-15 09:42:10','2026-03-15 09:42:10'),
(9,16,4,806.00,'cash',NULL,806.00,0.00,'2026-03-15 12:44:25','2026-03-15 09:44:25','2026-03-15 09:44:25'),
(10,63,4,974.00,'cash',NULL,974.00,0.00,'2026-03-15 12:50:55','2026-03-15 09:50:55','2026-03-15 09:50:55'),
(11,68,4,168.00,'cash',NULL,168.00,0.00,'2026-03-15 12:51:24','2026-03-15 09:51:24','2026-03-15 09:51:24'),
(12,94,4,200.00,'cash',NULL,200.00,0.00,'2026-03-16 13:28:44','2026-03-16 10:28:44','2026-03-16 10:28:44'),
(13,105,4,80.00,'cash',NULL,80.00,0.00,'2026-03-16 13:29:03','2026-03-16 10:29:03','2026-03-16 10:29:03'),
(14,127,4,105.00,'cash',NULL,105.00,0.00,'2026-04-15 11:23:48','2026-04-15 08:23:48','2026-04-15 08:23:48'),
(15,126,4,247.00,'cash',NULL,247.00,0.00,'2026-04-15 11:24:13','2026-04-15 08:24:13','2026-04-15 08:24:13'),
(16,24,4,56.00,'cash',NULL,56.00,0.00,'2026-04-15 11:24:35','2026-04-15 08:24:35','2026-04-15 08:24:35'),
(17,53,4,100.00,'cash',NULL,100.00,0.00,'2026-04-15 11:25:11','2026-04-15 08:25:11','2026-04-15 08:25:11'),
(18,132,4,70.00,'cash',NULL,70.00,0.00,'2026-04-17 08:55:32','2026-04-17 05:55:32','2026-04-17 05:55:32'),
(19,18,4,2010.00,'cash',NULL,2010.00,0.00,'2026-04-20 15:04:30','2026-04-20 12:04:30','2026-04-20 12:04:30');

--
-- Table structure for table `markets`
--



--
-- Dumping data for table `markets`
--


--
-- Table structure for table `migrations`
--

CREATE TABLE `migrations` (
  `id` int(10) unsigned NOT NULL AUTO_INCREMENT,
  `migration` varchar(255) NOT NULL,
  `batch` int(11) NOT NULL,
  PRIMARY KEY (`id`)
) ENGINE=InnoDB AUTO_INCREMENT=29 DEFAULT CHARSET=utf8mb4 COLLATE=utf8mb4_unicode_ci;

--
-- Dumping data for table `migrations`
--

INSERT INTO `migrations` VALUES
(1,'0001_01_01_000000_create_users_table',1),
(2,'0001_01_01_000001_create_cache_table',1),
(3,'0001_01_01_000002_create_jobs_table',1),
(4,'2024_01_01_000008_create_categories_table',1),
(5,'2025_08_20_204847_add_two_factor_columns_to_users_table',1),
(6,'2025_08_20_204856_create_personal_access_tokens_table',1),
(7,'2025_08_21_174432_create_products_table',1),
(8,'2025_08_21_174528_create_product_inventories_table',1),
(9,'2025_08_21_174637_create_product_histories_table',1),
(10,'2025_08_21_174721_create_sales_table',1),
(11,'2025_08_21_174757_create_sale_items_table',1),
(12,'2025_08_21_174838_create_product_variants_table',1),
(13,'2025_08_26_161417_create_sale_histories_table',1),
(14,'2025_09_03_142120_create_proformas_table',1),
(15,'2025_09_03_142121_create_proforma_items_table',1),
(16,'2025_09_07_121232_create_expense_types_table',1),
(17,'2025_09_07_121233_create_expenses_table',1),
(18,'2025_09_07_153315_create_cashier_balances_table',1),
(19,'2025_09_10_093456_add_loan_fields_to_sales_table',1),
(20,'2025_09_10_093456_create_loan_histories_table',1),
(21,'2025_09_10_093456_create_loan_payments_table',1),
(22,'2025_09_12_181425_create_business_settings_table',1),
(23,'2025_09_27_194618_create_permission_tables',1),
(24,'2025_10_31_164515_create_markets_table',1),
(25,'2025_11_27_135818_create_push_subscriptions_table',2),
(26,'2026_04_05_000001_add_starting_year_to_business_settings',2),
(27,'2026_04_05_220918_create_fiscal_years_table',2),
(28,'2026_04_07_071928_add_endpoint_hash_to_push_subscriptions',2);

--
-- Table structure for table `model_has_permissions`
--

CREATE TABLE `model_has_permissions` (
  `permission_id` bigint(20) unsigned NOT NULL,
  `model_type` varchar(255) NOT NULL,
  `model_id` bigint(20) unsigned NOT NULL,
  PRIMARY KEY (`permission_id`,`model_id`,`model_type`),
  KEY `model_has_permissions_model_id_model_type_index` (`model_id`,`model_type`),
  CONSTRAINT `model_has_permissions_permission_id_foreign` FOREIGN KEY (`permission_id`) REFERENCES `permissions` (`id`) ON DELETE CASCADE
) ENGINE=InnoDB DEFAULT CHARSET=utf8mb4 COLLATE=utf8mb4_unicode_ci;

--
-- Dumping data for table `model_has_permissions`
--


--
-- Table structure for table `model_has_roles`
--

CREATE TABLE `model_has_roles` (
  `role_id` bigint(20) unsigned NOT NULL,
  `model_type` varchar(255) NOT NULL,
  `model_id` bigint(20) unsigned NOT NULL,
  PRIMARY KEY (`role_id`,`model_id`,`model_type`),
  KEY `model_has_roles_model_id_model_type_index` (`model_id`,`model_type`),
  CONSTRAINT `model_has_roles_role_id_foreign` FOREIGN KEY (`role_id`) REFERENCES `roles` (`id`) ON DELETE CASCADE
) ENGINE=InnoDB DEFAULT CHARSET=utf8mb4 COLLATE=utf8mb4_unicode_ci;

--
-- Dumping data for table `model_has_roles`
--

INSERT INTO `model_has_roles` VALUES
(1,'App\\Models\\User',2),
(1,'App\\Models\\User',3),
(1,'App\\Models\\User',4),
(1,'App\\Models\\User',7),
(3,'App\\Models\\User',8),
(4,'App\\Models\\User',9),
(4,'App\\Models\\User',10);

--
-- Table structure for table `password_reset_tokens`
--

CREATE TABLE `password_reset_tokens` (
  `email` varchar(255) NOT NULL,
  `token` varchar(255) NOT NULL,
  `created_at` timestamp NULL DEFAULT NULL,
  PRIMARY KEY (`email`)
) ENGINE=InnoDB DEFAULT CHARSET=utf8mb4 COLLATE=utf8mb4_unicode_ci;

--
-- Dumping data for table `password_reset_tokens`
--


--
-- Table structure for table `permissions`
--

CREATE TABLE `permissions` (
  `id` bigint(20) unsigned NOT NULL AUTO_INCREMENT,
  `name` varchar(255) NOT NULL,
  `guard_name` varchar(255) NOT NULL,
  `created_at` timestamp NULL DEFAULT NULL,
  `updated_at` timestamp NULL DEFAULT NULL,
  PRIMARY KEY (`id`),
  UNIQUE KEY `permissions_name_guard_name_unique` (`name`,`guard_name`)
) ENGINE=InnoDB AUTO_INCREMENT=61 DEFAULT CHARSET=utf8mb4 COLLATE=utf8mb4_unicode_ci;

--
-- Dumping data for table `permissions`
--

INSERT INTO `permissions` VALUES
(1,'view dashboard','web','2025-11-01 11:20:21','2025-11-01 11:20:21'),
(2,'refresh dashboard','web','2025-11-01 11:20:21','2025-11-01 11:20:21'),
(3,'view dashboard stats','web','2025-11-01 11:20:21','2025-11-01 11:20:21'),
(4,'view users','web','2025-11-01 11:20:21','2025-11-01 11:20:21'),
(5,'create users','web','2025-11-01 11:20:21','2025-11-01 11:20:21'),
(6,'edit users','web','2025-11-01 11:20:21','2025-11-01 11:20:21'),
(7,'delete users','web','2025-11-01 11:20:21','2025-11-01 11:20:21'),
(8,'assign roles','web','2025-11-01 11:20:21','2025-11-01 11:20:21'),
(9,'view roles','web','2025-11-01 11:20:21','2025-11-01 11:20:21'),
(10,'create roles','web','2025-11-01 11:20:21','2025-11-01 11:20:21'),
(11,'edit roles','web','2025-11-01 11:20:21','2025-11-01 11:20:21'),
(12,'delete roles','web','2025-11-01 11:20:21','2025-11-01 11:20:21'),
(13,'view categories','web','2025-11-01 11:20:21','2025-11-01 11:20:21'),
(14,'create categories','web','2025-11-01 11:20:21','2025-11-01 11:20:21'),
(15,'edit categories','web','2025-11-01 11:20:21','2025-11-01 11:20:21'),
(16,'delete categories','web','2025-11-01 11:20:21','2025-11-01 11:20:21'),
(17,'toggle category status','web','2025-11-01 11:20:21','2025-11-01 11:20:21'),
(18,'view products','web','2025-11-01 11:20:21','2025-11-01 11:20:21'),
(19,'create products','web','2025-11-01 11:20:21','2025-11-01 11:20:21'),
(20,'edit products','web','2025-11-01 11:20:21','2025-11-01 11:20:21'),
(21,'delete products','web','2025-11-01 11:20:21','2025-11-01 11:20:21'),
(22,'manage product stock','web','2025-11-01 11:20:21','2025-11-01 11:20:21'),
(23,'view product analytics','web','2025-11-01 11:20:21','2025-11-01 11:20:21'),
(24,'access pos','web','2025-11-01 11:20:21','2025-11-01 11:20:21'),
(25,'process sales','web','2025-11-01 11:20:21','2025-11-01 11:20:21'),
(26,'cancel sales','web','2025-11-01 11:20:21','2025-11-01 11:20:21'),
(27,'view sales history','web','2025-11-01 11:20:21','2025-11-01 11:20:21'),
(28,'view sale details','web','2025-11-01 11:20:21','2025-11-01 11:20:21'),
(29,'edit sales','web','2025-11-01 11:20:21','2025-11-01 11:20:21'),
(30,'print receipts','web','2025-11-01 11:20:21','2025-11-01 11:20:21'),
(31,'export sales','web','2025-11-01 11:20:21','2025-11-01 11:20:21'),
(32,'view sale history','web','2025-11-01 11:20:21','2025-11-01 11:20:21'),
(33,'view reports','web','2025-11-01 11:20:21','2025-11-01 11:20:21'),
(34,'export reports','web','2025-11-01 11:20:21','2025-11-01 11:20:21'),
(35,'generate advanced reports','web','2025-11-01 11:20:21','2025-11-01 11:20:21'),
(36,'view business settings','web','2025-11-01 11:20:21','2025-11-01 11:20:21'),
(37,'edit business settings','web','2025-11-01 11:20:21','2025-11-01 11:20:21'),
(38,'view expenses','web','2025-11-01 11:20:21','2025-11-01 11:20:21'),
(39,'create expenses','web','2025-11-01 11:20:21','2025-11-01 11:20:21'),
(40,'edit expenses','web','2025-11-01 11:20:21','2025-11-01 11:20:21'),
(41,'delete expenses','web','2025-11-01 11:20:21','2025-11-01 11:20:21'),
(42,'approve expenses','web','2025-11-01 11:20:21','2025-11-01 11:20:21'),
(43,'view loans','web','2025-11-01 11:20:21','2025-11-01 11:20:21'),
(44,'manage loan payments','web','2025-11-01 11:20:21','2025-11-01 11:20:21'),
(45,'mark loans paid','web','2025-11-01 11:20:21','2025-11-01 11:20:21'),
(46,'view proformas','web','2025-11-01 11:20:21','2025-11-01 11:20:21'),
(47,'create proformas','web','2025-11-01 11:20:21','2025-11-01 11:20:21'),
(48,'edit proformas','web','2025-11-01 11:20:21','2025-11-01 11:20:21'),
(49,'delete proformas','web','2025-11-01 11:20:21','2025-11-01 11:20:21'),
(50,'confirm proformas','web','2025-11-01 11:20:21','2025-11-01 11:20:21'),
(51,'cancel proformas','web','2025-11-01 11:20:21','2025-11-01 11:20:21'),
(52,'view cashier','web','2025-11-01 11:20:21','2025-11-01 11:20:21'),
(53,'process withdrawals','web','2025-11-01 11:20:21','2025-11-01 11:20:21'),
(54,'view cashier history','web','2025-11-01 11:20:21','2025-11-01 11:20:21'),
(55,'export cashier reports','web','2025-11-01 11:20:21','2025-11-01 11:20:21'),
(56,'view cashier balance','web','2025-11-01 11:20:21','2025-11-01 11:20:21'),
(57,'view expense types','web','2025-11-01 11:20:21','2025-11-01 11:20:21'),
(58,'create expense types','web','2025-11-01 11:20:21','2025-11-01 11:20:21'),
(59,'edit expense types','web','2025-11-01 11:20:21','2025-11-01 11:20:21'),
(60,'delete expense types','web','2025-11-01 11:20:21','2025-11-01 11:20:21');

--
-- Table structure for table `personal_access_tokens`
--

CREATE TABLE `personal_access_tokens` (
  `id` bigint(20) unsigned NOT NULL AUTO_INCREMENT,
  `tokenable_type` varchar(255) NOT NULL,
  `tokenable_id` bigint(20) unsigned NOT NULL,
  `name` text NOT NULL,
  `token` varchar(64) NOT NULL,
  `abilities` text DEFAULT NULL,
  `last_used_at` timestamp NULL DEFAULT NULL,
  `expires_at` timestamp NULL DEFAULT NULL,
  `created_at` timestamp NULL DEFAULT NULL,
  `updated_at` timestamp NULL DEFAULT NULL,
  PRIMARY KEY (`id`),
  UNIQUE KEY `personal_access_tokens_token_unique` (`token`),
  KEY `personal_access_tokens_tokenable_type_tokenable_id_index` (`tokenable_type`,`tokenable_id`),
  KEY `personal_access_tokens_expires_at_index` (`expires_at`)
) ENGINE=InnoDB DEFAULT CHARSET=utf8mb4 COLLATE=utf8mb4_unicode_ci;

--
-- Dumping data for table `personal_access_tokens`
--


--
-- Table structure for table `product_histories`
--

CREATE TABLE `product_histories` (
  `id` bigint(20) unsigned NOT NULL AUTO_INCREMENT,
  `product_id` bigint(20) unsigned NOT NULL,
  `action` varchar(50) NOT NULL,
  `description` text NOT NULL,
  `user_id` bigint(20) unsigned DEFAULT NULL,
  `data` longtext CHARACTER SET utf8mb4 COLLATE utf8mb4_bin DEFAULT NULL CHECK (json_valid(`data`)),
  `ip_address` varchar(45) DEFAULT NULL,
  `user_agent` text DEFAULT NULL,
  `created_at` timestamp NULL DEFAULT NULL,
  `updated_at` timestamp NULL DEFAULT NULL,
  PRIMARY KEY (`id`),
  KEY `product_histories_product_id_created_at_index` (`product_id`,`created_at`),
  KEY `product_histories_action_index` (`action`),
  KEY `product_histories_user_id_index` (`user_id`),
  CONSTRAINT `product_histories_product_id_foreign` FOREIGN KEY (`product_id`) REFERENCES `products` (`id`) ON DELETE CASCADE,
  CONSTRAINT `product_histories_user_id_foreign` FOREIGN KEY (`user_id`) REFERENCES `users` (`id`)
) ENGINE=InnoDB AUTO_INCREMENT=439 DEFAULT CHARSET=utf8mb4 COLLATE=utf8mb4_unicode_ci;

--
-- Dumping data for table `product_histories`
--

INSERT INTO `product_histories` VALUES
(1,1,'created','Product created',4,'{\"name\":\"H-0014\",\"description\":\"Taban\\u0131 mikrolayit\",\"barcode\":\"PRD721626\",\"category_id\":\"1\",\"product_type\":\"market\",\"unit\":\"pcs\",\"cost_price\":\"19.00\",\"selling_price\":\"20.00\",\"discount_price\":null,\"image\":\"products\\/1767279496_aAt5VK8ElQ.jpeg\",\"expiry_date\":null,\"is_active\":true,\"alert_quantity\":5,\"weight\":null,\"length\":null,\"width\":null,\"height\":null,\"updated_at\":\"2026-01-01T14:58:17.000000Z\",\"created_at\":\"2026-01-01T14:58:17.000000Z\",\"id\":1}','95.70.245.79','Mozilla/5.0 (Windows NT 10.0; Win64; x64) AppleWebKit/537.36 (KHTML, like Gecko) Chrome/133.0.0.0 Safari/537.36','2026-01-01 11:58:17','2026-01-01 11:58:17'),
(2,1,'stock_added','Added 500 units - Initial stock',4,'{\"quantity\":500,\"reason\":\"Initial stock\",\"previous_stock\":0,\"new_stock\":500,\"notes\":\"Product creation\"}','95.70.245.79','Mozilla/5.0 (Windows NT 10.0; Win64; x64) AppleWebKit/537.36 (KHTML, like Gecko) Chrome/133.0.0.0 Safari/537.36','2026-01-01 11:58:17','2026-01-01 11:58:17'),
(3,1,'updated','Product updated',4,'{\"image\":{\"old\":\"products\\/1767279496_aAt5VK8ElQ.jpeg\",\"new\":\"products\\/1767279556_SBJWEeXQPW.jpeg\"}}','95.70.245.79','Mozilla/5.0 (Windows NT 10.0; Win64; x64) AppleWebKit/537.36 (KHTML, like Gecko) Chrome/133.0.0.0 Safari/537.36','2026-01-01 11:59:16','2026-01-01 11:59:16'),
(4,1,'updated','Product updated',4,'{\"image\":{\"old\":\"products\\/1767279556_SBJWEeXQPW.jpeg\",\"new\":\"products\\/1767280947_KjJYi7L1PX.jpeg\"}}','95.70.245.79','Mozilla/5.0 (Windows NT 10.0; Win64; x64) AppleWebKit/537.36 (KHTML, like Gecko) Chrome/133.0.0.0 Safari/537.36','2026-01-01 12:22:27','2026-01-01 12:22:27'),
(5,2,'created','Product created',4,'{\"name\":\"Hilal\",\"description\":null,\"barcode\":\"PRD284597\",\"category_id\":\"1\",\"product_type\":\"store\",\"unit\":\"pcs\",\"cost_price\":\"19.00\",\"selling_price\":\"20.00\",\"image\":\"products\\/1767769471_UrEdUn6ZyF.jpeg\",\"expiry_date\":null,\"is_active\":true,\"alert_quantity\":5,\"weight\":null,\"length\":null,\"width\":null,\"height\":null,\"updated_at\":\"2026-01-07T07:04:32.000000Z\",\"created_at\":\"2026-01-07T07:04:32.000000Z\",\"id\":2}','95.70.229.3','Mozilla/5.0 (Windows NT 10.0; Win64; x64) AppleWebKit/537.36 (KHTML, like Gecko) Chrome/133.0.0.0 Safari/537.36','2026-01-07 04:04:32','2026-01-07 04:04:32'),
(6,2,'stock_added','Added 20 units - Initial stock',4,'{\"quantity\":20,\"reason\":\"Initial stock\",\"previous_stock\":0,\"new_stock\":20,\"notes\":\"Product creation\"}','95.70.229.3','Mozilla/5.0 (Windows NT 10.0; Win64; x64) AppleWebKit/537.36 (KHTML, like Gecko) Chrome/133.0.0.0 Safari/537.36','2026-01-07 04:04:32','2026-01-07 04:04:32'),
(7,3,'created','Product created',4,'{\"name\":\"HB\",\"description\":null,\"barcode\":\"PRD277541\",\"category_id\":\"2\",\"product_type\":\"store\",\"unit\":\"pcs\",\"cost_price\":\"19.00\",\"selling_price\":\"20.00\",\"image\":\"products\\/1767859633_sGMQpE9ABU.jpeg\",\"expiry_date\":null,\"is_active\":true,\"alert_quantity\":5,\"weight\":null,\"length\":null,\"width\":null,\"height\":null,\"updated_at\":\"2026-01-08T08:07:14.000000Z\",\"created_at\":\"2026-01-08T08:07:14.000000Z\",\"id\":3}','95.70.244.109','Mozilla/5.0 (Windows NT 10.0; Win64; x64) AppleWebKit/537.36 (KHTML, like Gecko) Chrome/133.0.0.0 Safari/537.36','2026-01-08 05:07:14','2026-01-08 05:07:14'),
(8,3,'stock_added','Added 20 units - Initial stock',4,'{\"quantity\":20,\"reason\":\"Initial stock\",\"previous_stock\":0,\"new_stock\":20,\"notes\":\"Product creation\"}','95.70.244.109','Mozilla/5.0 (Windows NT 10.0; Win64; x64) AppleWebKit/537.36 (KHTML, like Gecko) Chrome/133.0.0.0 Safari/537.36','2026-01-08 05:07:14','2026-01-08 05:07:14'),
(9,4,'created','Product created',4,'{\"name\":\"HB\",\"description\":\"3X41  4X42  6X43  4X44  3X45\\r\\n\\r\\nMikro Taban\",\"barcode\":\"PRD192143\",\"category_id\":\"2\",\"product_type\":\"store\",\"unit\":\"pcs\",\"cost_price\":\"19.00\",\"selling_price\":\"20.00\",\"image\":\"products\\/1767859832_apKGcMAnjY.jpeg\",\"expiry_date\":null,\"is_active\":true,\"alert_quantity\":5,\"weight\":null,\"length\":null,\"width\":null,\"height\":null,\"updated_at\":\"2026-01-08T08:10:32.000000Z\",\"created_at\":\"2026-01-08T08:10:32.000000Z\",\"id\":4}','95.70.244.109','Mozilla/5.0 (Windows NT 10.0; Win64; x64) AppleWebKit/537.36 (KHTML, like Gecko) Chrome/133.0.0.0 Safari/537.36','2026-01-08 05:10:32','2026-01-08 05:10:32'),
(10,4,'stock_added','Added 20 units - Initial stock',4,'{\"quantity\":20,\"reason\":\"Initial stock\",\"previous_stock\":0,\"new_stock\":20,\"notes\":\"Product creation\"}','95.70.244.109','Mozilla/5.0 (Windows NT 10.0; Win64; x64) AppleWebKit/537.36 (KHTML, like Gecko) Chrome/133.0.0.0 Safari/537.36','2026-01-08 05:10:32','2026-01-08 05:10:32'),
(11,3,'updated','Product updated',4,'{\"description\":{\"old\":\"3X41  4X42  6X43  4X44  3X45\",\"new\":\"3X41  4X42  6X43  4X44  3X45\\r\\n\\r\\nMikro Taban\"}}','95.70.244.109','Mozilla/5.0 (Windows NT 10.0; Win64; x64) AppleWebKit/537.36 (KHTML, like Gecko) Chrome/133.0.0.0 Safari/537.36','2026-01-08 05:11:10','2026-01-08 05:11:10'),
(12,5,'created','Product created',4,'{\"name\":\"HS\",\"description\":\"3X41  4X42  6X43  4X44  3X45\\r\\n\\r\\nMikro Taban\",\"barcode\":\"PRD383662\",\"category_id\":\"1\",\"product_type\":\"store\",\"unit\":\"pcs\",\"cost_price\":\"19.00\",\"selling_price\":\"20.00\",\"image\":\"products\\/1767859946_zdVjlhPPSw.jpeg\",\"expiry_date\":null,\"is_active\":true,\"alert_quantity\":5,\"weight\":null,\"length\":null,\"width\":null,\"height\":null,\"updated_at\":\"2026-01-08T08:12:26.000000Z\",\"created_at\":\"2026-01-08T08:12:26.000000Z\",\"id\":5}','95.70.244.109','Mozilla/5.0 (Windows NT 10.0; Win64; x64) AppleWebKit/537.36 (KHTML, like Gecko) Chrome/133.0.0.0 Safari/537.36','2026-01-08 05:12:26','2026-01-08 05:12:26'),
(13,5,'stock_added','Added 20 units - Initial stock',4,'{\"quantity\":20,\"reason\":\"Initial stock\",\"previous_stock\":0,\"new_stock\":20,\"notes\":\"Product creation\"}','95.70.244.109','Mozilla/5.0 (Windows NT 10.0; Win64; x64) AppleWebKit/537.36 (KHTML, like Gecko) Chrome/133.0.0.0 Safari/537.36','2026-01-08 05:12:26','2026-01-08 05:12:26'),
(14,6,'created','Product created',4,'{\"name\":\"HS\",\"description\":\"3X41  4X42  6X43  4X44  3X45\\r\\n\\r\\nMikro Taban\",\"barcode\":\"PRD781734\",\"category_id\":\"1\",\"product_type\":\"store\",\"unit\":\"pcs\",\"cost_price\":\"19.00\",\"selling_price\":\"20.00\",\"image\":\"products\\/1767860005_XYU4S94J2L.jpeg\",\"expiry_date\":null,\"is_active\":true,\"alert_quantity\":5,\"weight\":null,\"length\":null,\"width\":null,\"height\":null,\"updated_at\":\"2026-01-08T08:13:25.000000Z\",\"created_at\":\"2026-01-08T08:13:25.000000Z\",\"id\":6}','95.70.244.109','Mozilla/5.0 (Windows NT 10.0; Win64; x64) AppleWebKit/537.36 (KHTML, like Gecko) Chrome/133.0.0.0 Safari/537.36','2026-01-08 05:13:25','2026-01-08 05:13:25'),
(15,6,'stock_added','Added 20 units - Initial stock',4,'{\"quantity\":20,\"reason\":\"Initial stock\",\"previous_stock\":0,\"new_stock\":20,\"notes\":\"Product creation\"}','95.70.244.109','Mozilla/5.0 (Windows NT 10.0; Win64; x64) AppleWebKit/537.36 (KHTML, like Gecko) Chrome/133.0.0.0 Safari/537.36','2026-01-08 05:13:25','2026-01-08 05:13:25'),
(16,7,'created','Product created',4,'{\"name\":\"HB\",\"description\":\"3X41  4X42  6X43  4X44  3X45\\r\\n\\r\\nMikro Taban\",\"barcode\":\"PRD174648\",\"category_id\":\"2\",\"product_type\":\"store\",\"unit\":\"pcs\",\"cost_price\":\"19.00\",\"selling_price\":\"20.00\",\"image\":\"products\\/1767860071_GdSrgOOwRj.jpeg\",\"expiry_date\":null,\"is_active\":true,\"alert_quantity\":5,\"weight\":null,\"length\":null,\"width\":null,\"height\":null,\"updated_at\":\"2026-01-08T08:14:31.000000Z\",\"created_at\":\"2026-01-08T08:14:31.000000Z\",\"id\":7}','95.70.244.109','Mozilla/5.0 (Windows NT 10.0; Win64; x64) AppleWebKit/537.36 (KHTML, like Gecko) Chrome/133.0.0.0 Safari/537.36','2026-01-08 05:14:31','2026-01-08 05:14:31'),
(17,7,'stock_added','Added 20 units - Initial stock',4,'{\"quantity\":20,\"reason\":\"Initial stock\",\"previous_stock\":0,\"new_stock\":20,\"notes\":\"Product creation\"}','95.70.244.109','Mozilla/5.0 (Windows NT 10.0; Win64; x64) AppleWebKit/537.36 (KHTML, like Gecko) Chrome/133.0.0.0 Safari/537.36','2026-01-08 05:14:31','2026-01-08 05:14:31'),
(18,8,'created','Product created',4,'{\"name\":\"HS\",\"description\":\"3X41  4X42  6X43  4X44  3X45\\r\\n\\r\\nMikro Taban\",\"barcode\":\"PRD451855\",\"category_id\":\"1\",\"product_type\":\"store\",\"unit\":\"pcs\",\"cost_price\":\"19.00\",\"selling_price\":\"20.00\",\"image\":\"products\\/1767860152_20BDpRa1bA.jpeg\",\"expiry_date\":null,\"is_active\":true,\"alert_quantity\":5,\"weight\":null,\"length\":null,\"width\":null,\"height\":null,\"updated_at\":\"2026-01-08T08:15:52.000000Z\",\"created_at\":\"2026-01-08T08:15:52.000000Z\",\"id\":8}','95.70.244.109','Mozilla/5.0 (Windows NT 10.0; Win64; x64) AppleWebKit/537.36 (KHTML, like Gecko) Chrome/133.0.0.0 Safari/537.36','2026-01-08 05:15:52','2026-01-08 05:15:52'),
(19,8,'stock_added','Added 20 units - Initial stock',4,'{\"quantity\":20,\"reason\":\"Initial stock\",\"previous_stock\":0,\"new_stock\":20,\"notes\":\"Product creation\"}','95.70.244.109','Mozilla/5.0 (Windows NT 10.0; Win64; x64) AppleWebKit/537.36 (KHTML, like Gecko) Chrome/133.0.0.0 Safari/537.36','2026-01-08 05:15:52','2026-01-08 05:15:52'),
(20,9,'created','Product created',4,'{\"name\":\"HS\",\"description\":\"3X41  4X42  6X43  4X44  3X45\\r\\n\\r\\nMikro Taban\",\"barcode\":\"PRD762687\",\"category_id\":\"1\",\"product_type\":\"store\",\"unit\":\"pcs\",\"cost_price\":\"19.00\",\"selling_price\":\"20.00\",\"image\":\"products\\/1767860264_c7o4Ws2iBT.jpeg\",\"expiry_date\":null,\"is_active\":true,\"alert_quantity\":5,\"weight\":null,\"length\":null,\"width\":null,\"height\":null,\"updated_at\":\"2026-01-08T08:17:44.000000Z\",\"created_at\":\"2026-01-08T08:17:44.000000Z\",\"id\":9}','95.70.244.109','Mozilla/5.0 (Windows NT 10.0; Win64; x64) AppleWebKit/537.36 (KHTML, like Gecko) Chrome/133.0.0.0 Safari/537.36','2026-01-08 05:17:44','2026-01-08 05:17:44'),
(21,9,'stock_added','Added 20 units - Initial stock',4,'{\"quantity\":20,\"reason\":\"Initial stock\",\"previous_stock\":0,\"new_stock\":20,\"notes\":\"Product creation\"}','95.70.244.109','Mozilla/5.0 (Windows NT 10.0; Win64; x64) AppleWebKit/537.36 (KHTML, like Gecko) Chrome/133.0.0.0 Safari/537.36','2026-01-08 05:17:44','2026-01-08 05:17:44'),
(22,10,'created','Product created',4,'{\"name\":\"HS\",\"description\":\"3X41  4X42  6X43  4X44  3X45\\r\\n\\r\\nMikro Taban\",\"barcode\":\"PRD365875\",\"category_id\":\"1\",\"product_type\":\"store\",\"unit\":\"pcs\",\"cost_price\":\"19.00\",\"selling_price\":\"20.00\",\"image\":\"products\\/1767860323_ncjp69SCpt.jpeg\",\"expiry_date\":null,\"is_active\":true,\"alert_quantity\":5,\"weight\":null,\"length\":null,\"width\":null,\"height\":null,\"updated_at\":\"2026-01-08T08:18:43.000000Z\",\"created_at\":\"2026-01-08T08:18:43.000000Z\",\"id\":10}','95.70.244.109','Mozilla/5.0 (Windows NT 10.0; Win64; x64) AppleWebKit/537.36 (KHTML, like Gecko) Chrome/133.0.0.0 Safari/537.36','2026-01-08 05:18:43','2026-01-08 05:18:43'),
(23,10,'stock_added','Added 20 units - Initial stock',4,'{\"quantity\":20,\"reason\":\"Initial stock\",\"previous_stock\":0,\"new_stock\":20,\"notes\":\"Product creation\"}','95.70.244.109','Mozilla/5.0 (Windows NT 10.0; Win64; x64) AppleWebKit/537.36 (KHTML, like Gecko) Chrome/133.0.0.0 Safari/537.36','2026-01-08 05:18:43','2026-01-08 05:18:43'),
(24,11,'created','Product created',4,'{\"name\":\"HS\",\"description\":\"3X41  4X42  6X43  4X44  3X45\\r\\n\\r\\nMikro Taban\",\"barcode\":\"PRD789000\",\"category_id\":\"1\",\"product_type\":\"store\",\"unit\":\"pcs\",\"cost_price\":\"19.00\",\"selling_price\":\"20.00\",\"image\":\"products\\/1767860463_jJkDNRoHdF.jpeg\",\"expiry_date\":null,\"is_active\":true,\"alert_quantity\":5,\"weight\":null,\"length\":null,\"width\":null,\"height\":null,\"updated_at\":\"2026-01-08T08:21:03.000000Z\",\"created_at\":\"2026-01-08T08:21:03.000000Z\",\"id\":11}','95.70.244.109','Mozilla/5.0 (Windows NT 10.0; Win64; x64) AppleWebKit/537.36 (KHTML, like Gecko) Chrome/133.0.0.0 Safari/537.36','2026-01-08 05:21:03','2026-01-08 05:21:03'),
(25,11,'stock_added','Added 20 units - Initial stock',4,'{\"quantity\":20,\"reason\":\"Initial stock\",\"previous_stock\":0,\"new_stock\":20,\"notes\":\"Product creation\"}','95.70.244.109','Mozilla/5.0 (Windows NT 10.0; Win64; x64) AppleWebKit/537.36 (KHTML, like Gecko) Chrome/133.0.0.0 Safari/537.36','2026-01-08 05:21:03','2026-01-08 05:21:03'),
(26,12,'created','Product created',4,'{\"name\":\"HS\",\"description\":\"3X41  4X42  6X43  4X44  3X45\\r\\n\\r\\nMikro Taban\",\"barcode\":\"PRD105357\",\"category_id\":\"1\",\"product_type\":\"store\",\"unit\":\"pcs\",\"cost_price\":\"19.00\",\"selling_price\":\"20.00\",\"image\":\"products\\/1767860517_ffjETxs4nz.jpeg\",\"expiry_date\":null,\"is_active\":true,\"alert_quantity\":5,\"weight\":null,\"length\":null,\"width\":null,\"height\":null,\"updated_at\":\"2026-01-08T08:21:57.000000Z\",\"created_at\":\"2026-01-08T08:21:57.000000Z\",\"id\":12}','95.70.244.109','Mozilla/5.0 (Windows NT 10.0; Win64; x64) AppleWebKit/537.36 (KHTML, like Gecko) Chrome/133.0.0.0 Safari/537.36','2026-01-08 05:21:57','2026-01-08 05:21:57'),
(27,12,'stock_added','Added 20 units - Initial stock',4,'{\"quantity\":20,\"reason\":\"Initial stock\",\"previous_stock\":0,\"new_stock\":20,\"notes\":\"Product creation\"}','95.70.244.109','Mozilla/5.0 (Windows NT 10.0; Win64; x64) AppleWebKit/537.36 (KHTML, like Gecko) Chrome/133.0.0.0 Safari/537.36','2026-01-08 05:21:57','2026-01-08 05:21:57'),
(28,1,'deleted','Product deleted',4,'{\"id\":1,\"name\":\"H-0014\",\"description\":\"Taban\\u0131 mikrolayit\",\"barcode\":\"PRD721626\",\"category_id\":1,\"product_type\":\"market\",\"unit\":\"pcs\",\"alert_quantity\":5,\"cost_price\":\"19.00\",\"selling_price\":\"20.00\",\"discount_price\":null,\"image\":\"products\\/1767280947_KjJYi7L1PX.jpeg\",\"expiry_date\":null,\"is_active\":true,\"weight\":null,\"length\":null,\"width\":null,\"height\":null,\"created_at\":\"2026-01-01T14:58:17.000000Z\",\"updated_at\":\"2026-01-01T15:22:27.000000Z\",\"deleted_at\":null,\"category\":{\"id\":1,\"name\":\"Sandale\",\"description\":null,\"image\":null,\"is_active\":true,\"created_at\":\"2026-01-01T14:31:54.000000Z\",\"updated_at\":\"2026-01-01T14:31:54.000000Z\"},\"inventory\":{\"id\":1,\"product_id\":1,\"current_stock\":500,\"reserved_stock\":0,\"available_stock\":500,\"last_stock_update\":\"2026-01-01T14:58:17.000000Z\",\"last_updated_by\":4,\"created_at\":\"2026-01-01T14:58:17.000000Z\",\"updated_at\":\"2026-01-01T14:58:17.000000Z\"},\"history\":[{\"id\":4,\"product_id\":1,\"action\":\"updated\",\"description\":\"Product updated\",\"user_id\":4,\"data\":{\"image\":{\"old\":\"products\\/1767279556_SBJWEeXQPW.jpeg\",\"new\":\"products\\/1767280947_KjJYi7L1PX.jpeg\"}},\"ip_address\":\"95.70.245.79\",\"user_agent\":\"Mozilla\\/5.0 (Windows NT 10.0; Win64; x64) AppleWebKit\\/537.36 (KHTML, like Gecko) Chrome\\/133.0.0.0 Safari\\/537.36\",\"created_at\":\"2026-01-01T15:22:27.000000Z\",\"updated_at\":\"2026-01-01T15:22:27.000000Z\",\"user\":{\"id\":4,\"name\":\"admin\",\"email\":\"admin@app.com\",\"user_type\":\"admin\",\"is_active\":true,\"preferred_language\":\"fr\",\"email_verified_at\":\"2025-11-17T12:16:10.000000Z\",\"two_factor_confirmed_at\":null,\"current_team_id\":null,\"profile_photo_path\":null,\"created_at\":\"2025-11-17T12:16:10.000000Z\",\"updated_at\":\"2025-12-15T19:59:48.000000Z\",\"profile_photo_url\":\"https:\\/\\/ui-avatars.com\\/api\\/?name=a&color=7F9CF5&background=EBF4FF\"}},{\"id\":3,\"product_id\":1,\"action\":\"updated\",\"description\":\"Product updated\",\"user_id\":4,\"data\":{\"image\":{\"old\":\"products\\/1767279496_aAt5VK8ElQ.jpeg\",\"new\":\"products\\/1767279556_SBJWEeXQPW.jpeg\"}},\"ip_address\":\"95.70.245.79\",\"user_agent\":\"Mozilla\\/5.0 (Windows NT 10.0; Win64; x64) AppleWebKit\\/537.36 (KHTML, like Gecko) Chrome\\/133.0.0.0 Safari\\/537.36\",\"created_at\":\"2026-01-01T14:59:16.000000Z\",\"updated_at\":\"2026-01-01T14:59:16.000000Z\",\"user\":{\"id\":4,\"name\":\"admin\",\"email\":\"admin@app.com\",\"user_type\":\"admin\",\"is_active\":true,\"preferred_language\":\"fr\",\"email_verified_at\":\"2025-11-17T12:16:10.000000Z\",\"two_factor_confirmed_at\":null,\"current_team_id\":null,\"profile_photo_path\":null,\"created_at\":\"2025-11-17T12:16:10.000000Z\",\"updated_at\":\"2025-12-15T19:59:48.000000Z\",\"profile_photo_url\":\"https:\\/\\/ui-avatars.com\\/api\\/?name=a&color=7F9CF5&background=EBF4FF\"}},{\"id\":2,\"product_id\":1,\"action\":\"stock_added\",\"description\":\"Added 500 units - Initial stock\",\"user_id\":4,\"data\":{\"quantity\":500,\"reason\":\"Initial stock\",\"previous_stock\":0,\"new_stock\":500,\"notes\":\"Product creation\"},\"ip_address\":\"95.70.245.79\",\"user_agent\":\"Mozilla\\/5.0 (Windows NT 10.0; Win64; x64) AppleWebKit\\/537.36 (KHTML, like Gecko) Chrome\\/133.0.0.0 Safari\\/537.36\",\"created_at\":\"2026-01-01T14:58:17.000000Z\",\"updated_at\":\"2026-01-01T14:58:17.000000Z\",\"user\":{\"id\":4,\"name\":\"admin\",\"email\":\"admin@app.com\",\"user_type\":\"admin\",\"is_active\":true,\"preferred_language\":\"fr\",\"email_verified_at\":\"2025-11-17T12:16:10.000000Z\",\"two_factor_confirmed_at\":null,\"current_team_id\":null,\"profile_photo_path\":null,\"created_at\":\"2025-11-17T12:16:10.000000Z\",\"updated_at\":\"2025-12-15T19:59:48.000000Z\",\"profile_photo_url\":\"https:\\/\\/ui-avatars.com\\/api\\/?name=a&color=7F9CF5&background=EBF4FF\"}},{\"id\":1,\"product_id\":1,\"action\":\"created\",\"description\":\"Product created\",\"user_id\":4,\"data\":{\"name\":\"H-0014\",\"description\":\"Taban\\u0131 mikrolayit\",\"barcode\":\"PRD721626\",\"category_id\":\"1\",\"product_type\":\"market\",\"unit\":\"pcs\",\"cost_price\":\"19.00\",\"selling_price\":\"20.00\",\"discount_price\":null,\"image\":\"products\\/1767279496_aAt5VK8ElQ.jpeg\",\"expiry_date\":null,\"is_active\":true,\"alert_quantity\":5,\"weight\":null,\"length\":null,\"width\":null,\"height\":null,\"updated_at\":\"2026-01-01T14:58:17.000000Z\",\"created_at\":\"2026-01-01T14:58:17.000000Z\",\"id\":1},\"ip_address\":\"95.70.245.79\",\"user_agent\":\"Mozilla\\/5.0 (Windows NT 10.0; Win64; x64) AppleWebKit\\/537.36 (KHTML, like Gecko) Chrome\\/133.0.0.0 Safari\\/537.36\",\"created_at\":\"2026-01-01T14:58:17.000000Z\",\"updated_at\":\"2026-01-01T14:58:17.000000Z\",\"user\":{\"id\":4,\"name\":\"admin\",\"email\":\"admin@app.com\",\"user_type\":\"admin\",\"is_active\":true,\"preferred_language\":\"fr\",\"email_verified_at\":\"2025-11-17T12:16:10.000000Z\",\"two_factor_confirmed_at\":null,\"current_team_id\":null,\"profile_photo_path\":null,\"created_at\":\"2025-11-17T12:16:10.000000Z\",\"updated_at\":\"2025-12-15T19:59:48.000000Z\",\"profile_photo_url\":\"https:\\/\\/ui-avatars.com\\/api\\/?name=a&color=7F9CF5&background=EBF4FF\"}}]}','95.70.244.109','Mozilla/5.0 (Windows NT 10.0; Win64; x64) AppleWebKit/537.36 (KHTML, like Gecko) Chrome/133.0.0.0 Safari/537.36','2026-01-08 05:22:24','2026-01-08 05:22:24'),
(29,2,'deleted','Product deleted',4,'{\"id\":2,\"name\":\"Hilal\",\"description\":null,\"barcode\":\"PRD284597\",\"category_id\":1,\"product_type\":\"store\",\"unit\":\"pcs\",\"alert_quantity\":5,\"cost_price\":\"19.00\",\"selling_price\":\"20.00\",\"discount_price\":null,\"image\":\"products\\/1767769471_UrEdUn6ZyF.jpeg\",\"expiry_date\":null,\"is_active\":true,\"weight\":null,\"length\":null,\"width\":null,\"height\":null,\"created_at\":\"2026-01-07T07:04:32.000000Z\",\"updated_at\":\"2026-01-07T07:04:32.000000Z\",\"deleted_at\":null,\"category\":{\"id\":1,\"name\":\"Sandale\",\"description\":null,\"image\":null,\"is_active\":true,\"created_at\":\"2026-01-01T14:31:54.000000Z\",\"updated_at\":\"2026-01-01T14:31:54.000000Z\"},\"inventory\":{\"id\":2,\"product_id\":2,\"current_stock\":20,\"reserved_stock\":0,\"available_stock\":20,\"last_stock_update\":\"2026-01-07T07:04:32.000000Z\",\"last_updated_by\":4,\"created_at\":\"2026-01-07T07:04:32.000000Z\",\"updated_at\":\"2026-01-07T07:04:32.000000Z\"},\"history\":[{\"id\":6,\"product_id\":2,\"action\":\"stock_added\",\"description\":\"Added 20 units - Initial stock\",\"user_id\":4,\"data\":{\"quantity\":20,\"reason\":\"Initial stock\",\"previous_stock\":0,\"new_stock\":20,\"notes\":\"Product creation\"},\"ip_address\":\"95.70.229.3\",\"user_agent\":\"Mozilla\\/5.0 (Windows NT 10.0; Win64; x64) AppleWebKit\\/537.36 (KHTML, like Gecko) Chrome\\/133.0.0.0 Safari\\/537.36\",\"created_at\":\"2026-01-07T07:04:32.000000Z\",\"updated_at\":\"2026-01-07T07:04:32.000000Z\",\"user\":{\"id\":4,\"name\":\"admin\",\"email\":\"admin@app.com\",\"user_type\":\"admin\",\"is_active\":true,\"preferred_language\":\"fr\",\"email_verified_at\":\"2025-11-17T12:16:10.000000Z\",\"two_factor_confirmed_at\":null,\"current_team_id\":null,\"profile_photo_path\":null,\"created_at\":\"2025-11-17T12:16:10.000000Z\",\"updated_at\":\"2025-12-15T19:59:48.000000Z\",\"profile_photo_url\":\"https:\\/\\/ui-avatars.com\\/api\\/?name=a&color=7F9CF5&background=EBF4FF\"}},{\"id\":5,\"product_id\":2,\"action\":\"created\",\"description\":\"Product created\",\"user_id\":4,\"data\":{\"name\":\"Hilal\",\"description\":null,\"barcode\":\"PRD284597\",\"category_id\":\"1\",\"product_type\":\"store\",\"unit\":\"pcs\",\"cost_price\":\"19.00\",\"selling_price\":\"20.00\",\"image\":\"products\\/1767769471_UrEdUn6ZyF.jpeg\",\"expiry_date\":null,\"is_active\":true,\"alert_quantity\":5,\"weight\":null,\"length\":null,\"width\":null,\"height\":null,\"updated_at\":\"2026-01-07T07:04:32.000000Z\",\"created_at\":\"2026-01-07T07:04:32.000000Z\",\"id\":2},\"ip_address\":\"95.70.229.3\",\"user_agent\":\"Mozilla\\/5.0 (Windows NT 10.0; Win64; x64) AppleWebKit\\/537.36 (KHTML, like Gecko) Chrome\\/133.0.0.0 Safari\\/537.36\",\"created_at\":\"2026-01-07T07:04:32.000000Z\",\"updated_at\":\"2026-01-07T07:04:32.000000Z\",\"user\":{\"id\":4,\"name\":\"admin\",\"email\":\"admin@app.com\",\"user_type\":\"admin\",\"is_active\":true,\"preferred_language\":\"fr\",\"email_verified_at\":\"2025-11-17T12:16:10.000000Z\",\"two_factor_confirmed_at\":null,\"current_team_id\":null,\"profile_photo_path\":null,\"created_at\":\"2025-11-17T12:16:10.000000Z\",\"updated_at\":\"2025-12-15T19:59:48.000000Z\",\"profile_photo_url\":\"https:\\/\\/ui-avatars.com\\/api\\/?name=a&color=7F9CF5&background=EBF4FF\"}}]}','95.70.244.109','Mozilla/5.0 (Windows NT 10.0; Win64; x64) AppleWebKit/537.36 (KHTML, like Gecko) Chrome/133.0.0.0 Safari/537.36','2026-01-08 05:23:25','2026-01-08 05:23:25'),
(30,13,'created','Product created',4,'{\"name\":\"HS\",\"description\":\"3X41  4X42  6X43  4X44  3X45\\r\\n\\r\\nMikro Taban\",\"barcode\":\"PRD562093\",\"category_id\":\"1\",\"product_type\":\"store\",\"unit\":\"pcs\",\"cost_price\":\"19.00\",\"selling_price\":\"20.00\",\"image\":\"products\\/1767860651_doMn6lZw1Q.jpeg\",\"expiry_date\":null,\"is_active\":true,\"alert_quantity\":5,\"weight\":null,\"length\":null,\"width\":null,\"height\":null,\"updated_at\":\"2026-01-08T08:24:11.000000Z\",\"created_at\":\"2026-01-08T08:24:11.000000Z\",\"id\":13}','95.70.244.109','Mozilla/5.0 (Windows NT 10.0; Win64; x64) AppleWebKit/537.36 (KHTML, like Gecko) Chrome/133.0.0.0 Safari/537.36','2026-01-08 05:24:12','2026-01-08 05:24:12'),
(31,13,'stock_added','Added 20 units - Initial stock',4,'{\"quantity\":20,\"reason\":\"Initial stock\",\"previous_stock\":0,\"new_stock\":20,\"notes\":\"Product creation\"}','95.70.244.109','Mozilla/5.0 (Windows NT 10.0; Win64; x64) AppleWebKit/537.36 (KHTML, like Gecko) Chrome/133.0.0.0 Safari/537.36','2026-01-08 05:24:12','2026-01-08 05:24:12'),
(32,14,'created','Product created',4,'{\"name\":\"HS\",\"description\":\"3X41  4X42  6X43  4X44  3X45\\r\\n\\r\\nMikro Taban\",\"barcode\":\"PRD699966\",\"category_id\":\"1\",\"product_type\":\"store\",\"unit\":\"pcs\",\"cost_price\":\"19.00\",\"selling_price\":\"20.00\",\"image\":\"products\\/1767860705_QdpJI8WDWb.jpeg\",\"expiry_date\":null,\"is_active\":true,\"alert_quantity\":5,\"weight\":null,\"length\":null,\"width\":null,\"height\":null,\"updated_at\":\"2026-01-08T08:25:05.000000Z\",\"created_at\":\"2026-01-08T08:25:05.000000Z\",\"id\":14}','95.70.244.109','Mozilla/5.0 (Windows NT 10.0; Win64; x64) AppleWebKit/537.36 (KHTML, like Gecko) Chrome/133.0.0.0 Safari/537.36','2026-01-08 05:25:05','2026-01-08 05:25:05'),
(33,14,'stock_added','Added 20 units - Initial stock',4,'{\"quantity\":20,\"reason\":\"Initial stock\",\"previous_stock\":0,\"new_stock\":20,\"notes\":\"Product creation\"}','95.70.244.109','Mozilla/5.0 (Windows NT 10.0; Win64; x64) AppleWebKit/537.36 (KHTML, like Gecko) Chrome/133.0.0.0 Safari/537.36','2026-01-08 05:25:05','2026-01-08 05:25:05'),
(34,15,'created','Product created',4,'{\"name\":\"HS\",\"description\":\"3X41  4X42  6X43  4X44  3X45\\r\\n\\r\\nMikro Taban\",\"barcode\":\"PRD441823\",\"category_id\":\"1\",\"product_type\":\"store\",\"unit\":\"pcs\",\"cost_price\":\"19.00\",\"selling_price\":\"20.00\",\"image\":\"products\\/1767860764_VL3OStkvcL.jpeg\",\"expiry_date\":null,\"is_active\":true,\"alert_quantity\":5,\"weight\":null,\"length\":null,\"width\":null,\"height\":null,\"updated_at\":\"2026-01-08T08:26:04.000000Z\",\"created_at\":\"2026-01-08T08:26:04.000000Z\",\"id\":15}','95.70.244.109','Mozilla/5.0 (Windows NT 10.0; Win64; x64) AppleWebKit/537.36 (KHTML, like Gecko) Chrome/133.0.0.0 Safari/537.36','2026-01-08 05:26:04','2026-01-08 05:26:04'),
(35,15,'stock_added','Added 20 units - Initial stock',4,'{\"quantity\":20,\"reason\":\"Initial stock\",\"previous_stock\":0,\"new_stock\":20,\"notes\":\"Product creation\"}','95.70.244.109','Mozilla/5.0 (Windows NT 10.0; Win64; x64) AppleWebKit/537.36 (KHTML, like Gecko) Chrome/133.0.0.0 Safari/537.36','2026-01-08 05:26:04','2026-01-08 05:26:04'),
(36,16,'created','Product created',4,'{\"name\":\"HS\",\"description\":\"3X41  4X42  6X43  4X44  3X45\\r\\n\\r\\nMikro Taban\",\"barcode\":\"PRD614598\",\"category_id\":\"1\",\"product_type\":\"store\",\"unit\":\"pcs\",\"cost_price\":\"19.00\",\"selling_price\":\"20.00\",\"image\":\"products\\/1767860801_WaKNZKJNQE.jpeg\",\"expiry_date\":null,\"is_active\":true,\"alert_quantity\":5,\"weight\":null,\"length\":null,\"width\":null,\"height\":null,\"updated_at\":\"2026-01-08T08:26:41.000000Z\",\"created_at\":\"2026-01-08T08:26:41.000000Z\",\"id\":16}','95.70.244.109','Mozilla/5.0 (Windows NT 10.0; Win64; x64) AppleWebKit/537.36 (KHTML, like Gecko) Chrome/133.0.0.0 Safari/537.36','2026-01-08 05:26:41','2026-01-08 05:26:41'),
(37,16,'stock_added','Added 20 units - Initial stock',4,'{\"quantity\":20,\"reason\":\"Initial stock\",\"previous_stock\":0,\"new_stock\":20,\"notes\":\"Product creation\"}','95.70.244.109','Mozilla/5.0 (Windows NT 10.0; Win64; x64) AppleWebKit/537.36 (KHTML, like Gecko) Chrome/133.0.0.0 Safari/537.36','2026-01-08 05:26:41','2026-01-08 05:26:41'),
(38,17,'created','Product created',4,'{\"name\":\"HS\",\"description\":\"3X41  4X42  6X43  4X44  3X45\\r\\n\\r\\nMikro Taban\",\"barcode\":\"PRD126827\",\"category_id\":\"1\",\"product_type\":\"store\",\"unit\":\"pcs\",\"cost_price\":\"19.00\",\"selling_price\":\"20.00\",\"image\":\"products\\/1767864871_rOZ7hVcJrU.jpeg\",\"expiry_date\":null,\"is_active\":true,\"alert_quantity\":5,\"weight\":null,\"length\":null,\"width\":null,\"height\":null,\"updated_at\":\"2026-01-08T09:34:31.000000Z\",\"created_at\":\"2026-01-08T09:34:31.000000Z\",\"id\":17}','95.70.244.109','Mozilla/5.0 (Windows NT 10.0; Win64; x64) AppleWebKit/537.36 (KHTML, like Gecko) Chrome/133.0.0.0 Safari/537.36','2026-01-08 06:34:31','2026-01-08 06:34:31'),
(39,17,'stock_added','Added 20 units - Initial stock',4,'{\"quantity\":20,\"reason\":\"Initial stock\",\"previous_stock\":0,\"new_stock\":20,\"notes\":\"Product creation\"}','95.70.244.109','Mozilla/5.0 (Windows NT 10.0; Win64; x64) AppleWebKit/537.36 (KHTML, like Gecko) Chrome/133.0.0.0 Safari/537.36','2026-01-08 06:34:31','2026-01-08 06:34:31'),
(40,18,'created','Product created',4,'{\"name\":\"HS\",\"description\":\"3X41  4X42  6X43  4X44  3X45\\r\\n\\r\\nMikro Taban\",\"barcode\":\"PRD200652\",\"category_id\":\"1\",\"product_type\":\"store\",\"unit\":\"pcs\",\"cost_price\":\"19.00\",\"selling_price\":\"20.00\",\"image\":\"products\\/1767864932_wvdQH6jNor.jpeg\",\"expiry_date\":null,\"is_active\":true,\"alert_quantity\":5,\"weight\":null,\"length\":null,\"width\":null,\"height\":null,\"updated_at\":\"2026-01-08T09:35:32.000000Z\",\"created_at\":\"2026-01-08T09:35:32.000000Z\",\"id\":18}','95.70.244.109','Mozilla/5.0 (Windows NT 10.0; Win64; x64) AppleWebKit/537.36 (KHTML, like Gecko) Chrome/133.0.0.0 Safari/537.36','2026-01-08 06:35:32','2026-01-08 06:35:32'),
(41,18,'stock_added','Added 20 units - Initial stock',4,'{\"quantity\":20,\"reason\":\"Initial stock\",\"previous_stock\":0,\"new_stock\":20,\"notes\":\"Product creation\"}','95.70.244.109','Mozilla/5.0 (Windows NT 10.0; Win64; x64) AppleWebKit/537.36 (KHTML, like Gecko) Chrome/133.0.0.0 Safari/537.36','2026-01-08 06:35:32','2026-01-08 06:35:32'),
(42,19,'created','Product created',4,'{\"name\":\"HB\",\"description\":\"10X41   15X42   15X43   5X44   5X45\\r\\n\\r\\nMikro Taban\",\"barcode\":\"PRD583104\",\"category_id\":\"2\",\"product_type\":\"store\",\"unit\":\"pcs\",\"cost_price\":\"19.00\",\"selling_price\":\"20.00\",\"image\":\"products\\/1767865241_rogD0NTnpg.jpeg\",\"expiry_date\":null,\"is_active\":true,\"alert_quantity\":5,\"weight\":null,\"length\":null,\"width\":null,\"height\":null,\"updated_at\":\"2026-01-08T09:40:41.000000Z\",\"created_at\":\"2026-01-08T09:40:41.000000Z\",\"id\":19}','31.223.49.6','Mozilla/5.0 (Windows NT 10.0; Win64; x64) AppleWebKit/537.36 (KHTML, like Gecko) Chrome/133.0.0.0 Safari/537.36','2026-01-08 06:40:42','2026-01-08 06:40:42'),
(43,19,'stock_added','Added 50 units - Initial stock',4,'{\"quantity\":50,\"reason\":\"Initial stock\",\"previous_stock\":0,\"new_stock\":50,\"notes\":\"Product creation\"}','31.223.49.6','Mozilla/5.0 (Windows NT 10.0; Win64; x64) AppleWebKit/537.36 (KHTML, like Gecko) Chrome/133.0.0.0 Safari/537.36','2026-01-08 06:40:42','2026-01-08 06:40:42'),
(44,20,'created','Product created',4,'{\"name\":\"HS\",\"description\":\"10X41  15X42  15X43  5X44  5X45\\r\\n\\r\\nMikro Taban\",\"barcode\":\"PRD860567\",\"category_id\":\"1\",\"product_type\":\"store\",\"unit\":\"pcs\",\"cost_price\":\"19.00\",\"selling_price\":\"20.00\",\"image\":\"products\\/1767865341_n7tDKPaVOR.jpeg\",\"expiry_date\":null,\"is_active\":true,\"alert_quantity\":5,\"weight\":null,\"length\":null,\"width\":null,\"height\":null,\"updated_at\":\"2026-01-08T09:42:21.000000Z\",\"created_at\":\"2026-01-08T09:42:21.000000Z\",\"id\":20}','31.223.49.6','Mozilla/5.0 (Windows NT 10.0; Win64; x64) AppleWebKit/537.36 (KHTML, like Gecko) Chrome/133.0.0.0 Safari/537.36','2026-01-08 06:42:21','2026-01-08 06:42:21'),
(45,20,'stock_added','Added 50 units - Initial stock',4,'{\"quantity\":50,\"reason\":\"Initial stock\",\"previous_stock\":0,\"new_stock\":50,\"notes\":\"Product creation\"}','31.223.49.6','Mozilla/5.0 (Windows NT 10.0; Win64; x64) AppleWebKit/537.36 (KHTML, like Gecko) Chrome/133.0.0.0 Safari/537.36','2026-01-08 06:42:21','2026-01-08 06:42:21'),
(46,21,'created','Product created',4,'{\"name\":\"HB\",\"description\":\"6X41   8X42   8X43   4X44   4X45\\r\\n\\r\\nMikro Taban\",\"barcode\":\"PRD752776\",\"category_id\":\"2\",\"product_type\":\"store\",\"unit\":\"pcs\",\"cost_price\":\"19.00\",\"selling_price\":\"20.00\",\"image\":\"products\\/1767865515_kYYm20zZx2.jpeg\",\"expiry_date\":null,\"is_active\":true,\"alert_quantity\":5,\"weight\":null,\"length\":null,\"width\":null,\"height\":null,\"updated_at\":\"2026-01-08T09:45:15.000000Z\",\"created_at\":\"2026-01-08T09:45:15.000000Z\",\"id\":21}','31.223.49.6','Mozilla/5.0 (Windows NT 10.0; Win64; x64) AppleWebKit/537.36 (KHTML, like Gecko) Chrome/133.0.0.0 Safari/537.36','2026-01-08 06:45:15','2026-01-08 06:45:15'),
(47,21,'stock_added','Added 30 units - Initial stock',4,'{\"quantity\":30,\"reason\":\"Initial stock\",\"previous_stock\":0,\"new_stock\":30,\"notes\":\"Product creation\"}','31.223.49.6','Mozilla/5.0 (Windows NT 10.0; Win64; x64) AppleWebKit/537.36 (KHTML, like Gecko) Chrome/133.0.0.0 Safari/537.36','2026-01-08 06:45:15','2026-01-08 06:45:15'),
(48,22,'created','Product created',4,'{\"name\":\"HB\",\"description\":\"6x41   8x42    8x43    4x44    4x45\\r\\n\\r\\nMikro Taban\",\"barcode\":\"PRD802335\",\"category_id\":\"2\",\"product_type\":\"store\",\"unit\":\"pcs\",\"cost_price\":\"19.00\",\"selling_price\":\"20.00\",\"image\":\"products\\/1767865665_uLYBKZk55F.jpeg\",\"expiry_date\":null,\"is_active\":true,\"alert_quantity\":5,\"weight\":null,\"length\":null,\"width\":null,\"height\":null,\"updated_at\":\"2026-01-08T09:47:45.000000Z\",\"created_at\":\"2026-01-08T09:47:45.000000Z\",\"id\":22}','31.223.49.6','Mozilla/5.0 (Windows NT 10.0; Win64; x64) AppleWebKit/537.36 (KHTML, like Gecko) Chrome/133.0.0.0 Safari/537.36','2026-01-08 06:47:45','2026-01-08 06:47:45'),
(49,22,'stock_added','Added 30 units - Initial stock',4,'{\"quantity\":30,\"reason\":\"Initial stock\",\"previous_stock\":0,\"new_stock\":30,\"notes\":\"Product creation\"}','31.223.49.6','Mozilla/5.0 (Windows NT 10.0; Win64; x64) AppleWebKit/537.36 (KHTML, like Gecko) Chrome/133.0.0.0 Safari/537.36','2026-01-08 06:47:45','2026-01-08 06:47:45'),
(50,23,'created','Product created',4,'{\"name\":\"HS\",\"description\":\"3x41   4x42   6x43   4x44   3x45\",\"barcode\":\"PRD015133\",\"category_id\":\"1\",\"product_type\":\"store\",\"unit\":\"pcs\",\"cost_price\":\"19.00\",\"selling_price\":\"20.00\",\"image\":\"products\\/1767865791_Pe99kcv4Vx.jpeg\",\"expiry_date\":null,\"is_active\":true,\"alert_quantity\":5,\"weight\":null,\"length\":null,\"width\":null,\"height\":null,\"updated_at\":\"2026-01-08T09:49:51.000000Z\",\"created_at\":\"2026-01-08T09:49:51.000000Z\",\"id\":23}','31.223.49.6','Mozilla/5.0 (Windows NT 10.0; Win64; x64) AppleWebKit/537.36 (KHTML, like Gecko) Chrome/133.0.0.0 Safari/537.36','2026-01-08 06:49:51','2026-01-08 06:49:51'),
(51,23,'stock_added','Added 20 units - Initial stock',4,'{\"quantity\":20,\"reason\":\"Initial stock\",\"previous_stock\":0,\"new_stock\":20,\"notes\":\"Product creation\"}','31.223.49.6','Mozilla/5.0 (Windows NT 10.0; Win64; x64) AppleWebKit/537.36 (KHTML, like Gecko) Chrome/133.0.0.0 Safari/537.36','2026-01-08 06:49:51','2026-01-08 06:49:51'),
(52,24,'created','Product created',4,'{\"name\":\"Hilal 2000C\",\"description\":\"2X40   3X41   4X42   4X43  3X44  2X45\",\"barcode\":\"PRD418332\",\"category_id\":\"1\",\"product_type\":\"market\",\"unit\":\"pcs\",\"cost_price\":\"23.00\",\"selling_price\":\"27.00\",\"expiry_date\":null,\"is_active\":true,\"alert_quantity\":5,\"weight\":null,\"length\":null,\"width\":null,\"height\":null,\"updated_at\":\"2026-01-10T10:44:21.000000Z\",\"created_at\":\"2026-01-10T10:44:21.000000Z\",\"id\":24}','31.223.49.81','Mozilla/5.0 (Windows NT 10.0; Win64; x64) AppleWebKit/537.36 (KHTML, like Gecko) Chrome/133.0.0.0 Safari/537.36','2026-01-10 07:44:21','2026-01-10 07:44:21'),
(53,24,'stock_added','Added 18 units - Initial stock',4,'{\"quantity\":18,\"reason\":\"Initial stock\",\"previous_stock\":0,\"new_stock\":18,\"notes\":\"Product creation\"}','31.223.49.81','Mozilla/5.0 (Windows NT 10.0; Win64; x64) AppleWebKit/537.36 (KHTML, like Gecko) Chrome/133.0.0.0 Safari/537.36','2026-01-10 07:44:21','2026-01-10 07:44:21'),
(54,25,'created','Product created',4,'{\"name\":\"Hilal 2000S\",\"description\":\"2X39   2X40   6X41   8X42   8X43  8X44   6X45\",\"barcode\":\"PRD955183\",\"category_id\":\"1\",\"product_type\":\"market\",\"unit\":\"pcs\",\"cost_price\":\"23.00\",\"selling_price\":\"27.00\",\"image\":\"products\\/1768042122_3Fj7pbyH84.jpeg\",\"expiry_date\":null,\"is_active\":true,\"alert_quantity\":5,\"weight\":null,\"length\":null,\"width\":null,\"height\":null,\"updated_at\":\"2026-01-10T10:48:42.000000Z\",\"created_at\":\"2026-01-10T10:48:42.000000Z\",\"id\":25}','31.223.49.81','Mozilla/5.0 (Windows NT 10.0; Win64; x64) AppleWebKit/537.36 (KHTML, like Gecko) Chrome/133.0.0.0 Safari/537.36','2026-01-10 07:48:42','2026-01-10 07:48:42'),
(55,25,'stock_added','Added 40 units - Initial stock',4,'{\"quantity\":40,\"reason\":\"Initial stock\",\"previous_stock\":0,\"new_stock\":40,\"notes\":\"Product creation\"}','31.223.49.81','Mozilla/5.0 (Windows NT 10.0; Win64; x64) AppleWebKit/537.36 (KHTML, like Gecko) Chrome/133.0.0.0 Safari/537.36','2026-01-10 07:48:42','2026-01-10 07:48:42'),
(56,26,'created','Product created',4,'{\"name\":\"Hilal 2000G\",\"description\":\"1X39   1X40   3X41   4X42    4X43    4X44   3X45\",\"barcode\":\"PRD690795\",\"category_id\":\"1\",\"product_type\":\"market\",\"unit\":\"pcs\",\"cost_price\":\"23.00\",\"selling_price\":\"27.00\",\"image\":\"products\\/1768042358_ENeG04YBWP.jpeg\",\"expiry_date\":null,\"is_active\":true,\"alert_quantity\":5,\"weight\":null,\"length\":null,\"width\":null,\"height\":null,\"updated_at\":\"2026-01-10T10:52:38.000000Z\",\"created_at\":\"2026-01-10T10:52:38.000000Z\",\"id\":26}','31.223.49.81','Mozilla/5.0 (Windows NT 10.0; Win64; x64) AppleWebKit/537.36 (KHTML, like Gecko) Chrome/133.0.0.0 Safari/537.36','2026-01-10 07:52:38','2026-01-10 07:52:38'),
(57,26,'stock_added','Added 20 units - Initial stock',4,'{\"quantity\":20,\"reason\":\"Initial stock\",\"previous_stock\":0,\"new_stock\":20,\"notes\":\"Product creation\"}','31.223.49.81','Mozilla/5.0 (Windows NT 10.0; Win64; x64) AppleWebKit/537.36 (KHTML, like Gecko) Chrome/133.0.0.0 Safari/537.36','2026-01-10 07:52:38','2026-01-10 07:52:38'),
(58,26,'price_changed','Product pricing updated',4,'{\"old_prices\":{\"cost_price\":\"23.00\",\"selling_price\":\"27.00\",\"discount_price\":null},\"new_prices\":{\"cost_price\":\"23.00\",\"selling_price\":\"30.00\",\"discount_price\":null}}','159.146.51.16','Mozilla/5.0 (Windows NT 10.0; Win64; x64) AppleWebKit/537.36 (KHTML, like Gecko) Chrome/133.0.0.0 Safari/537.36','2026-01-17 03:14:42','2026-01-17 03:14:42'),
(59,26,'updated','Product updated',4,'{\"name\":{\"old\":\"Hilal 2000G\",\"new\":\"IST STOK 1\"},\"description\":{\"old\":\"1X39   1X40   3X41   4X42    4X43    4X44   3X45\",\"new\":null},\"selling_price\":{\"old\":\"27.00\",\"new\":\"30\"},\"image\":{\"old\":\"products\\/1768042358_ENeG04YBWP.jpeg\",\"new\":\"products\\/1768630482_bOSTopK0a7.jpg\"}}','159.146.51.16','Mozilla/5.0 (Windows NT 10.0; Win64; x64) AppleWebKit/537.36 (KHTML, like Gecko) Chrome/133.0.0.0 Safari/537.36','2026-01-17 03:14:42','2026-01-17 03:14:42'),
(60,23,'price_changed','Product pricing updated',4,'{\"old_prices\":{\"cost_price\":\"19.00\",\"selling_price\":\"20.00\",\"discount_price\":null},\"new_prices\":{\"cost_price\":\"19.00\",\"selling_price\":\"30.00\",\"discount_price\":null}}','159.146.51.16','Mozilla/5.0 (Windows NT 10.0; Win64; x64) AppleWebKit/537.36 (KHTML, like Gecko) Chrome/133.0.0.0 Safari/537.36','2026-01-17 03:18:36','2026-01-17 03:18:36'),
(61,23,'updated','Product updated',4,'{\"product_type\":{\"old\":\"store\",\"new\":\"market\"},\"selling_price\":{\"old\":\"20.00\",\"new\":\"30\"}}','159.146.51.16','Mozilla/5.0 (Windows NT 10.0; Win64; x64) AppleWebKit/537.36 (KHTML, like Gecko) Chrome/133.0.0.0 Safari/537.36','2026-01-17 03:18:36','2026-01-17 03:18:36'),
(62,25,'updated','Product updated',4,'{\"description\":{\"old\":\"2X39   2X40   6X41   8X42   8X43  8X44   6X45\",\"new\":\"1X39   1X40    3X42   1X43  2X44   45\"}}','31.223.49.69','Mozilla/5.0 (Windows NT 10.0; Win64; x64) AppleWebKit/537.36 (KHTML, like Gecko) Chrome/133.0.0.0 Safari/537.36','2026-01-17 05:09:19','2026-01-17 05:09:19'),
(63,25,'stock_removed','Removed 31 units - Manual adjustment',4,'{\"quantity\":31,\"reason\":\"Manual adjustment\",\"previous_stock\":40,\"new_stock\":9,\"notes\":null}','31.223.49.69','Mozilla/5.0 (Windows NT 10.0; Win64; x64) AppleWebKit/537.36 (KHTML, like Gecko) Chrome/133.0.0.0 Safari/537.36','2026-01-17 05:10:21','2026-01-17 05:10:21'),
(64,26,'stock_added','Added 192 units - Manual adjustment',4,'{\"quantity\":192,\"reason\":\"Manual adjustment\",\"previous_stock\":20,\"new_stock\":212,\"notes\":null}','31.223.49.69','Mozilla/5.0 (Windows NT 10.0; Win64; x64) AppleWebKit/537.36 (KHTML, like Gecko) Chrome/133.0.0.0 Safari/537.36','2026-01-17 05:12:29','2026-01-17 05:12:29'),
(65,25,'price_changed','Product pricing updated',4,'{\"old_prices\":{\"cost_price\":\"23.00\",\"selling_price\":\"27.00\",\"discount_price\":null},\"new_prices\":{\"cost_price\":\"23.00\",\"selling_price\":\"30.00\",\"discount_price\":null}}','31.223.49.69','Mozilla/5.0 (Windows NT 10.0; Win64; x64) AppleWebKit/537.36 (KHTML, like Gecko) Chrome/133.0.0.0 Safari/537.36','2026-01-17 05:13:43','2026-01-17 05:13:43'),
(66,25,'updated','Product updated',4,'{\"selling_price\":{\"old\":\"27.00\",\"new\":\"30\"}}','31.223.49.69','Mozilla/5.0 (Windows NT 10.0; Win64; x64) AppleWebKit/537.36 (KHTML, like Gecko) Chrome/133.0.0.0 Safari/537.36','2026-01-17 05:13:43','2026-01-17 05:13:43'),
(67,24,'price_changed','Product pricing updated',4,'{\"old_prices\":{\"cost_price\":\"23.00\",\"selling_price\":\"27.00\",\"discount_price\":null},\"new_prices\":{\"cost_price\":\"23.00\",\"selling_price\":\"30.00\",\"discount_price\":null}}','31.223.49.69','Mozilla/5.0 (Windows NT 10.0; Win64; x64) AppleWebKit/537.36 (KHTML, like Gecko) Chrome/133.0.0.0 Safari/537.36','2026-01-17 05:16:18','2026-01-17 05:16:18'),
(68,24,'updated','Product updated',4,'{\"description\":{\"old\":\"2X40   3X41   4X42   4X43  3X44  2X45\",\"new\":\"1X41\\r\\n2X42\\r\\n3X43\\r\\n4X44\\r\\n3X45\"},\"selling_price\":{\"old\":\"27.00\",\"new\":\"30\"},\"image\":{\"old\":\"products\\/1768041878_Gd4qsVO62V.jpeg\",\"new\":\"products\\/1768637777_rseRpiF272.jpeg\"}}','31.223.49.69','Mozilla/5.0 (Windows NT 10.0; Win64; x64) AppleWebKit/537.36 (KHTML, like Gecko) Chrome/133.0.0.0 Safari/537.36','2026-01-17 05:16:18','2026-01-17 05:16:18'),
(69,24,'stock_removed','Removed 5 units - Manual adjustment',4,'{\"quantity\":5,\"reason\":\"Manual adjustment\",\"previous_stock\":18,\"new_stock\":13,\"notes\":null}','31.223.49.69','Mozilla/5.0 (Windows NT 10.0; Win64; x64) AppleWebKit/537.36 (KHTML, like Gecko) Chrome/133.0.0.0 Safari/537.36','2026-01-17 05:32:49','2026-01-17 05:32:49'),
(70,20,'price_changed','Product pricing updated',4,'{\"old_prices\":{\"cost_price\":\"19.00\",\"selling_price\":\"20.00\",\"discount_price\":null},\"new_prices\":{\"cost_price\":\"23.00\",\"selling_price\":\"30.00\",\"discount_price\":null}}','31.223.49.69','Mozilla/5.0 (Windows NT 10.0; Win64; x64) AppleWebKit/537.36 (KHTML, like Gecko) Chrome/133.0.0.0 Safari/537.36','2026-01-17 05:51:22','2026-01-17 05:51:22'),
(71,20,'updated','Product updated',4,'{\"product_type\":{\"old\":\"store\",\"new\":\"market\"},\"cost_price\":{\"old\":\"19.00\",\"new\":\"23\"},\"selling_price\":{\"old\":\"20.00\",\"new\":\"30\"}}','31.223.49.69','Mozilla/5.0 (Windows NT 10.0; Win64; x64) AppleWebKit/537.36 (KHTML, like Gecko) Chrome/133.0.0.0 Safari/537.36','2026-01-17 05:51:22','2026-01-17 05:51:22'),
(72,18,'price_changed','Product pricing updated',4,'{\"old_prices\":{\"cost_price\":\"19.00\",\"selling_price\":\"20.00\",\"discount_price\":null},\"new_prices\":{\"cost_price\":\"23.00\",\"selling_price\":\"30.00\",\"discount_price\":null}}','31.223.49.69','Mozilla/5.0 (Windows NT 10.0; Win64; x64) AppleWebKit/537.36 (KHTML, like Gecko) Chrome/133.0.0.0 Safari/537.36','2026-01-17 05:52:10','2026-01-17 05:52:10'),
(73,18,'updated','Product updated',4,'{\"product_type\":{\"old\":\"store\",\"new\":\"market\"},\"cost_price\":{\"old\":\"19.00\",\"new\":\"23\"},\"selling_price\":{\"old\":\"20.00\",\"new\":\"30\"}}','31.223.49.69','Mozilla/5.0 (Windows NT 10.0; Win64; x64) AppleWebKit/537.36 (KHTML, like Gecko) Chrome/133.0.0.0 Safari/537.36','2026-01-17 05:52:10','2026-01-17 05:52:10'),
(74,17,'price_changed','Product pricing updated',4,'{\"old_prices\":{\"cost_price\":\"19.00\",\"selling_price\":\"20.00\",\"discount_price\":null},\"new_prices\":{\"cost_price\":\"23.00\",\"selling_price\":\"30.00\",\"discount_price\":null}}','31.223.49.69','Mozilla/5.0 (Windows NT 10.0; Win64; x64) AppleWebKit/537.36 (KHTML, like Gecko) Chrome/133.0.0.0 Safari/537.36','2026-01-17 05:52:55','2026-01-17 05:52:55'),
(75,17,'updated','Product updated',4,'{\"product_type\":{\"old\":\"store\",\"new\":\"market\"},\"cost_price\":{\"old\":\"19.00\",\"new\":\"23\"},\"selling_price\":{\"old\":\"20.00\",\"new\":\"30\"}}','31.223.49.69','Mozilla/5.0 (Windows NT 10.0; Win64; x64) AppleWebKit/537.36 (KHTML, like Gecko) Chrome/133.0.0.0 Safari/537.36','2026-01-17 05:52:55','2026-01-17 05:52:55'),
(76,16,'price_changed','Product pricing updated',4,'{\"old_prices\":{\"cost_price\":\"19.00\",\"selling_price\":\"20.00\",\"discount_price\":null},\"new_prices\":{\"cost_price\":\"23.00\",\"selling_price\":\"30.00\",\"discount_price\":null}}','31.223.49.69','Mozilla/5.0 (Windows NT 10.0; Win64; x64) AppleWebKit/537.36 (KHTML, like Gecko) Chrome/133.0.0.0 Safari/537.36','2026-01-17 05:53:36','2026-01-17 05:53:36'),
(77,16,'updated','Product updated',4,'{\"cost_price\":{\"old\":\"19.00\",\"new\":\"23\"},\"selling_price\":{\"old\":\"20.00\",\"new\":\"30\"}}','31.223.49.69','Mozilla/5.0 (Windows NT 10.0; Win64; x64) AppleWebKit/537.36 (KHTML, like Gecko) Chrome/133.0.0.0 Safari/537.36','2026-01-17 05:53:36','2026-01-17 05:53:36'),
(78,16,'updated','Product updated',4,'{\"product_type\":{\"old\":\"store\",\"new\":\"market\"}}','31.223.49.69','Mozilla/5.0 (Windows NT 10.0; Win64; x64) AppleWebKit/537.36 (KHTML, like Gecko) Chrome/133.0.0.0 Safari/537.36','2026-01-17 05:53:47','2026-01-17 05:53:47'),
(79,15,'price_changed','Product pricing updated',4,'{\"old_prices\":{\"cost_price\":\"19.00\",\"selling_price\":\"20.00\",\"discount_price\":null},\"new_prices\":{\"cost_price\":\"23.00\",\"selling_price\":\"30.00\",\"discount_price\":null}}','31.223.49.69','Mozilla/5.0 (Windows NT 10.0; Win64; x64) AppleWebKit/537.36 (KHTML, like Gecko) Chrome/133.0.0.0 Safari/537.36','2026-01-17 05:54:55','2026-01-17 05:54:55'),
(80,15,'updated','Product updated',4,'{\"product_type\":{\"old\":\"store\",\"new\":\"market\"},\"cost_price\":{\"old\":\"19.00\",\"new\":\"23\"},\"selling_price\":{\"old\":\"20.00\",\"new\":\"30\"}}','31.223.49.69','Mozilla/5.0 (Windows NT 10.0; Win64; x64) AppleWebKit/537.36 (KHTML, like Gecko) Chrome/133.0.0.0 Safari/537.36','2026-01-17 05:54:55','2026-01-17 05:54:55'),
(81,14,'price_changed','Product pricing updated',4,'{\"old_prices\":{\"cost_price\":\"19.00\",\"selling_price\":\"20.00\",\"discount_price\":null},\"new_prices\":{\"cost_price\":\"23.00\",\"selling_price\":\"30.00\",\"discount_price\":null}}','31.223.49.69','Mozilla/5.0 (Windows NT 10.0; Win64; x64) AppleWebKit/537.36 (KHTML, like Gecko) Chrome/133.0.0.0 Safari/537.36','2026-01-17 05:55:57','2026-01-17 05:55:57'),
(82,14,'updated','Product updated',4,'{\"product_type\":{\"old\":\"store\",\"new\":\"market\"},\"cost_price\":{\"old\":\"19.00\",\"new\":\"23\"},\"selling_price\":{\"old\":\"20.00\",\"new\":\"30\"}}','31.223.49.69','Mozilla/5.0 (Windows NT 10.0; Win64; x64) AppleWebKit/537.36 (KHTML, like Gecko) Chrome/133.0.0.0 Safari/537.36','2026-01-17 05:55:57','2026-01-17 05:55:57'),
(83,13,'price_changed','Product pricing updated',4,'{\"old_prices\":{\"cost_price\":\"19.00\",\"selling_price\":\"20.00\",\"discount_price\":null},\"new_prices\":{\"cost_price\":\"23.00\",\"selling_price\":\"30.00\",\"discount_price\":null}}','31.223.49.69','Mozilla/5.0 (Windows NT 10.0; Win64; x64) AppleWebKit/537.36 (KHTML, like Gecko) Chrome/133.0.0.0 Safari/537.36','2026-01-17 06:26:23','2026-01-17 06:26:23'),
(84,13,'updated','Product updated',4,'{\"product_type\":{\"old\":\"store\",\"new\":\"market\"},\"cost_price\":{\"old\":\"19.00\",\"new\":\"23\"},\"selling_price\":{\"old\":\"20.00\",\"new\":\"30\"}}','31.223.49.69','Mozilla/5.0 (Windows NT 10.0; Win64; x64) AppleWebKit/537.36 (KHTML, like Gecko) Chrome/133.0.0.0 Safari/537.36','2026-01-17 06:26:23','2026-01-17 06:26:23'),
(85,12,'price_changed','Product pricing updated',4,'{\"old_prices\":{\"cost_price\":\"19.00\",\"selling_price\":\"20.00\",\"discount_price\":null},\"new_prices\":{\"cost_price\":\"23.00\",\"selling_price\":\"30.00\",\"discount_price\":null}}','31.223.49.69','Mozilla/5.0 (Windows NT 10.0; Win64; x64) AppleWebKit/537.36 (KHTML, like Gecko) Chrome/133.0.0.0 Safari/537.36','2026-01-17 06:27:26','2026-01-17 06:27:26'),
(86,12,'updated','Product updated',4,'{\"product_type\":{\"old\":\"store\",\"new\":\"market\"},\"cost_price\":{\"old\":\"19.00\",\"new\":\"23\"},\"selling_price\":{\"old\":\"20.00\",\"new\":\"30\"}}','31.223.49.69','Mozilla/5.0 (Windows NT 10.0; Win64; x64) AppleWebKit/537.36 (KHTML, like Gecko) Chrome/133.0.0.0 Safari/537.36','2026-01-17 06:27:26','2026-01-17 06:27:26'),
(87,11,'price_changed','Product pricing updated',4,'{\"old_prices\":{\"cost_price\":\"19.00\",\"selling_price\":\"20.00\",\"discount_price\":null},\"new_prices\":{\"cost_price\":\"23.00\",\"selling_price\":\"30.00\",\"discount_price\":null}}','31.223.49.69','Mozilla/5.0 (Windows NT 10.0; Win64; x64) AppleWebKit/537.36 (KHTML, like Gecko) Chrome/133.0.0.0 Safari/537.36','2026-01-17 06:28:16','2026-01-17 06:28:16'),
(88,11,'updated','Product updated',4,'{\"product_type\":{\"old\":\"store\",\"new\":\"market\"},\"cost_price\":{\"old\":\"19.00\",\"new\":\"23\"},\"selling_price\":{\"old\":\"20.00\",\"new\":\"30\"}}','31.223.49.69','Mozilla/5.0 (Windows NT 10.0; Win64; x64) AppleWebKit/537.36 (KHTML, like Gecko) Chrome/133.0.0.0 Safari/537.36','2026-01-17 06:28:16','2026-01-17 06:28:16'),
(89,10,'price_changed','Product pricing updated',4,'{\"old_prices\":{\"cost_price\":\"19.00\",\"selling_price\":\"20.00\",\"discount_price\":null},\"new_prices\":{\"cost_price\":\"23.00\",\"selling_price\":\"30.00\",\"discount_price\":null}}','31.223.49.69','Mozilla/5.0 (Windows NT 10.0; Win64; x64) AppleWebKit/537.36 (KHTML, like Gecko) Chrome/133.0.0.0 Safari/537.36','2026-01-17 06:28:49','2026-01-17 06:28:49'),
(90,10,'updated','Product updated',4,'{\"product_type\":{\"old\":\"store\",\"new\":\"market\"},\"cost_price\":{\"old\":\"19.00\",\"new\":\"23\"},\"selling_price\":{\"old\":\"20.00\",\"new\":\"30\"}}','31.223.49.69','Mozilla/5.0 (Windows NT 10.0; Win64; x64) AppleWebKit/537.36 (KHTML, like Gecko) Chrome/133.0.0.0 Safari/537.36','2026-01-17 06:28:49','2026-01-17 06:28:49'),
(91,9,'price_changed','Product pricing updated',4,'{\"old_prices\":{\"cost_price\":\"19.00\",\"selling_price\":\"20.00\",\"discount_price\":null},\"new_prices\":{\"cost_price\":\"23.00\",\"selling_price\":\"30.00\",\"discount_price\":null}}','31.223.49.69','Mozilla/5.0 (Windows NT 10.0; Win64; x64) AppleWebKit/537.36 (KHTML, like Gecko) Chrome/133.0.0.0 Safari/537.36','2026-01-17 06:29:37','2026-01-17 06:29:37'),
(92,9,'updated','Product updated',4,'{\"product_type\":{\"old\":\"store\",\"new\":\"market\"},\"cost_price\":{\"old\":\"19.00\",\"new\":\"23\"},\"selling_price\":{\"old\":\"20.00\",\"new\":\"30\"}}','31.223.49.69','Mozilla/5.0 (Windows NT 10.0; Win64; x64) AppleWebKit/537.36 (KHTML, like Gecko) Chrome/133.0.0.0 Safari/537.36','2026-01-17 06:29:37','2026-01-17 06:29:37'),
(93,8,'price_changed','Product pricing updated',4,'{\"old_prices\":{\"cost_price\":\"19.00\",\"selling_price\":\"20.00\",\"discount_price\":null},\"new_prices\":{\"cost_price\":\"23.00\",\"selling_price\":\"30.00\",\"discount_price\":null}}','31.223.49.69','Mozilla/5.0 (Windows NT 10.0; Win64; x64) AppleWebKit/537.36 (KHTML, like Gecko) Chrome/133.0.0.0 Safari/537.36','2026-01-17 06:30:48','2026-01-17 06:30:48'),
(94,8,'updated','Product updated',4,'{\"product_type\":{\"old\":\"store\",\"new\":\"market\"},\"cost_price\":{\"old\":\"19.00\",\"new\":\"23\"},\"selling_price\":{\"old\":\"20.00\",\"new\":\"30\"}}','31.223.49.69','Mozilla/5.0 (Windows NT 10.0; Win64; x64) AppleWebKit/537.36 (KHTML, like Gecko) Chrome/133.0.0.0 Safari/537.36','2026-01-17 06:30:48','2026-01-17 06:30:48'),
(95,6,'price_changed','Product pricing updated',4,'{\"old_prices\":{\"cost_price\":\"19.00\",\"selling_price\":\"20.00\",\"discount_price\":null},\"new_prices\":{\"cost_price\":\"23.00\",\"selling_price\":\"30.00\",\"discount_price\":null}}','31.223.49.69','Mozilla/5.0 (Windows NT 10.0; Win64; x64) AppleWebKit/537.36 (KHTML, like Gecko) Chrome/133.0.0.0 Safari/537.36','2026-01-17 06:31:26','2026-01-17 06:31:26'),
(96,6,'updated','Product updated',4,'{\"product_type\":{\"old\":\"store\",\"new\":\"market\"},\"cost_price\":{\"old\":\"19.00\",\"new\":\"23\"},\"selling_price\":{\"old\":\"20.00\",\"new\":\"30\"}}','31.223.49.69','Mozilla/5.0 (Windows NT 10.0; Win64; x64) AppleWebKit/537.36 (KHTML, like Gecko) Chrome/133.0.0.0 Safari/537.36','2026-01-17 06:31:26','2026-01-17 06:31:26'),
(97,5,'price_changed','Product pricing updated',4,'{\"old_prices\":{\"cost_price\":\"19.00\",\"selling_price\":\"20.00\",\"discount_price\":null},\"new_prices\":{\"cost_price\":\"23.00\",\"selling_price\":\"30.00\",\"discount_price\":null}}','31.223.49.69','Mozilla/5.0 (Windows NT 10.0; Win64; x64) AppleWebKit/537.36 (KHTML, like Gecko) Chrome/133.0.0.0 Safari/537.36','2026-01-17 06:32:05','2026-01-17 06:32:05'),
(98,5,'updated','Product updated',4,'{\"product_type\":{\"old\":\"store\",\"new\":\"market\"},\"cost_price\":{\"old\":\"19.00\",\"new\":\"23\"},\"selling_price\":{\"old\":\"20.00\",\"new\":\"30\"}}','31.223.49.69','Mozilla/5.0 (Windows NT 10.0; Win64; x64) AppleWebKit/537.36 (KHTML, like Gecko) Chrome/133.0.0.0 Safari/537.36','2026-01-17 06:32:05','2026-01-17 06:32:05'),
(99,27,'created','Product created',4,'{\"name\":\"W\\u0130NNEX\",\"description\":null,\"barcode\":\"PRD311860\",\"category_id\":\"1\",\"product_type\":\"market\",\"unit\":\"pcs\",\"cost_price\":\"15.00\",\"selling_price\":\"20.00\",\"image\":\"products\\/1768654025_GCxDmtPe2Y.jpeg\",\"expiry_date\":null,\"is_active\":true,\"alert_quantity\":5,\"weight\":null,\"length\":null,\"width\":null,\"height\":null,\"updated_at\":\"2026-01-17T12:47:06.000000Z\",\"created_at\":\"2026-01-17T12:47:06.000000Z\",\"id\":27}','31.223.49.69','Mozilla/5.0 (Windows NT 10.0; Win64; x64) AppleWebKit/537.36 (KHTML, like Gecko) Chrome/133.0.0.0 Safari/537.36','2026-01-17 09:47:06','2026-01-17 09:47:06'),
(100,27,'stock_added','Added 82 units - Initial stock',4,'{\"quantity\":82,\"reason\":\"Initial stock\",\"previous_stock\":0,\"new_stock\":82,\"notes\":\"Product creation\"}','31.223.49.69','Mozilla/5.0 (Windows NT 10.0; Win64; x64) AppleWebKit/537.36 (KHTML, like Gecko) Chrome/133.0.0.0 Safari/537.36','2026-01-17 09:47:06','2026-01-17 09:47:06'),
(101,11,'updated','Product updated',4,'{\"image\":{\"old\":\"products\\/1767860463_jJkDNRoHdF.jpeg\",\"new\":\"products\\/1768660137_10LeXfOIgp.jpeg\"}}','31.223.49.69','Mozilla/5.0 (Windows NT 10.0; Win64; x64) AppleWebKit/537.36 (KHTML, like Gecko) Chrome/133.0.0.0 Safari/537.36','2026-01-17 11:28:57','2026-01-17 11:28:57'),
(102,10,'updated','Product updated',4,'{\"image\":{\"old\":\"products\\/1767860323_ncjp69SCpt.jpeg\",\"new\":\"products\\/1768660204_GMPy70bpwl.jpeg\"}}','31.223.49.69','Mozilla/5.0 (Windows NT 10.0; Win64; x64) AppleWebKit/537.36 (KHTML, like Gecko) Chrome/133.0.0.0 Safari/537.36','2026-01-17 11:30:04','2026-01-17 11:30:04'),
(103,23,'updated','Product updated',4,'{\"image\":{\"old\":\"products\\/1767865791_Pe99kcv4Vx.jpeg\",\"new\":\"products\\/1768660352_k4sHDFpEor.jpeg\"}}','31.223.49.69','Mozilla/5.0 (Windows NT 10.0; Win64; x64) AppleWebKit/537.36 (KHTML, like Gecko) Chrome/133.0.0.0 Safari/537.36','2026-01-17 11:32:32','2026-01-17 11:32:32'),
(104,15,'updated','Product updated',4,'{\"image\":{\"old\":\"products\\/1767860764_VL3OStkvcL.jpeg\",\"new\":\"products\\/1768660385_KTW4x1O5BH.jpeg\"}}','31.223.49.69','Mozilla/5.0 (Windows NT 10.0; Win64; x64) AppleWebKit/537.36 (KHTML, like Gecko) Chrome/133.0.0.0 Safari/537.36','2026-01-17 11:33:05','2026-01-17 11:33:05'),
(105,16,'updated','Product updated',4,'{\"image\":{\"old\":\"products\\/1767860801_WaKNZKJNQE.jpeg\",\"new\":\"products\\/1768660418_2aSx1540z4.jpeg\"}}','31.223.49.69','Mozilla/5.0 (Windows NT 10.0; Win64; x64) AppleWebKit/537.36 (KHTML, like Gecko) Chrome/133.0.0.0 Safari/537.36','2026-01-17 11:33:38','2026-01-17 11:33:38'),
(106,12,'updated','Product updated',4,'{\"image\":{\"old\":\"products\\/1767860517_ffjETxs4nz.jpeg\",\"new\":\"products\\/1768660459_aoIfh0SFx6.jpeg\"}}','31.223.49.69','Mozilla/5.0 (Windows NT 10.0; Win64; x64) AppleWebKit/537.36 (KHTML, like Gecko) Chrome/133.0.0.0 Safari/537.36','2026-01-17 11:34:19','2026-01-17 11:34:19'),
(107,9,'updated','Product updated',4,'{\"image\":{\"old\":\"products\\/1767860264_c7o4Ws2iBT.jpeg\",\"new\":\"products\\/1768660506_7wlkrwU1WR.jpeg\"}}','31.223.49.69','Mozilla/5.0 (Windows NT 10.0; Win64; x64) AppleWebKit/537.36 (KHTML, like Gecko) Chrome/133.0.0.0 Safari/537.36','2026-01-17 11:35:06','2026-01-17 11:35:06'),
(108,5,'updated','Product updated',4,'{\"image\":{\"old\":\"products\\/1767859946_zdVjlhPPSw.jpeg\",\"new\":\"products\\/1768660548_6HDh9nqn0t.jpeg\"}}','31.223.49.69','Mozilla/5.0 (Windows NT 10.0; Win64; x64) AppleWebKit/537.36 (KHTML, like Gecko) Chrome/133.0.0.0 Safari/537.36','2026-01-17 11:35:48','2026-01-17 11:35:48'),
(109,17,'updated','Product updated',4,'{\"image\":{\"old\":\"products\\/1767864871_rOZ7hVcJrU.jpeg\",\"new\":\"products\\/1768660585_Ms3ABsaHic.jpeg\"}}','31.223.49.69','Mozilla/5.0 (Windows NT 10.0; Win64; x64) AppleWebKit/537.36 (KHTML, like Gecko) Chrome/133.0.0.0 Safari/537.36','2026-01-17 11:36:25','2026-01-17 11:36:25'),
(110,13,'updated','Product updated',4,'{\"image\":{\"old\":\"products\\/1767860651_doMn6lZw1Q.jpeg\",\"new\":\"products\\/1768661002_zzcBNHQe5s.jpeg\"}}','31.223.49.69','Mozilla/5.0 (Windows NT 10.0; Win64; x64) AppleWebKit/537.36 (KHTML, like Gecko) Chrome/133.0.0.0 Safari/537.36','2026-01-17 11:43:22','2026-01-17 11:43:22'),
(111,14,'updated','Product updated',4,'{\"image\":{\"old\":\"products\\/1767860705_QdpJI8WDWb.jpeg\",\"new\":\"products\\/1768661116_UsRhCUuLt4.jpeg\"}}','31.223.49.69','Mozilla/5.0 (Windows NT 10.0; Win64; x64) AppleWebKit/537.36 (KHTML, like Gecko) Chrome/133.0.0.0 Safari/537.36','2026-01-17 11:45:16','2026-01-17 11:45:16'),
(112,20,'updated','Product updated',4,'{\"image\":{\"old\":\"products\\/1767865341_n7tDKPaVOR.jpeg\",\"new\":\"products\\/1768662519_HIGTNHo3RS.jpeg\"}}','31.223.49.69','Mozilla/5.0 (Windows NT 10.0; Win64; x64) AppleWebKit/537.36 (KHTML, like Gecko) Chrome/133.0.0.0 Safari/537.36','2026-01-17 12:08:39','2026-01-17 12:08:39'),
(113,11,'updated','Product updated',4,'{\"description\":{\"old\":\"3X41  4X42  6X43  4X44  3X45\\r\\n\\r\\nMikro Taban\",\"new\":\"2X41  3X42  5X43  3X44  3X45\\r\\n\\r\\nMikro Taban\"}}','31.223.49.69','Mozilla/5.0 (Windows NT 10.0; Win64; x64) AppleWebKit/537.36 (KHTML, like Gecko) Chrome/133.0.0.0 Safari/537.36','2026-01-17 12:19:37','2026-01-17 12:19:37'),
(114,6,'updated','Product updated',4,'{\"description\":{\"old\":\"3X41  4X42  6X43  4X44  3X45\\r\\n\\r\\nMikro Taban\",\"new\":\"3X41  3X42  6X43  4X44  3X45\\r\\n\\r\\nMikro Taban\"}}','31.223.49.69','Mozilla/5.0 (Windows NT 10.0; Win64; x64) AppleWebKit/537.36 (KHTML, like Gecko) Chrome/133.0.0.0 Safari/537.36','2026-01-17 12:21:02','2026-01-17 12:21:02'),
(115,9,'updated','Product updated',4,'{\"description\":{\"old\":\"3X41  4X42  6X43  4X44  3X45\\r\\n\\r\\nMikro Taban\",\"new\":\"3X41  2X42  5X43  3X44  3X45\\r\\n\\r\\nMikro Taban\"}}','31.223.49.69','Mozilla/5.0 (Windows NT 10.0; Win64; x64) AppleWebKit/537.36 (KHTML, like Gecko) Chrome/133.0.0.0 Safari/537.36','2026-01-17 12:21:49','2026-01-17 12:21:49'),
(116,10,'updated','Product updated',4,'{\"description\":{\"old\":\"3X41  4X42  6X43  4X44  3X45\\r\\n\\r\\nMikro Taban\",\"new\":\"2X41  3X42  5X43  4X44  3X45\\r\\n\\r\\nMikro Taban\"}}','31.223.49.69','Mozilla/5.0 (Windows NT 10.0; Win64; x64) AppleWebKit/537.36 (KHTML, like Gecko) Chrome/133.0.0.0 Safari/537.36','2026-01-17 12:22:27','2026-01-17 12:22:27'),
(117,6,'stock_removed','Removed 1 units - Proforma confirmed',4,'{\"quantity\":1,\"reason\":\"Proforma confirmed\",\"previous_stock\":20,\"new_stock\":19,\"proforma_id\":6,\"proforma_number\":\"PRO-MARKET-20260117-0001\",\"sale_id\":1,\"sale_number\":\"RCP-1001\"}','159.146.51.226','Mozilla/5.0 (Linux; Android 10; K) AppleWebKit/537.36 (KHTML, like Gecko) Chrome/144.0.0.0 Mobile Safari/537.36','2026-01-18 12:43:25','2026-01-18 12:43:25'),
(118,9,'stock_removed','Removed 4 units - Proforma confirmed',4,'{\"quantity\":4,\"reason\":\"Proforma confirmed\",\"previous_stock\":20,\"new_stock\":16,\"proforma_id\":6,\"proforma_number\":\"PRO-MARKET-20260117-0001\",\"sale_id\":1,\"sale_number\":\"RCP-1001\"}','159.146.51.226','Mozilla/5.0 (Linux; Android 10; K) AppleWebKit/537.36 (KHTML, like Gecko) Chrome/144.0.0.0 Mobile Safari/537.36','2026-01-18 12:43:25','2026-01-18 12:43:25'),
(119,10,'stock_removed','Removed 3 units - Proforma confirmed',4,'{\"quantity\":3,\"reason\":\"Proforma confirmed\",\"previous_stock\":20,\"new_stock\":17,\"proforma_id\":6,\"proforma_number\":\"PRO-MARKET-20260117-0001\",\"sale_id\":1,\"sale_number\":\"RCP-1001\"}','159.146.51.226','Mozilla/5.0 (Linux; Android 10; K) AppleWebKit/537.36 (KHTML, like Gecko) Chrome/144.0.0.0 Mobile Safari/537.36','2026-01-18 12:43:25','2026-01-18 12:43:25'),
(120,11,'stock_removed','Removed 4 units - Proforma confirmed',4,'{\"quantity\":4,\"reason\":\"Proforma confirmed\",\"previous_stock\":20,\"new_stock\":16,\"proforma_id\":6,\"proforma_number\":\"PRO-MARKET-20260117-0001\",\"sale_id\":1,\"sale_number\":\"RCP-1001\"}','159.146.51.226','Mozilla/5.0 (Linux; Android 10; K) AppleWebKit/537.36 (KHTML, like Gecko) Chrome/144.0.0.0 Mobile Safari/537.36','2026-01-18 12:43:25','2026-01-18 12:43:25'),
(121,20,'stock_removed','Removed 6 units - Proforma confirmed',4,'{\"quantity\":6,\"reason\":\"Proforma confirmed\",\"previous_stock\":50,\"new_stock\":44,\"proforma_id\":6,\"proforma_number\":\"PRO-MARKET-20260117-0001\",\"sale_id\":1,\"sale_number\":\"RCP-1001\"}','159.146.51.226','Mozilla/5.0 (Linux; Android 10; K) AppleWebKit/537.36 (KHTML, like Gecko) Chrome/144.0.0.0 Mobile Safari/537.36','2026-01-18 12:43:25','2026-01-18 12:43:25'),
(122,26,'stock_removed','Removed 32 units - Proforma confirmed',4,'{\"quantity\":32,\"reason\":\"Proforma confirmed\",\"previous_stock\":212,\"new_stock\":180,\"proforma_id\":6,\"proforma_number\":\"PRO-MARKET-20260117-0001\",\"sale_id\":1,\"sale_number\":\"RCP-1001\"}','159.146.51.226','Mozilla/5.0 (Linux; Android 10; K) AppleWebKit/537.36 (KHTML, like Gecko) Chrome/144.0.0.0 Mobile Safari/537.36','2026-01-18 12:43:25','2026-01-18 12:43:25'),
(123,26,'stock_removed','Removed 2 units - Sale',9,'{\"quantity\":2,\"reason\":\"Sale\",\"previous_stock\":180,\"new_stock\":178,\"sale_id\":2,\"sale_number\":\"HIL-0127\"}','31.223.49.69','Mozilla/5.0 (Linux; Android 10; K) AppleWebKit/537.36 (KHTML, like Gecko) Chrome/144.0.0.0 Mobile Safari/537.36','2026-01-19 11:23:08','2026-01-19 11:23:08'),
(124,26,'stock_removed','Removed 6 units - Sale',9,'{\"quantity\":6,\"reason\":\"Sale\",\"previous_stock\":178,\"new_stock\":172,\"sale_id\":3,\"sale_number\":\"HIL-0128\"}','31.223.49.69','Mozilla/5.0 (iPhone; CPU iPhone OS 18_7 like Mac OS X) AppleWebKit/605.1.15 (KHTML, like Gecko) Version/26.2 Mobile/15E148 Safari/604.1','2026-01-19 11:47:23','2026-01-19 11:47:23'),
(125,11,'stock_removed','Removed 1 units - Sale',9,'{\"quantity\":1,\"reason\":\"Sale\",\"previous_stock\":16,\"new_stock\":15,\"sale_id\":4,\"sale_number\":\"HIL-0129\"}','31.223.49.69','Mozilla/5.0 (iPhone; CPU iPhone OS 18_7 like Mac OS X) AppleWebKit/605.1.15 (KHTML, like Gecko) Version/26.2 Mobile/15E148 Safari/604.1','2026-01-19 12:27:22','2026-01-19 12:27:22'),
(126,16,'stock_removed','Removed 1 units - Sale',9,'{\"quantity\":1,\"reason\":\"Sale\",\"previous_stock\":20,\"new_stock\":19,\"sale_id\":4,\"sale_number\":\"HIL-0129\"}','31.223.49.69','Mozilla/5.0 (iPhone; CPU iPhone OS 18_7 like Mac OS X) AppleWebKit/605.1.15 (KHTML, like Gecko) Version/26.2 Mobile/15E148 Safari/604.1','2026-01-19 12:27:22','2026-01-19 12:27:22'),
(127,20,'stock_removed','Removed 1 units - Sale',9,'{\"quantity\":1,\"reason\":\"Sale\",\"previous_stock\":44,\"new_stock\":43,\"sale_id\":4,\"sale_number\":\"HIL-0129\"}','31.223.49.69','Mozilla/5.0 (iPhone; CPU iPhone OS 18_7 like Mac OS X) AppleWebKit/605.1.15 (KHTML, like Gecko) Version/26.2 Mobile/15E148 Safari/604.1','2026-01-19 12:27:22','2026-01-19 12:27:22'),
(128,12,'stock_removed','Removed 1 units - Sale',9,'{\"quantity\":1,\"reason\":\"Sale\",\"previous_stock\":20,\"new_stock\":19,\"sale_id\":5,\"sale_number\":\"HIL-0130\"}','31.223.49.69','Mozilla/5.0 (iPhone; CPU iPhone OS 18_7 like Mac OS X) AppleWebKit/605.1.15 (KHTML, like Gecko) Version/26.2 Mobile/15E148 Safari/604.1','2026-01-20 11:20:51','2026-01-20 11:20:51'),
(129,16,'stock_removed','Removed 1 units - Sale',9,'{\"quantity\":1,\"reason\":\"Sale\",\"previous_stock\":19,\"new_stock\":18,\"sale_id\":5,\"sale_number\":\"HIL-0130\"}','31.223.49.69','Mozilla/5.0 (iPhone; CPU iPhone OS 18_7 like Mac OS X) AppleWebKit/605.1.15 (KHTML, like Gecko) Version/26.2 Mobile/15E148 Safari/604.1','2026-01-20 11:20:51','2026-01-20 11:20:51'),
(130,26,'stock_removed','Removed 2 units - Sale',9,'{\"quantity\":2,\"reason\":\"Sale\",\"previous_stock\":172,\"new_stock\":170,\"sale_id\":5,\"sale_number\":\"HIL-0130\"}','31.223.49.69','Mozilla/5.0 (iPhone; CPU iPhone OS 18_7 like Mac OS X) AppleWebKit/605.1.15 (KHTML, like Gecko) Version/26.2 Mobile/15E148 Safari/604.1','2026-01-20 11:20:51','2026-01-20 11:20:51'),
(131,12,'updated','Product updated',4,'{\"description\":{\"old\":\"3X41  4X42  6X43  4X44  3X45\\r\\n\\r\\nMikro Taban\",\"new\":\"3X41  4X42  6X43  3X44  3X45\\r\\n\\r\\nMikro Taban\"}}','31.223.49.69','Mozilla/5.0 (Windows NT 10.0; Win64; x64) AppleWebKit/537.36 (KHTML, like Gecko) Chrome/133.0.0.0 Safari/537.36','2026-01-21 05:28:32','2026-01-21 05:28:32'),
(132,11,'stock_removed','Removed 1 units - Sale',4,'{\"quantity\":1,\"reason\":\"Sale\",\"previous_stock\":15,\"new_stock\":14,\"sale_id\":6,\"sale_number\":\"HIL-0131\"}','31.223.49.69','Mozilla/5.0 (Linux; Android 10; K) AppleWebKit/537.36 (KHTML, like Gecko) Chrome/144.0.0.0 Mobile Safari/537.36','2026-01-21 06:27:03','2026-01-21 06:27:03'),
(133,16,'stock_removed','Removed 1 units - Sale',4,'{\"quantity\":1,\"reason\":\"Sale\",\"previous_stock\":18,\"new_stock\":17,\"sale_id\":6,\"sale_number\":\"HIL-0131\"}','31.223.49.69','Mozilla/5.0 (Linux; Android 10; K) AppleWebKit/537.36 (KHTML, like Gecko) Chrome/144.0.0.0 Mobile Safari/537.36','2026-01-21 06:27:03','2026-01-21 06:27:03'),
(134,20,'stock_removed','Removed 2 units - Sale',4,'{\"quantity\":2,\"reason\":\"Sale\",\"previous_stock\":43,\"new_stock\":41,\"sale_id\":6,\"sale_number\":\"HIL-0131\"}','31.223.49.69','Mozilla/5.0 (Linux; Android 10; K) AppleWebKit/537.36 (KHTML, like Gecko) Chrome/144.0.0.0 Mobile Safari/537.36','2026-01-21 06:27:03','2026-01-21 06:27:03'),
(135,26,'stock_removed','Removed 4 units - Sale',4,'{\"quantity\":4,\"reason\":\"Sale\",\"previous_stock\":170,\"new_stock\":166,\"sale_id\":6,\"sale_number\":\"HIL-0131\"}','31.223.49.69','Mozilla/5.0 (Linux; Android 10; K) AppleWebKit/537.36 (KHTML, like Gecko) Chrome/144.0.0.0 Mobile Safari/537.36','2026-01-21 06:27:03','2026-01-21 06:27:03'),
(136,26,'stock_removed','Removed 8 units - Sale',4,'{\"quantity\":8,\"reason\":\"Sale\",\"previous_stock\":166,\"new_stock\":158,\"sale_id\":7,\"sale_number\":\"HIL-0132\"}','95.70.244.224','Mozilla/5.0 (Linux; Android 10; K) AppleWebKit/537.36 (KHTML, like Gecko) Chrome/144.0.0.0 Mobile Safari/537.36','2026-01-24 07:10:04','2026-01-24 07:10:04'),
(137,21,'stock_removed','Removed 10 units - Manual adjustment',4,'{\"quantity\":10,\"reason\":\"Manual adjustment\",\"previous_stock\":30,\"new_stock\":20,\"notes\":null}','95.70.244.224','Mozilla/5.0 (Windows NT 10.0; Win64; x64) AppleWebKit/537.36 (KHTML, like Gecko) Chrome/133.0.0.0 Safari/537.36','2026-01-24 07:20:01','2026-01-24 07:20:01'),
(138,19,'stock_removed','Removed 33 units - Manual adjustment',4,'{\"quantity\":33,\"reason\":\"Manual adjustment\",\"previous_stock\":50,\"new_stock\":17,\"notes\":null}','95.70.244.224','Mozilla/5.0 (Windows NT 10.0; Win64; x64) AppleWebKit/537.36 (KHTML, like Gecko) Chrome/133.0.0.0 Safari/537.36','2026-01-24 07:21:44','2026-01-24 07:21:44'),
(139,22,'stock_removed','Removed 15 units - Manual adjustment',4,'{\"quantity\":15,\"reason\":\"Manual adjustment\",\"previous_stock\":30,\"new_stock\":15,\"notes\":null}','95.70.244.224','Mozilla/5.0 (Windows NT 10.0; Win64; x64) AppleWebKit/537.36 (KHTML, like Gecko) Chrome/133.0.0.0 Safari/537.36','2026-01-24 07:22:27','2026-01-24 07:22:27'),
(140,4,'stock_removed','Removed 2 units - Manual adjustment',4,'{\"quantity\":2,\"reason\":\"Manual adjustment\",\"previous_stock\":20,\"new_stock\":18,\"notes\":null}','95.70.244.224','Mozilla/5.0 (Windows NT 10.0; Win64; x64) AppleWebKit/537.36 (KHTML, like Gecko) Chrome/133.0.0.0 Safari/537.36','2026-01-24 07:23:32','2026-01-24 07:23:32'),
(141,3,'stock_removed','Removed 5 units - Manual adjustment',4,'{\"quantity\":5,\"reason\":\"Manual adjustment\",\"previous_stock\":20,\"new_stock\":15,\"notes\":null}','95.70.244.224','Mozilla/5.0 (Windows NT 10.0; Win64; x64) AppleWebKit/537.36 (KHTML, like Gecko) Chrome/133.0.0.0 Safari/537.36','2026-01-24 07:24:26','2026-01-24 07:24:26'),
(142,7,'stock_removed','Removed 6 units - Manual adjustment',4,'{\"quantity\":6,\"reason\":\"Manual adjustment\",\"previous_stock\":20,\"new_stock\":14,\"notes\":null}','95.70.244.224','Mozilla/5.0 (Windows NT 10.0; Win64; x64) AppleWebKit/537.36 (KHTML, like Gecko) Chrome/133.0.0.0 Safari/537.36','2026-01-24 07:25:34','2026-01-24 07:25:34'),
(143,26,'stock_added','Added 123 units - Manual adjustment',4,'{\"quantity\":123,\"reason\":\"Manual adjustment\",\"previous_stock\":158,\"new_stock\":281,\"notes\":null}','31.223.48.231','Mozilla/5.0 (Windows NT 10.0; Win64; x64) AppleWebKit/537.36 (KHTML, like Gecko) Chrome/133.0.0.0 Safari/537.36','2026-02-09 07:32:46','2026-02-09 07:32:46'),
(144,25,'price_changed','Product pricing updated',4,'{\"old_prices\":{\"cost_price\":\"23.00\",\"selling_price\":\"30.00\",\"discount_price\":null},\"new_prices\":{\"cost_price\":\"21.00\",\"selling_price\":\"30.00\",\"discount_price\":null}}','31.223.48.231','Mozilla/5.0 (Windows NT 10.0; Win64; x64) AppleWebKit/537.36 (KHTML, like Gecko) Chrome/133.0.0.0 Safari/537.36','2026-02-09 11:48:22','2026-02-09 11:48:22'),
(145,25,'updated','Product updated',4,'{\"description\":{\"old\":\"1X39   1X40    3X42   1X43  2X44   45\",\"new\":\"3X41\\r\\n3X42\\r\\n6X43\\r\\n4X44\\r\\n3X45\"},\"cost_price\":{\"old\":\"23.00\",\"new\":\"21.00\"}}','31.223.48.231','Mozilla/5.0 (Windows NT 10.0; Win64; x64) AppleWebKit/537.36 (KHTML, like Gecko) Chrome/133.0.0.0 Safari/537.36','2026-02-09 11:48:22','2026-02-09 11:48:22'),
(146,25,'stock_added','Added 10 units - Manual adjustment',4,'{\"quantity\":10,\"reason\":\"Manual adjustment\",\"previous_stock\":9,\"new_stock\":19,\"notes\":null}','31.223.48.231','Mozilla/5.0 (Windows NT 10.0; Win64; x64) AppleWebKit/537.36 (KHTML, like Gecko) Chrome/133.0.0.0 Safari/537.36','2026-02-09 11:48:48','2026-02-09 11:48:48'),
(147,23,'price_changed','Product pricing updated',4,'{\"old_prices\":{\"cost_price\":\"19.00\",\"selling_price\":\"30.00\",\"discount_price\":null},\"new_prices\":{\"cost_price\":\"21.00\",\"selling_price\":\"30.00\",\"discount_price\":null}}','31.223.48.231','Mozilla/5.0 (Windows NT 10.0; Win64; x64) AppleWebKit/537.36 (KHTML, like Gecko) Chrome/133.0.0.0 Safari/537.36','2026-02-09 11:50:38','2026-02-09 11:50:38'),
(148,23,'updated','Product updated',4,'{\"name\":{\"old\":\"HS\",\"new\":\"HS-AB\"},\"description\":{\"old\":\"3x41   4x42   6x43   4x44   3x45\",\"new\":\"2X42\\r\\n5X43\\r\\n2X44\\r\\n3X45\"},\"cost_price\":{\"old\":\"19.00\",\"new\":\"21\"}}','31.223.48.231','Mozilla/5.0 (Windows NT 10.0; Win64; x64) AppleWebKit/537.36 (KHTML, like Gecko) Chrome/133.0.0.0 Safari/537.36','2026-02-09 11:50:38','2026-02-09 11:50:38'),
(149,23,'stock_removed','Removed 8 units - Manual adjustment',4,'{\"quantity\":8,\"reason\":\"Manual adjustment\",\"previous_stock\":20,\"new_stock\":12,\"notes\":null}','31.223.48.231','Mozilla/5.0 (Windows NT 10.0; Win64; x64) AppleWebKit/537.36 (KHTML, like Gecko) Chrome/133.0.0.0 Safari/537.36','2026-02-09 11:50:58','2026-02-09 11:50:58'),
(150,17,'price_changed','Product pricing updated',4,'{\"old_prices\":{\"cost_price\":\"23.00\",\"selling_price\":\"30.00\",\"discount_price\":null},\"new_prices\":{\"cost_price\":\"21.00\",\"selling_price\":\"30.00\",\"discount_price\":null}}','31.223.48.231','Mozilla/5.0 (Windows NT 10.0; Win64; x64) AppleWebKit/537.36 (KHTML, like Gecko) Chrome/133.0.0.0 Safari/537.36','2026-02-09 11:53:40','2026-02-09 11:53:40'),
(151,17,'updated','Product updated',4,'{\"name\":{\"old\":\"HS\",\"new\":\"FB2-T\"},\"description\":{\"old\":\"3X41  4X42  6X43  4X44  3X45\\r\\n\\r\\nMikro Taban\",\"new\":\"2X41\\r\\n1X42\\r\\n2X43\\r\\n2X44\\r\\n2X45\"},\"cost_price\":{\"old\":\"23.00\",\"new\":\"21\"}}','31.223.48.231','Mozilla/5.0 (Windows NT 10.0; Win64; x64) AppleWebKit/537.36 (KHTML, like Gecko) Chrome/133.0.0.0 Safari/537.36','2026-02-09 11:53:40','2026-02-09 11:53:40'),
(152,17,'stock_removed','Removed 11 units - Manual adjustment',4,'{\"quantity\":11,\"reason\":\"Manual adjustment\",\"previous_stock\":20,\"new_stock\":9,\"notes\":null}','31.223.48.231','Mozilla/5.0 (Windows NT 10.0; Win64; x64) AppleWebKit/537.36 (KHTML, like Gecko) Chrome/133.0.0.0 Safari/537.36','2026-02-09 11:53:57','2026-02-09 11:53:57'),
(153,16,'price_changed','Product pricing updated',4,'{\"old_prices\":{\"cost_price\":\"23.00\",\"selling_price\":\"30.00\",\"discount_price\":null},\"new_prices\":{\"cost_price\":\"21.00\",\"selling_price\":\"30.00\",\"discount_price\":null}}','31.223.48.231','Mozilla/5.0 (Windows NT 10.0; Win64; x64) AppleWebKit/537.36 (KHTML, like Gecko) Chrome/133.0.0.0 Safari/537.36','2026-02-09 11:58:23','2026-02-09 11:58:23'),
(154,16,'updated','Product updated',4,'{\"name\":{\"old\":\"HS\",\"new\":\"FB10-T\"},\"description\":{\"old\":\"3X41  4X42  6X43  4X44  3X45\\r\\n\\r\\nMikro Taban\",\"new\":\"1X41\\r\\n1X42\\r\\n3X43\\r\\n2X44\\r\\n3X45\"},\"cost_price\":{\"old\":\"23.00\",\"new\":\"21\"}}','31.223.48.231','Mozilla/5.0 (Windows NT 10.0; Win64; x64) AppleWebKit/537.36 (KHTML, like Gecko) Chrome/133.0.0.0 Safari/537.36','2026-02-09 11:58:23','2026-02-09 11:58:23'),
(155,16,'stock_removed','Removed 7 units - Manual adjustment',4,'{\"quantity\":7,\"reason\":\"Manual adjustment\",\"previous_stock\":17,\"new_stock\":10,\"notes\":null}','31.223.48.231','Mozilla/5.0 (Windows NT 10.0; Win64; x64) AppleWebKit/537.36 (KHTML, like Gecko) Chrome/133.0.0.0 Safari/537.36','2026-02-09 11:58:52','2026-02-09 11:58:52'),
(156,12,'price_changed','Product pricing updated',4,'{\"old_prices\":{\"cost_price\":\"23.00\",\"selling_price\":\"30.00\",\"discount_price\":null},\"new_prices\":{\"cost_price\":\"21.00\",\"selling_price\":\"30.00\",\"discount_price\":null}}','31.223.48.231','Mozilla/5.0 (Windows NT 10.0; Win64; x64) AppleWebKit/537.36 (KHTML, like Gecko) Chrome/133.0.0.0 Safari/537.36','2026-02-09 12:01:25','2026-02-09 12:01:25'),
(157,12,'updated','Product updated',4,'{\"name\":{\"old\":\"HS\",\"new\":\"FB10-T 3024\"},\"description\":{\"old\":\"3X41  4X42  6X43  3X44  3X45\\r\\n\\r\\nMikro Taban\",\"new\":\"3X41\\r\\n3X42\\r\\n4X43\\r\\n4X44\\r\\n4X45\\r\\n1X46\"},\"cost_price\":{\"old\":\"23.00\",\"new\":\"21\"}}','31.223.48.231','Mozilla/5.0 (Windows NT 10.0; Win64; x64) AppleWebKit/537.36 (KHTML, like Gecko) Chrome/133.0.0.0 Safari/537.36','2026-02-09 12:01:25','2026-02-09 12:01:25'),
(158,12,'updated','Product updated',4,'{\"name\":{\"old\":\"FB10-T 3024\",\"new\":\"FB10-S 3024\"}}','31.223.48.231','Mozilla/5.0 (Windows NT 10.0; Win64; x64) AppleWebKit/537.36 (KHTML, like Gecko) Chrome/133.0.0.0 Safari/537.36','2026-02-09 12:02:03','2026-02-09 12:02:03'),
(159,10,'price_changed','Product pricing updated',4,'{\"old_prices\":{\"cost_price\":\"23.00\",\"selling_price\":\"30.00\",\"discount_price\":null},\"new_prices\":{\"cost_price\":\"21.00\",\"selling_price\":\"30.00\",\"discount_price\":null}}','31.223.48.231','Mozilla/5.0 (Windows NT 10.0; Win64; x64) AppleWebKit/537.36 (KHTML, like Gecko) Chrome/133.0.0.0 Safari/537.36','2026-02-09 12:04:26','2026-02-09 12:04:26'),
(160,10,'updated','Product updated',4,'{\"name\":{\"old\":\"HS\",\"new\":\"FB3-S\"},\"description\":{\"old\":\"2X41  3X42  5X43  4X44  3X45\\r\\n\\r\\nMikro Taban\",\"new\":\"2X41\\r\\n4X42\\r\\n6X43\\r\\n4X44\\r\\n3X45\"},\"cost_price\":{\"old\":\"23.00\",\"new\":\"21\"}}','31.223.48.231','Mozilla/5.0 (Windows NT 10.0; Win64; x64) AppleWebKit/537.36 (KHTML, like Gecko) Chrome/133.0.0.0 Safari/537.36','2026-02-09 12:04:26','2026-02-09 12:04:26'),
(161,10,'stock_added','Added 2 units - Manual adjustment',4,'{\"quantity\":2,\"reason\":\"Manual adjustment\",\"previous_stock\":17,\"new_stock\":19,\"notes\":null}','31.223.48.231','Mozilla/5.0 (Windows NT 10.0; Win64; x64) AppleWebKit/537.36 (KHTML, like Gecko) Chrome/133.0.0.0 Safari/537.36','2026-02-09 12:14:10','2026-02-09 12:14:10'),
(162,14,'price_changed','Product pricing updated',4,'{\"old_prices\":{\"cost_price\":\"23.00\",\"selling_price\":\"30.00\",\"discount_price\":null},\"new_prices\":{\"cost_price\":\"21.00\",\"selling_price\":\"30.00\",\"discount_price\":null}}','31.223.48.231','Mozilla/5.0 (Windows NT 10.0; Win64; x64) AppleWebKit/537.36 (KHTML, like Gecko) Chrome/133.0.0.0 Safari/537.36','2026-02-09 12:28:34','2026-02-09 12:28:34'),
(163,14,'updated','Product updated',4,'{\"name\":{\"old\":\"HS\",\"new\":\"H-2000G\"},\"description\":{\"old\":\"3X41  4X42  6X43  4X44  3X45\\r\\n\\r\\nMikro Taban\",\"new\":\"2X41\\r\\n3X42\\r\\n3X43\\r\\n2X44\\r\\n3X45\"},\"cost_price\":{\"old\":\"23.00\",\"new\":\"21\"}}','31.223.48.231','Mozilla/5.0 (Windows NT 10.0; Win64; x64) AppleWebKit/537.36 (KHTML, like Gecko) Chrome/133.0.0.0 Safari/537.36','2026-02-09 12:28:34','2026-02-09 12:28:34'),
(164,14,'stock_removed','Removed 7 units - Manual adjustment',4,'{\"quantity\":7,\"reason\":\"Manual adjustment\",\"previous_stock\":20,\"new_stock\":13,\"notes\":null}','31.223.48.231','Mozilla/5.0 (Windows NT 10.0; Win64; x64) AppleWebKit/537.36 (KHTML, like Gecko) Chrome/133.0.0.0 Safari/537.36','2026-02-09 12:29:02','2026-02-09 12:29:02'),
(165,15,'price_changed','Product pricing updated',4,'{\"old_prices\":{\"cost_price\":\"23.00\",\"selling_price\":\"30.00\",\"discount_price\":null},\"new_prices\":{\"cost_price\":\"21.00\",\"selling_price\":\"30.00\",\"discount_price\":null}}','31.223.48.231','Mozilla/5.0 (Windows NT 10.0; Win64; x64) AppleWebKit/537.36 (KHTML, like Gecko) Chrome/133.0.0.0 Safari/537.36','2026-02-09 12:41:37','2026-02-09 12:41:37'),
(166,15,'updated','Product updated',4,'{\"name\":{\"old\":\"HS\",\"new\":\"H-FB15-S\"},\"description\":{\"old\":\"3X41  4X42  6X43  4X44  3X45\\r\\n\\r\\nMikro Taban\",\"new\":\"2X41\\r\\n5X42\\r\\n7X43\\r\\n6X44\\r\\n1X45\"},\"cost_price\":{\"old\":\"23.00\",\"new\":\"21\"}}','31.223.48.231','Mozilla/5.0 (Windows NT 10.0; Win64; x64) AppleWebKit/537.36 (KHTML, like Gecko) Chrome/133.0.0.0 Safari/537.36','2026-02-09 12:41:37','2026-02-09 12:41:37'),
(167,15,'stock_added','Added 1 units - Manual adjustment',4,'{\"quantity\":1,\"reason\":\"Manual adjustment\",\"previous_stock\":20,\"new_stock\":21,\"notes\":null}','31.223.48.231','Mozilla/5.0 (Windows NT 10.0; Win64; x64) AppleWebKit/537.36 (KHTML, like Gecko) Chrome/133.0.0.0 Safari/537.36','2026-02-09 12:42:04','2026-02-09 12:42:04'),
(168,9,'price_changed','Product pricing updated',4,'{\"old_prices\":{\"cost_price\":\"23.00\",\"selling_price\":\"30.00\",\"discount_price\":null},\"new_prices\":{\"cost_price\":\"21.00\",\"selling_price\":\"30.00\",\"discount_price\":null}}','31.223.48.231','Mozilla/5.0 (Windows NT 10.0; Win64; x64) AppleWebKit/537.36 (KHTML, like Gecko) Chrome/133.0.0.0 Safari/537.36','2026-02-09 12:44:15','2026-02-09 12:44:15'),
(169,9,'updated','Product updated',4,'{\"name\":{\"old\":\"HS\",\"new\":\"FB1\"},\"description\":{\"old\":\"3X41  2X42  5X43  3X44  3X45\\r\\n\\r\\nMikro Taban\",\"new\":null},\"cost_price\":{\"old\":\"23.00\",\"new\":\"21\"}}','31.223.48.231','Mozilla/5.0 (Windows NT 10.0; Win64; x64) AppleWebKit/537.36 (KHTML, like Gecko) Chrome/133.0.0.0 Safari/537.36','2026-02-09 12:44:15','2026-02-09 12:44:15'),
(170,9,'stock_removed','Removed 13 units - Manual adjustment',4,'{\"quantity\":13,\"reason\":\"Manual adjustment\",\"previous_stock\":16,\"new_stock\":3,\"notes\":null}','31.223.48.231','Mozilla/5.0 (Windows NT 10.0; Win64; x64) AppleWebKit/537.36 (KHTML, like Gecko) Chrome/133.0.0.0 Safari/537.36','2026-02-09 12:44:28','2026-02-09 12:44:28'),
(171,8,'deleted','Product deleted',4,'{\"id\":8,\"name\":\"HS\",\"description\":\"3X41  4X42  6X43  4X44  3X45\\r\\n\\r\\nMikro Taban\",\"barcode\":\"PRD451855\",\"category_id\":\"1\",\"product_type\":\"market\",\"unit\":\"pcs\",\"alert_quantity\":5,\"cost_price\":\"23.00\",\"selling_price\":\"30.00\",\"discount_price\":null,\"image\":\"products\\/1767860152_20BDpRa1bA.jpeg\",\"expiry_date\":null,\"is_active\":true,\"weight\":null,\"length\":null,\"width\":null,\"height\":null,\"created_at\":\"2026-01-08T08:15:52.000000Z\",\"updated_at\":\"2026-01-17T09:30:48.000000Z\",\"deleted_at\":null,\"category\":{\"id\":1,\"name\":\"Sandale\",\"description\":null,\"image\":null,\"is_active\":true,\"created_at\":\"2026-01-01T14:31:54.000000Z\",\"updated_at\":\"2026-01-01T14:31:54.000000Z\"},\"inventory\":{\"id\":8,\"product_id\":\"8\",\"current_stock\":20,\"reserved_stock\":0,\"available_stock\":20,\"last_stock_update\":\"2026-01-08T08:15:52.000000Z\",\"last_updated_by\":\"4\",\"created_at\":\"2026-01-08T08:15:52.000000Z\",\"updated_at\":\"2026-01-08T08:15:52.000000Z\"},\"history\":[{\"id\":94,\"product_id\":\"8\",\"action\":\"updated\",\"description\":\"Product updated\",\"user_id\":\"4\",\"data\":{\"product_type\":{\"old\":\"store\",\"new\":\"market\"},\"cost_price\":{\"old\":\"19.00\",\"new\":\"23\"},\"selling_price\":{\"old\":\"20.00\",\"new\":\"30\"}},\"ip_address\":\"31.223.49.69\",\"user_agent\":\"Mozilla\\/5.0 (Windows NT 10.0; Win64; x64) AppleWebKit\\/537.36 (KHTML, like Gecko) Chrome\\/133.0.0.0 Safari\\/537.36\",\"created_at\":\"2026-01-17T09:30:48.000000Z\",\"updated_at\":\"2026-01-17T09:30:48.000000Z\",\"user\":{\"id\":4,\"name\":\"admin\",\"email\":\"admin@app.com\",\"user_type\":\"admin\",\"is_active\":true,\"preferred_language\":\"fr\",\"email_verified_at\":\"2025-11-17T12:16:10.000000Z\",\"two_factor_confirmed_at\":null,\"current_team_id\":null,\"profile_photo_path\":null,\"created_at\":\"2025-11-17T12:16:10.000000Z\",\"updated_at\":\"2025-12-15T19:59:48.000000Z\",\"profile_photo_url\":\"https:\\/\\/ui-avatars.com\\/api\\/?name=a&color=7F9CF5&background=EBF4FF\"}},{\"id\":93,\"product_id\":\"8\",\"action\":\"price_changed\",\"description\":\"Product pricing updated\",\"user_id\":\"4\",\"data\":{\"old_prices\":{\"cost_price\":\"19.00\",\"selling_price\":\"20.00\",\"discount_price\":null},\"new_prices\":{\"cost_price\":\"23.00\",\"selling_price\":\"30.00\",\"discount_price\":null}},\"ip_address\":\"31.223.49.69\",\"user_agent\":\"Mozilla\\/5.0 (Windows NT 10.0; Win64; x64) AppleWebKit\\/537.36 (KHTML, like Gecko) Chrome\\/133.0.0.0 Safari\\/537.36\",\"created_at\":\"2026-01-17T09:30:48.000000Z\",\"updated_at\":\"2026-01-17T09:30:48.000000Z\",\"user\":{\"id\":4,\"name\":\"admin\",\"email\":\"admin@app.com\",\"user_type\":\"admin\",\"is_active\":true,\"preferred_language\":\"fr\",\"email_verified_at\":\"2025-11-17T12:16:10.000000Z\",\"two_factor_confirmed_at\":null,\"current_team_id\":null,\"profile_photo_path\":null,\"created_at\":\"2025-11-17T12:16:10.000000Z\",\"updated_at\":\"2025-12-15T19:59:48.000000Z\",\"profile_photo_url\":\"https:\\/\\/ui-avatars.com\\/api\\/?name=a&color=7F9CF5&background=EBF4FF\"}},{\"id\":19,\"product_id\":\"8\",\"action\":\"stock_added\",\"description\":\"Added 20 units - Initial stock\",\"user_id\":\"4\",\"data\":{\"quantity\":20,\"reason\":\"Initial stock\",\"previous_stock\":0,\"new_stock\":20,\"notes\":\"Product creation\"},\"ip_address\":\"95.70.244.109\",\"user_agent\":\"Mozilla\\/5.0 (Windows NT 10.0; Win64; x64) AppleWebKit\\/537.36 (KHTML, like Gecko) Chrome\\/133.0.0.0 Safari\\/537.36\",\"created_at\":\"2026-01-08T08:15:52.000000Z\",\"updated_at\":\"2026-01-08T08:15:52.000000Z\",\"user\":{\"id\":4,\"name\":\"admin\",\"email\":\"admin@app.com\",\"user_type\":\"admin\",\"is_active\":true,\"preferred_language\":\"fr\",\"email_verified_at\":\"2025-11-17T12:16:10.000000Z\",\"two_factor_confirmed_at\":null,\"current_team_id\":null,\"profile_photo_path\":null,\"created_at\":\"2025-11-17T12:16:10.000000Z\",\"updated_at\":\"2025-12-15T19:59:48.000000Z\",\"profile_photo_url\":\"https:\\/\\/ui-avatars.com\\/api\\/?name=a&color=7F9CF5&background=EBF4FF\"}},{\"id\":18,\"product_id\":\"8\",\"action\":\"created\",\"description\":\"Product created\",\"user_id\":\"4\",\"data\":{\"name\":\"HS\",\"description\":\"3X41  4X42  6X43  4X44  3X45\\r\\n\\r\\nMikro Taban\",\"barcode\":\"PRD451855\",\"category_id\":\"1\",\"product_type\":\"store\",\"unit\":\"pcs\",\"cost_price\":\"19.00\",\"selling_price\":\"20.00\",\"image\":\"products\\/1767860152_20BDpRa1bA.jpeg\",\"expiry_date\":null,\"is_active\":true,\"alert_quantity\":5,\"weight\":null,\"length\":null,\"width\":null,\"height\":null,\"updated_at\":\"2026-01-08T08:15:52.000000Z\",\"created_at\":\"2026-01-08T08:15:52.000000Z\",\"id\":8},\"ip_address\":\"95.70.244.109\",\"user_agent\":\"Mozilla\\/5.0 (Windows NT 10.0; Win64; x64) AppleWebKit\\/537.36 (KHTML, like Gecko) Chrome\\/133.0.0.0 Safari\\/537.36\",\"created_at\":\"2026-01-08T08:15:52.000000Z\",\"updated_at\":\"2026-01-08T08:15:52.000000Z\",\"user\":{\"id\":4,\"name\":\"admin\",\"email\":\"admin@app.com\",\"user_type\":\"admin\",\"is_active\":true,\"preferred_language\":\"fr\",\"email_verified_at\":\"2025-11-17T12:16:10.000000Z\",\"two_factor_confirmed_at\":null,\"current_team_id\":null,\"profile_photo_path\":null,\"created_at\":\"2025-11-17T12:16:10.000000Z\",\"updated_at\":\"2025-12-15T19:59:48.000000Z\",\"profile_photo_url\":\"https:\\/\\/ui-avatars.com\\/api\\/?name=a&color=7F9CF5&background=EBF4FF\"}}]}','31.223.48.231','Mozilla/5.0 (Windows NT 10.0; Win64; x64) AppleWebKit/537.36 (KHTML, like Gecko) Chrome/133.0.0.0 Safari/537.36','2026-02-09 12:44:56','2026-02-09 12:44:56'),
(172,6,'price_changed','Product pricing updated',4,'{\"old_prices\":{\"cost_price\":\"23.00\",\"selling_price\":\"30.00\",\"discount_price\":null},\"new_prices\":{\"cost_price\":\"21.00\",\"selling_price\":\"30.00\",\"discount_price\":null}}','31.223.48.231','Mozilla/5.0 (Windows NT 10.0; Win64; x64) AppleWebKit/537.36 (KHTML, like Gecko) Chrome/133.0.0.0 Safari/537.36','2026-02-09 12:46:22','2026-02-09 12:46:22'),
(173,6,'updated','Product updated',4,'{\"name\":{\"old\":\"HS\",\"new\":\"HS-23\"},\"description\":{\"old\":\"3X41  3X42  6X43  4X44  3X45\\r\\n\\r\\nMikro Taban\",\"new\":\"3X41\\r\\n2X42\\r\\n4X43\\r\\n4X44\\r\\n3X45\"},\"cost_price\":{\"old\":\"23.00\",\"new\":\"21\"}}','31.223.48.231','Mozilla/5.0 (Windows NT 10.0; Win64; x64) AppleWebKit/537.36 (KHTML, like Gecko) Chrome/133.0.0.0 Safari/537.36','2026-02-09 12:46:22','2026-02-09 12:46:22'),
(174,6,'stock_removed','Removed 3 units - Manual adjustment',4,'{\"quantity\":3,\"reason\":\"Manual adjustment\",\"previous_stock\":19,\"new_stock\":16,\"notes\":null}','31.223.48.231','Mozilla/5.0 (Windows NT 10.0; Win64; x64) AppleWebKit/537.36 (KHTML, like Gecko) Chrome/133.0.0.0 Safari/537.36','2026-02-09 12:46:58','2026-02-09 12:46:58'),
(175,11,'price_changed','Product pricing updated',4,'{\"old_prices\":{\"cost_price\":\"23.00\",\"selling_price\":\"30.00\",\"discount_price\":null},\"new_prices\":{\"cost_price\":\"21.00\",\"selling_price\":\"30.00\",\"discount_price\":null}}','31.223.48.231','Mozilla/5.0 (Windows NT 10.0; Win64; x64) AppleWebKit/537.36 (KHTML, like Gecko) Chrome/133.0.0.0 Safari/537.36','2026-02-09 13:05:36','2026-02-09 13:05:36'),
(176,11,'updated','Product updated',4,'{\"name\":{\"old\":\"HS\",\"new\":\"FB9-B\"},\"description\":{\"old\":\"2X41  3X42  5X43  3X44  3X45\\r\\n\\r\\nMikro Taban\",\"new\":null},\"cost_price\":{\"old\":\"23.00\",\"new\":\"21\"}}','31.223.48.231','Mozilla/5.0 (Windows NT 10.0; Win64; x64) AppleWebKit/537.36 (KHTML, like Gecko) Chrome/133.0.0.0 Safari/537.36','2026-02-09 13:05:36','2026-02-09 13:05:36'),
(177,11,'stock_removed','Removed 13 units - Manual adjustment',4,'{\"quantity\":13,\"reason\":\"Manual adjustment\",\"previous_stock\":14,\"new_stock\":1,\"notes\":null}','31.223.48.231','Mozilla/5.0 (Windows NT 10.0; Win64; x64) AppleWebKit/537.36 (KHTML, like Gecko) Chrome/133.0.0.0 Safari/537.36','2026-02-09 13:06:00','2026-02-09 13:06:00'),
(178,5,'price_changed','Product pricing updated',4,'{\"old_prices\":{\"cost_price\":\"23.00\",\"selling_price\":\"30.00\",\"discount_price\":null},\"new_prices\":{\"cost_price\":\"21.00\",\"selling_price\":\"30.00\",\"discount_price\":null}}','31.223.48.231','Mozilla/5.0 (Windows NT 10.0; Win64; x64) AppleWebKit/537.36 (KHTML, like Gecko) Chrome/133.0.0.0 Safari/537.36','2026-02-09 13:08:10','2026-02-09 13:08:10'),
(179,5,'updated','Product updated',4,'{\"name\":{\"old\":\"HS\",\"new\":\"H-0033SG\"},\"description\":{\"old\":\"3X41  4X42  6X43  4X44  3X45\\r\\n\\r\\nMikro Taban\",\"new\":null},\"cost_price\":{\"old\":\"23.00\",\"new\":\"21\"}}','31.223.48.231','Mozilla/5.0 (Windows NT 10.0; Win64; x64) AppleWebKit/537.36 (KHTML, like Gecko) Chrome/133.0.0.0 Safari/537.36','2026-02-09 13:08:10','2026-02-09 13:08:10'),
(180,5,'stock_removed','Removed 16 units - Manual adjustment',4,'{\"quantity\":16,\"reason\":\"Manual adjustment\",\"previous_stock\":20,\"new_stock\":4,\"notes\":null}','31.223.48.231','Mozilla/5.0 (Windows NT 10.0; Win64; x64) AppleWebKit/537.36 (KHTML, like Gecko) Chrome/133.0.0.0 Safari/537.36','2026-02-09 13:09:58','2026-02-09 13:09:58'),
(181,11,'stock_added','Added 4 units - Manual adjustment',4,'{\"quantity\":4,\"reason\":\"Manual adjustment\",\"previous_stock\":1,\"new_stock\":5,\"notes\":null}','31.223.48.231','Mozilla/5.0 (Windows NT 10.0; Win64; x64) AppleWebKit/537.36 (KHTML, like Gecko) Chrome/133.0.0.0 Safari/537.36','2026-02-09 13:12:14','2026-02-09 13:12:14'),
(182,26,'price_changed','Product pricing updated',4,'{\"old_prices\":{\"cost_price\":\"23.00\",\"selling_price\":\"30.00\",\"discount_price\":null},\"new_prices\":{\"cost_price\":\"21.00\",\"selling_price\":\"30.00\",\"discount_price\":null}}','31.223.48.231','Mozilla/5.0 (Windows NT 10.0; Win64; x64) AppleWebKit/537.36 (KHTML, like Gecko) Chrome/133.0.0.0 Safari/537.36','2026-02-09 13:15:44','2026-02-09 13:15:44'),
(183,26,'updated','Product updated',4,'{\"cost_price\":{\"old\":\"23.00\",\"new\":\"21\"}}','31.223.48.231','Mozilla/5.0 (Windows NT 10.0; Win64; x64) AppleWebKit/537.36 (KHTML, like Gecko) Chrome/133.0.0.0 Safari/537.36','2026-02-09 13:15:44','2026-02-09 13:15:44'),
(184,26,'stock_removed','Removed 21 units - Manual adjustment',4,'{\"quantity\":21,\"reason\":\"Manual adjustment\",\"previous_stock\":281,\"new_stock\":260,\"notes\":null}','31.223.48.231','Mozilla/5.0 (Windows NT 10.0; Win64; x64) AppleWebKit/537.36 (KHTML, like Gecko) Chrome/133.0.0.0 Safari/537.36','2026-02-09 13:15:58','2026-02-09 13:15:58'),
(185,24,'price_changed','Product pricing updated',4,'{\"old_prices\":{\"cost_price\":\"23.00\",\"selling_price\":\"30.00\",\"discount_price\":null},\"new_prices\":{\"cost_price\":\"21.00\",\"selling_price\":\"30.00\",\"discount_price\":null}}','31.223.48.231','Mozilla/5.0 (Windows NT 10.0; Win64; x64) AppleWebKit/537.36 (KHTML, like Gecko) Chrome/133.0.0.0 Safari/537.36','2026-02-09 13:16:51','2026-02-09 13:16:51'),
(186,24,'updated','Product updated',4,'{\"description\":{\"old\":\"1X41\\r\\n2X42\\r\\n3X43\\r\\n4X44\\r\\n3X45\",\"new\":\"1X41\\r\\n1X42\\r\\n3X43\\r\\n4X44\\r\\n3X45\"},\"cost_price\":{\"old\":\"23.00\",\"new\":\"21\"}}','31.223.48.231','Mozilla/5.0 (Windows NT 10.0; Win64; x64) AppleWebKit/537.36 (KHTML, like Gecko) Chrome/133.0.0.0 Safari/537.36','2026-02-09 13:16:51','2026-02-09 13:16:51'),
(187,24,'stock_removed','Removed 1 units - Manual adjustment',4,'{\"quantity\":1,\"reason\":\"Manual adjustment\",\"previous_stock\":13,\"new_stock\":12,\"notes\":null}','31.223.48.231','Mozilla/5.0 (Windows NT 10.0; Win64; x64) AppleWebKit/537.36 (KHTML, like Gecko) Chrome/133.0.0.0 Safari/537.36','2026-02-09 13:17:34','2026-02-09 13:17:34'),
(188,20,'status_changed','Product deactivated',4,'{\"old_status\":true,\"new_status\":false}','31.223.48.231','Mozilla/5.0 (Windows NT 10.0; Win64; x64) AppleWebKit/537.36 (KHTML, like Gecko) Chrome/133.0.0.0 Safari/537.36','2026-02-09 13:18:05','2026-02-09 13:18:05'),
(189,20,'stock_removed','Removed 40 units - Manual adjustment',4,'{\"quantity\":40,\"reason\":\"Manual adjustment\",\"previous_stock\":41,\"new_stock\":1,\"notes\":null}','31.223.48.231','Mozilla/5.0 (Windows NT 10.0; Win64; x64) AppleWebKit/537.36 (KHTML, like Gecko) Chrome/133.0.0.0 Safari/537.36','2026-02-09 13:19:02','2026-02-09 13:19:02'),
(190,18,'deleted','Product deleted',4,'{\"id\":18,\"name\":\"HS\",\"description\":\"3X41  4X42  6X43  4X44  3X45\\r\\n\\r\\nMikro Taban\",\"barcode\":\"PRD200652\",\"category_id\":\"1\",\"product_type\":\"market\",\"unit\":\"pcs\",\"alert_quantity\":5,\"cost_price\":\"23.00\",\"selling_price\":\"30.00\",\"discount_price\":null,\"image\":\"products\\/1767864932_wvdQH6jNor.jpeg\",\"expiry_date\":null,\"is_active\":true,\"weight\":null,\"length\":null,\"width\":null,\"height\":null,\"created_at\":\"2026-01-08T09:35:32.000000Z\",\"updated_at\":\"2026-01-17T08:52:10.000000Z\",\"deleted_at\":null,\"category\":{\"id\":1,\"name\":\"Sandale\",\"description\":null,\"image\":null,\"is_active\":true,\"created_at\":\"2026-01-01T14:31:54.000000Z\",\"updated_at\":\"2026-01-01T14:31:54.000000Z\"},\"inventory\":{\"id\":18,\"product_id\":\"18\",\"current_stock\":20,\"reserved_stock\":0,\"available_stock\":20,\"last_stock_update\":\"2026-01-08T09:35:32.000000Z\",\"last_updated_by\":\"4\",\"created_at\":\"2026-01-08T09:35:32.000000Z\",\"updated_at\":\"2026-01-08T09:35:32.000000Z\"},\"history\":[{\"id\":73,\"product_id\":\"18\",\"action\":\"updated\",\"description\":\"Product updated\",\"user_id\":\"4\",\"data\":{\"product_type\":{\"old\":\"store\",\"new\":\"market\"},\"cost_price\":{\"old\":\"19.00\",\"new\":\"23\"},\"selling_price\":{\"old\":\"20.00\",\"new\":\"30\"}},\"ip_address\":\"31.223.49.69\",\"user_agent\":\"Mozilla\\/5.0 (Windows NT 10.0; Win64; x64) AppleWebKit\\/537.36 (KHTML, like Gecko) Chrome\\/133.0.0.0 Safari\\/537.36\",\"created_at\":\"2026-01-17T08:52:10.000000Z\",\"updated_at\":\"2026-01-17T08:52:10.000000Z\",\"user\":{\"id\":4,\"name\":\"admin\",\"email\":\"admin@app.com\",\"user_type\":\"admin\",\"is_active\":true,\"preferred_language\":\"fr\",\"email_verified_at\":\"2025-11-17T12:16:10.000000Z\",\"two_factor_confirmed_at\":null,\"current_team_id\":null,\"profile_photo_path\":null,\"created_at\":\"2025-11-17T12:16:10.000000Z\",\"updated_at\":\"2025-12-15T19:59:48.000000Z\",\"profile_photo_url\":\"https:\\/\\/ui-avatars.com\\/api\\/?name=a&color=7F9CF5&background=EBF4FF\"}},{\"id\":72,\"product_id\":\"18\",\"action\":\"price_changed\",\"description\":\"Product pricing updated\",\"user_id\":\"4\",\"data\":{\"old_prices\":{\"cost_price\":\"19.00\",\"selling_price\":\"20.00\",\"discount_price\":null},\"new_prices\":{\"cost_price\":\"23.00\",\"selling_price\":\"30.00\",\"discount_price\":null}},\"ip_address\":\"31.223.49.69\",\"user_agent\":\"Mozilla\\/5.0 (Windows NT 10.0; Win64; x64) AppleWebKit\\/537.36 (KHTML, like Gecko) Chrome\\/133.0.0.0 Safari\\/537.36\",\"created_at\":\"2026-01-17T08:52:10.000000Z\",\"updated_at\":\"2026-01-17T08:52:10.000000Z\",\"user\":{\"id\":4,\"name\":\"admin\",\"email\":\"admin@app.com\",\"user_type\":\"admin\",\"is_active\":true,\"preferred_language\":\"fr\",\"email_verified_at\":\"2025-11-17T12:16:10.000000Z\",\"two_factor_confirmed_at\":null,\"current_team_id\":null,\"profile_photo_path\":null,\"created_at\":\"2025-11-17T12:16:10.000000Z\",\"updated_at\":\"2025-12-15T19:59:48.000000Z\",\"profile_photo_url\":\"https:\\/\\/ui-avatars.com\\/api\\/?name=a&color=7F9CF5&background=EBF4FF\"}},{\"id\":41,\"product_id\":\"18\",\"action\":\"stock_added\",\"description\":\"Added 20 units - Initial stock\",\"user_id\":\"4\",\"data\":{\"quantity\":20,\"reason\":\"Initial stock\",\"previous_stock\":0,\"new_stock\":20,\"notes\":\"Product creation\"},\"ip_address\":\"95.70.244.109\",\"user_agent\":\"Mozilla\\/5.0 (Windows NT 10.0; Win64; x64) AppleWebKit\\/537.36 (KHTML, like Gecko) Chrome\\/133.0.0.0 Safari\\/537.36\",\"created_at\":\"2026-01-08T09:35:32.000000Z\",\"updated_at\":\"2026-01-08T09:35:32.000000Z\",\"user\":{\"id\":4,\"name\":\"admin\",\"email\":\"admin@app.com\",\"user_type\":\"admin\",\"is_active\":true,\"preferred_language\":\"fr\",\"email_verified_at\":\"2025-11-17T12:16:10.000000Z\",\"two_factor_confirmed_at\":null,\"current_team_id\":null,\"profile_photo_path\":null,\"created_at\":\"2025-11-17T12:16:10.000000Z\",\"updated_at\":\"2025-12-15T19:59:48.000000Z\",\"profile_photo_url\":\"https:\\/\\/ui-avatars.com\\/api\\/?name=a&color=7F9CF5&background=EBF4FF\"}},{\"id\":40,\"product_id\":\"18\",\"action\":\"created\",\"description\":\"Product created\",\"user_id\":\"4\",\"data\":{\"name\":\"HS\",\"description\":\"3X41  4X42  6X43  4X44  3X45\\r\\n\\r\\nMikro Taban\",\"barcode\":\"PRD200652\",\"category_id\":\"1\",\"product_type\":\"store\",\"unit\":\"pcs\",\"cost_price\":\"19.00\",\"selling_price\":\"20.00\",\"image\":\"products\\/1767864932_wvdQH6jNor.jpeg\",\"expiry_date\":null,\"is_active\":true,\"alert_quantity\":5,\"weight\":null,\"length\":null,\"width\":null,\"height\":null,\"updated_at\":\"2026-01-08T09:35:32.000000Z\",\"created_at\":\"2026-01-08T09:35:32.000000Z\",\"id\":18},\"ip_address\":\"95.70.244.109\",\"user_agent\":\"Mozilla\\/5.0 (Windows NT 10.0; Win64; x64) AppleWebKit\\/537.36 (KHTML, like Gecko) Chrome\\/133.0.0.0 Safari\\/537.36\",\"created_at\":\"2026-01-08T09:35:32.000000Z\",\"updated_at\":\"2026-01-08T09:35:32.000000Z\",\"user\":{\"id\":4,\"name\":\"admin\",\"email\":\"admin@app.com\",\"user_type\":\"admin\",\"is_active\":true,\"preferred_language\":\"fr\",\"email_verified_at\":\"2025-11-17T12:16:10.000000Z\",\"two_factor_confirmed_at\":null,\"current_team_id\":null,\"profile_photo_path\":null,\"created_at\":\"2025-11-17T12:16:10.000000Z\",\"updated_at\":\"2025-12-15T19:59:48.000000Z\",\"profile_photo_url\":\"https:\\/\\/ui-avatars.com\\/api\\/?name=a&color=7F9CF5&background=EBF4FF\"}}]}','31.223.48.231','Mozilla/5.0 (Windows NT 10.0; Win64; x64) AppleWebKit/537.36 (KHTML, like Gecko) Chrome/133.0.0.0 Safari/537.36','2026-02-09 13:19:36','2026-02-09 13:19:36'),
(191,19,'stock_removed','Removed 16 units - Manual adjustment',4,'{\"quantity\":16,\"reason\":\"Manual adjustment\",\"previous_stock\":17,\"new_stock\":1,\"notes\":null}','31.223.48.231','Mozilla/5.0 (Windows NT 10.0; Win64; x64) AppleWebKit/537.36 (KHTML, like Gecko) Chrome/133.0.0.0 Safari/537.36','2026-02-09 13:19:54','2026-02-09 13:19:54'),
(192,22,'deleted','Product deleted',4,'{\"id\":22,\"name\":\"HB\",\"description\":\"6x41   8x42    8x43    4x44    4x45\\r\\n\\r\\nMikro Taban\",\"barcode\":\"PRD802335\",\"category_id\":\"2\",\"product_type\":\"store\",\"unit\":\"pcs\",\"alert_quantity\":5,\"cost_price\":\"19.00\",\"selling_price\":\"20.00\",\"discount_price\":null,\"image\":\"products\\/1767865665_uLYBKZk55F.jpeg\",\"expiry_date\":null,\"is_active\":true,\"weight\":null,\"length\":null,\"width\":null,\"height\":null,\"created_at\":\"2026-01-08T09:47:45.000000Z\",\"updated_at\":\"2026-01-08T09:47:45.000000Z\",\"deleted_at\":null,\"category\":{\"id\":2,\"name\":\"Babouche\",\"description\":null,\"image\":null,\"is_active\":true,\"created_at\":\"2026-01-01T14:32:06.000000Z\",\"updated_at\":\"2026-01-01T14:32:06.000000Z\"},\"inventory\":{\"id\":22,\"product_id\":\"22\",\"current_stock\":15,\"reserved_stock\":0,\"available_stock\":15,\"last_stock_update\":\"2026-01-24T10:22:27.000000Z\",\"last_updated_by\":\"4\",\"created_at\":\"2026-01-08T09:47:45.000000Z\",\"updated_at\":\"2026-01-24T10:22:27.000000Z\"},\"history\":[{\"id\":139,\"product_id\":\"22\",\"action\":\"stock_removed\",\"description\":\"Removed 15 units - Manual adjustment\",\"user_id\":\"4\",\"data\":{\"quantity\":15,\"reason\":\"Manual adjustment\",\"previous_stock\":30,\"new_stock\":15,\"notes\":null},\"ip_address\":\"95.70.244.224\",\"user_agent\":\"Mozilla\\/5.0 (Windows NT 10.0; Win64; x64) AppleWebKit\\/537.36 (KHTML, like Gecko) Chrome\\/133.0.0.0 Safari\\/537.36\",\"created_at\":\"2026-01-24T10:22:27.000000Z\",\"updated_at\":\"2026-01-24T10:22:27.000000Z\",\"user\":{\"id\":4,\"name\":\"admin\",\"email\":\"admin@app.com\",\"user_type\":\"admin\",\"is_active\":true,\"preferred_language\":\"fr\",\"email_verified_at\":\"2025-11-17T12:16:10.000000Z\",\"two_factor_confirmed_at\":null,\"current_team_id\":null,\"profile_photo_path\":null,\"created_at\":\"2025-11-17T12:16:10.000000Z\",\"updated_at\":\"2025-12-15T19:59:48.000000Z\",\"profile_photo_url\":\"https:\\/\\/ui-avatars.com\\/api\\/?name=a&color=7F9CF5&background=EBF4FF\"}},{\"id\":49,\"product_id\":\"22\",\"action\":\"stock_added\",\"description\":\"Added 30 units - Initial stock\",\"user_id\":\"4\",\"data\":{\"quantity\":30,\"reason\":\"Initial stock\",\"previous_stock\":0,\"new_stock\":30,\"notes\":\"Product creation\"},\"ip_address\":\"31.223.49.6\",\"user_agent\":\"Mozilla\\/5.0 (Windows NT 10.0; Win64; x64) AppleWebKit\\/537.36 (KHTML, like Gecko) Chrome\\/133.0.0.0 Safari\\/537.36\",\"created_at\":\"2026-01-08T09:47:45.000000Z\",\"updated_at\":\"2026-01-08T09:47:45.000000Z\",\"user\":{\"id\":4,\"name\":\"admin\",\"email\":\"admin@app.com\",\"user_type\":\"admin\",\"is_active\":true,\"preferred_language\":\"fr\",\"email_verified_at\":\"2025-11-17T12:16:10.000000Z\",\"two_factor_confirmed_at\":null,\"current_team_id\":null,\"profile_photo_path\":null,\"created_at\":\"2025-11-17T12:16:10.000000Z\",\"updated_at\":\"2025-12-15T19:59:48.000000Z\",\"profile_photo_url\":\"https:\\/\\/ui-avatars.com\\/api\\/?name=a&color=7F9CF5&background=EBF4FF\"}},{\"id\":48,\"product_id\":\"22\",\"action\":\"created\",\"description\":\"Product created\",\"user_id\":\"4\",\"data\":{\"name\":\"HB\",\"description\":\"6x41   8x42    8x43    4x44    4x45\\r\\n\\r\\nMikro Taban\",\"barcode\":\"PRD802335\",\"category_id\":\"2\",\"product_type\":\"store\",\"unit\":\"pcs\",\"cost_price\":\"19.00\",\"selling_price\":\"20.00\",\"image\":\"products\\/1767865665_uLYBKZk55F.jpeg\",\"expiry_date\":null,\"is_active\":true,\"alert_quantity\":5,\"weight\":null,\"length\":null,\"width\":null,\"height\":null,\"updated_at\":\"2026-01-08T09:47:45.000000Z\",\"created_at\":\"2026-01-08T09:47:45.000000Z\",\"id\":22},\"ip_address\":\"31.223.49.6\",\"user_agent\":\"Mozilla\\/5.0 (Windows NT 10.0; Win64; x64) AppleWebKit\\/537.36 (KHTML, like Gecko) Chrome\\/133.0.0.0 Safari\\/537.36\",\"created_at\":\"2026-01-08T09:47:45.000000Z\",\"updated_at\":\"2026-01-08T09:47:45.000000Z\",\"user\":{\"id\":4,\"name\":\"admin\",\"email\":\"admin@app.com\",\"user_type\":\"admin\",\"is_active\":true,\"preferred_language\":\"fr\",\"email_verified_at\":\"2025-11-17T12:16:10.000000Z\",\"two_factor_confirmed_at\":null,\"current_team_id\":null,\"profile_photo_path\":null,\"created_at\":\"2025-11-17T12:16:10.000000Z\",\"updated_at\":\"2025-12-15T19:59:48.000000Z\",\"profile_photo_url\":\"https:\\/\\/ui-avatars.com\\/api\\/?name=a&color=7F9CF5&background=EBF4FF\"}}]}','31.223.48.231','Mozilla/5.0 (Windows NT 10.0; Win64; x64) AppleWebKit/537.36 (KHTML, like Gecko) Chrome/133.0.0.0 Safari/537.36','2026-02-09 13:20:52','2026-02-09 13:20:52'),
(193,4,'deleted','Product deleted',4,'{\"id\":4,\"name\":\"HB\",\"description\":\"3X41  4X42  6X43  4X44  3X45\\r\\n\\r\\nMikro Taban\",\"barcode\":\"PRD192143\",\"category_id\":\"2\",\"product_type\":\"store\",\"unit\":\"pcs\",\"alert_quantity\":5,\"cost_price\":\"19.00\",\"selling_price\":\"20.00\",\"discount_price\":null,\"image\":\"products\\/1767859832_apKGcMAnjY.jpeg\",\"expiry_date\":null,\"is_active\":true,\"weight\":null,\"length\":null,\"width\":null,\"height\":null,\"created_at\":\"2026-01-08T08:10:32.000000Z\",\"updated_at\":\"2026-01-08T08:10:32.000000Z\",\"deleted_at\":null,\"category\":{\"id\":2,\"name\":\"Babouche\",\"description\":null,\"image\":null,\"is_active\":true,\"created_at\":\"2026-01-01T14:32:06.000000Z\",\"updated_at\":\"2026-01-01T14:32:06.000000Z\"},\"inventory\":{\"id\":4,\"product_id\":\"4\",\"current_stock\":18,\"reserved_stock\":0,\"available_stock\":18,\"last_stock_update\":\"2026-01-24T10:23:32.000000Z\",\"last_updated_by\":\"4\",\"created_at\":\"2026-01-08T08:10:32.000000Z\",\"updated_at\":\"2026-01-24T10:23:32.000000Z\"},\"history\":[{\"id\":140,\"product_id\":\"4\",\"action\":\"stock_removed\",\"description\":\"Removed 2 units - Manual adjustment\",\"user_id\":\"4\",\"data\":{\"quantity\":2,\"reason\":\"Manual adjustment\",\"previous_stock\":20,\"new_stock\":18,\"notes\":null},\"ip_address\":\"95.70.244.224\",\"user_agent\":\"Mozilla\\/5.0 (Windows NT 10.0; Win64; x64) AppleWebKit\\/537.36 (KHTML, like Gecko) Chrome\\/133.0.0.0 Safari\\/537.36\",\"created_at\":\"2026-01-24T10:23:32.000000Z\",\"updated_at\":\"2026-01-24T10:23:32.000000Z\",\"user\":{\"id\":4,\"name\":\"admin\",\"email\":\"admin@app.com\",\"user_type\":\"admin\",\"is_active\":true,\"preferred_language\":\"fr\",\"email_verified_at\":\"2025-11-17T12:16:10.000000Z\",\"two_factor_confirmed_at\":null,\"current_team_id\":null,\"profile_photo_path\":null,\"created_at\":\"2025-11-17T12:16:10.000000Z\",\"updated_at\":\"2025-12-15T19:59:48.000000Z\",\"profile_photo_url\":\"https:\\/\\/ui-avatars.com\\/api\\/?name=a&color=7F9CF5&background=EBF4FF\"}},{\"id\":10,\"product_id\":\"4\",\"action\":\"stock_added\",\"description\":\"Added 20 units - Initial stock\",\"user_id\":\"4\",\"data\":{\"quantity\":20,\"reason\":\"Initial stock\",\"previous_stock\":0,\"new_stock\":20,\"notes\":\"Product creation\"},\"ip_address\":\"95.70.244.109\",\"user_agent\":\"Mozilla\\/5.0 (Windows NT 10.0; Win64; x64) AppleWebKit\\/537.36 (KHTML, like Gecko) Chrome\\/133.0.0.0 Safari\\/537.36\",\"created_at\":\"2026-01-08T08:10:32.000000Z\",\"updated_at\":\"2026-01-08T08:10:32.000000Z\",\"user\":{\"id\":4,\"name\":\"admin\",\"email\":\"admin@app.com\",\"user_type\":\"admin\",\"is_active\":true,\"preferred_language\":\"fr\",\"email_verified_at\":\"2025-11-17T12:16:10.000000Z\",\"two_factor_confirmed_at\":null,\"current_team_id\":null,\"profile_photo_path\":null,\"created_at\":\"2025-11-17T12:16:10.000000Z\",\"updated_at\":\"2025-12-15T19:59:48.000000Z\",\"profile_photo_url\":\"https:\\/\\/ui-avatars.com\\/api\\/?name=a&color=7F9CF5&background=EBF4FF\"}},{\"id\":9,\"product_id\":\"4\",\"action\":\"created\",\"description\":\"Product created\",\"user_id\":\"4\",\"data\":{\"name\":\"HB\",\"description\":\"3X41  4X42  6X43  4X44  3X45\\r\\n\\r\\nMikro Taban\",\"barcode\":\"PRD192143\",\"category_id\":\"2\",\"product_type\":\"store\",\"unit\":\"pcs\",\"cost_price\":\"19.00\",\"selling_price\":\"20.00\",\"image\":\"products\\/1767859832_apKGcMAnjY.jpeg\",\"expiry_date\":null,\"is_active\":true,\"alert_quantity\":5,\"weight\":null,\"length\":null,\"width\":null,\"height\":null,\"updated_at\":\"2026-01-08T08:10:32.000000Z\",\"created_at\":\"2026-01-08T08:10:32.000000Z\",\"id\":4},\"ip_address\":\"95.70.244.109\",\"user_agent\":\"Mozilla\\/5.0 (Windows NT 10.0; Win64; x64) AppleWebKit\\/537.36 (KHTML, like Gecko) Chrome\\/133.0.0.0 Safari\\/537.36\",\"created_at\":\"2026-01-08T08:10:32.000000Z\",\"updated_at\":\"2026-01-08T08:10:32.000000Z\",\"user\":{\"id\":4,\"name\":\"admin\",\"email\":\"admin@app.com\",\"user_type\":\"admin\",\"is_active\":true,\"preferred_language\":\"fr\",\"email_verified_at\":\"2025-11-17T12:16:10.000000Z\",\"two_factor_confirmed_at\":null,\"current_team_id\":null,\"profile_photo_path\":null,\"created_at\":\"2025-11-17T12:16:10.000000Z\",\"updated_at\":\"2025-12-15T19:59:48.000000Z\",\"profile_photo_url\":\"https:\\/\\/ui-avatars.com\\/api\\/?name=a&color=7F9CF5&background=EBF4FF\"}}]}','31.223.48.231','Mozilla/5.0 (Windows NT 10.0; Win64; x64) AppleWebKit/537.36 (KHTML, like Gecko) Chrome/133.0.0.0 Safari/537.36','2026-02-09 13:21:29','2026-02-09 13:21:29'),
(194,3,'deleted','Product deleted',4,'{\"id\":3,\"name\":\"HB\",\"description\":\"3X41  4X42  6X43  4X44  3X45\\r\\n\\r\\nMikro Taban\",\"barcode\":\"PRD277541\",\"category_id\":\"2\",\"product_type\":\"store\",\"unit\":\"pcs\",\"alert_quantity\":5,\"cost_price\":\"19.00\",\"selling_price\":\"20.00\",\"discount_price\":null,\"image\":\"products\\/1767859633_sGMQpE9ABU.jpeg\",\"expiry_date\":null,\"is_active\":true,\"weight\":null,\"length\":null,\"width\":null,\"height\":null,\"created_at\":\"2026-01-08T08:07:14.000000Z\",\"updated_at\":\"2026-01-08T08:11:10.000000Z\",\"deleted_at\":null,\"category\":{\"id\":2,\"name\":\"Babouche\",\"description\":null,\"image\":null,\"is_active\":true,\"created_at\":\"2026-01-01T14:32:06.000000Z\",\"updated_at\":\"2026-01-01T14:32:06.000000Z\"},\"inventory\":{\"id\":3,\"product_id\":\"3\",\"current_stock\":15,\"reserved_stock\":0,\"available_stock\":15,\"last_stock_update\":\"2026-01-24T10:24:26.000000Z\",\"last_updated_by\":\"4\",\"created_at\":\"2026-01-08T08:07:14.000000Z\",\"updated_at\":\"2026-01-24T10:24:26.000000Z\"},\"history\":[{\"id\":141,\"product_id\":\"3\",\"action\":\"stock_removed\",\"description\":\"Removed 5 units - Manual adjustment\",\"user_id\":\"4\",\"data\":{\"quantity\":5,\"reason\":\"Manual adjustment\",\"previous_stock\":20,\"new_stock\":15,\"notes\":null},\"ip_address\":\"95.70.244.224\",\"user_agent\":\"Mozilla\\/5.0 (Windows NT 10.0; Win64; x64) AppleWebKit\\/537.36 (KHTML, like Gecko) Chrome\\/133.0.0.0 Safari\\/537.36\",\"created_at\":\"2026-01-24T10:24:26.000000Z\",\"updated_at\":\"2026-01-24T10:24:26.000000Z\",\"user\":{\"id\":4,\"name\":\"admin\",\"email\":\"admin@app.com\",\"user_type\":\"admin\",\"is_active\":true,\"preferred_language\":\"fr\",\"email_verified_at\":\"2025-11-17T12:16:10.000000Z\",\"two_factor_confirmed_at\":null,\"current_team_id\":null,\"profile_photo_path\":null,\"created_at\":\"2025-11-17T12:16:10.000000Z\",\"updated_at\":\"2025-12-15T19:59:48.000000Z\",\"profile_photo_url\":\"https:\\/\\/ui-avatars.com\\/api\\/?name=a&color=7F9CF5&background=EBF4FF\"}},{\"id\":11,\"product_id\":\"3\",\"action\":\"updated\",\"description\":\"Product updated\",\"user_id\":\"4\",\"data\":{\"description\":{\"old\":\"3X41  4X42  6X43  4X44  3X45\",\"new\":\"3X41  4X42  6X43  4X44  3X45\\r\\n\\r\\nMikro Taban\"}},\"ip_address\":\"95.70.244.109\",\"user_agent\":\"Mozilla\\/5.0 (Windows NT 10.0; Win64; x64) AppleWebKit\\/537.36 (KHTML, like Gecko) Chrome\\/133.0.0.0 Safari\\/537.36\",\"created_at\":\"2026-01-08T08:11:10.000000Z\",\"updated_at\":\"2026-01-08T08:11:10.000000Z\",\"user\":{\"id\":4,\"name\":\"admin\",\"email\":\"admin@app.com\",\"user_type\":\"admin\",\"is_active\":true,\"preferred_language\":\"fr\",\"email_verified_at\":\"2025-11-17T12:16:10.000000Z\",\"two_factor_confirmed_at\":null,\"current_team_id\":null,\"profile_photo_path\":null,\"created_at\":\"2025-11-17T12:16:10.000000Z\",\"updated_at\":\"2025-12-15T19:59:48.000000Z\",\"profile_photo_url\":\"https:\\/\\/ui-avatars.com\\/api\\/?name=a&color=7F9CF5&background=EBF4FF\"}},{\"id\":8,\"product_id\":\"3\",\"action\":\"stock_added\",\"description\":\"Added 20 units - Initial stock\",\"user_id\":\"4\",\"data\":{\"quantity\":20,\"reason\":\"Initial stock\",\"previous_stock\":0,\"new_stock\":20,\"notes\":\"Product creation\"},\"ip_address\":\"95.70.244.109\",\"user_agent\":\"Mozilla\\/5.0 (Windows NT 10.0; Win64; x64) AppleWebKit\\/537.36 (KHTML, like Gecko) Chrome\\/133.0.0.0 Safari\\/537.36\",\"created_at\":\"2026-01-08T08:07:14.000000Z\",\"updated_at\":\"2026-01-08T08:07:14.000000Z\",\"user\":{\"id\":4,\"name\":\"admin\",\"email\":\"admin@app.com\",\"user_type\":\"admin\",\"is_active\":true,\"preferred_language\":\"fr\",\"email_verified_at\":\"2025-11-17T12:16:10.000000Z\",\"two_factor_confirmed_at\":null,\"current_team_id\":null,\"profile_photo_path\":null,\"created_at\":\"2025-11-17T12:16:10.000000Z\",\"updated_at\":\"2025-12-15T19:59:48.000000Z\",\"profile_photo_url\":\"https:\\/\\/ui-avatars.com\\/api\\/?name=a&color=7F9CF5&background=EBF4FF\"}},{\"id\":7,\"product_id\":\"3\",\"action\":\"created\",\"description\":\"Product created\",\"user_id\":\"4\",\"data\":{\"name\":\"HB\",\"description\":null,\"barcode\":\"PRD277541\",\"category_id\":\"2\",\"product_type\":\"store\",\"unit\":\"pcs\",\"cost_price\":\"19.00\",\"selling_price\":\"20.00\",\"image\":\"products\\/1767859633_sGMQpE9ABU.jpeg\",\"expiry_date\":null,\"is_active\":true,\"alert_quantity\":5,\"weight\":null,\"length\":null,\"width\":null,\"height\":null,\"updated_at\":\"2026-01-08T08:07:14.000000Z\",\"created_at\":\"2026-01-08T08:07:14.000000Z\",\"id\":3},\"ip_address\":\"95.70.244.109\",\"user_agent\":\"Mozilla\\/5.0 (Windows NT 10.0; Win64; x64) AppleWebKit\\/537.36 (KHTML, like Gecko) Chrome\\/133.0.0.0 Safari\\/537.36\",\"created_at\":\"2026-01-08T08:07:14.000000Z\",\"updated_at\":\"2026-01-08T08:07:14.000000Z\",\"user\":{\"id\":4,\"name\":\"admin\",\"email\":\"admin@app.com\",\"user_type\":\"admin\",\"is_active\":true,\"preferred_language\":\"fr\",\"email_verified_at\":\"2025-11-17T12:16:10.000000Z\",\"two_factor_confirmed_at\":null,\"current_team_id\":null,\"profile_photo_path\":null,\"created_at\":\"2025-11-17T12:16:10.000000Z\",\"updated_at\":\"2025-12-15T19:59:48.000000Z\",\"profile_photo_url\":\"https:\\/\\/ui-avatars.com\\/api\\/?name=a&color=7F9CF5&background=EBF4FF\"}}]}','31.223.48.231','Mozilla/5.0 (Windows NT 10.0; Win64; x64) AppleWebKit/537.36 (KHTML, like Gecko) Chrome/133.0.0.0 Safari/537.36','2026-02-09 13:22:17','2026-02-09 13:22:17'),
(195,7,'deleted','Product deleted',4,'{\"id\":7,\"name\":\"HB\",\"description\":\"3X41  4X42  6X43  4X44  3X45\\r\\n\\r\\nMikro Taban\",\"barcode\":\"PRD174648\",\"category_id\":\"2\",\"product_type\":\"store\",\"unit\":\"pcs\",\"alert_quantity\":5,\"cost_price\":\"19.00\",\"selling_price\":\"20.00\",\"discount_price\":null,\"image\":\"products\\/1767860071_GdSrgOOwRj.jpeg\",\"expiry_date\":null,\"is_active\":true,\"weight\":null,\"length\":null,\"width\":null,\"height\":null,\"created_at\":\"2026-01-08T08:14:31.000000Z\",\"updated_at\":\"2026-01-08T08:14:31.000000Z\",\"deleted_at\":null,\"category\":{\"id\":2,\"name\":\"Babouche\",\"description\":null,\"image\":null,\"is_active\":true,\"created_at\":\"2026-01-01T14:32:06.000000Z\",\"updated_at\":\"2026-01-01T14:32:06.000000Z\"},\"inventory\":{\"id\":7,\"product_id\":\"7\",\"current_stock\":14,\"reserved_stock\":0,\"available_stock\":14,\"last_stock_update\":\"2026-01-24T10:25:34.000000Z\",\"last_updated_by\":\"4\",\"created_at\":\"2026-01-08T08:14:31.000000Z\",\"updated_at\":\"2026-01-24T10:25:34.000000Z\"},\"history\":[{\"id\":142,\"product_id\":\"7\",\"action\":\"stock_removed\",\"description\":\"Removed 6 units - Manual adjustment\",\"user_id\":\"4\",\"data\":{\"quantity\":6,\"reason\":\"Manual adjustment\",\"previous_stock\":20,\"new_stock\":14,\"notes\":null},\"ip_address\":\"95.70.244.224\",\"user_agent\":\"Mozilla\\/5.0 (Windows NT 10.0; Win64; x64) AppleWebKit\\/537.36 (KHTML, like Gecko) Chrome\\/133.0.0.0 Safari\\/537.36\",\"created_at\":\"2026-01-24T10:25:34.000000Z\",\"updated_at\":\"2026-01-24T10:25:34.000000Z\",\"user\":{\"id\":4,\"name\":\"admin\",\"email\":\"admin@app.com\",\"user_type\":\"admin\",\"is_active\":true,\"preferred_language\":\"fr\",\"email_verified_at\":\"2025-11-17T12:16:10.000000Z\",\"two_factor_confirmed_at\":null,\"current_team_id\":null,\"profile_photo_path\":null,\"created_at\":\"2025-11-17T12:16:10.000000Z\",\"updated_at\":\"2025-12-15T19:59:48.000000Z\",\"profile_photo_url\":\"https:\\/\\/ui-avatars.com\\/api\\/?name=a&color=7F9CF5&background=EBF4FF\"}},{\"id\":17,\"product_id\":\"7\",\"action\":\"stock_added\",\"description\":\"Added 20 units - Initial stock\",\"user_id\":\"4\",\"data\":{\"quantity\":20,\"reason\":\"Initial stock\",\"previous_stock\":0,\"new_stock\":20,\"notes\":\"Product creation\"},\"ip_address\":\"95.70.244.109\",\"user_agent\":\"Mozilla\\/5.0 (Windows NT 10.0; Win64; x64) AppleWebKit\\/537.36 (KHTML, like Gecko) Chrome\\/133.0.0.0 Safari\\/537.36\",\"created_at\":\"2026-01-08T08:14:31.000000Z\",\"updated_at\":\"2026-01-08T08:14:31.000000Z\",\"user\":{\"id\":4,\"name\":\"admin\",\"email\":\"admin@app.com\",\"user_type\":\"admin\",\"is_active\":true,\"preferred_language\":\"fr\",\"email_verified_at\":\"2025-11-17T12:16:10.000000Z\",\"two_factor_confirmed_at\":null,\"current_team_id\":null,\"profile_photo_path\":null,\"created_at\":\"2025-11-17T12:16:10.000000Z\",\"updated_at\":\"2025-12-15T19:59:48.000000Z\",\"profile_photo_url\":\"https:\\/\\/ui-avatars.com\\/api\\/?name=a&color=7F9CF5&background=EBF4FF\"}},{\"id\":16,\"product_id\":\"7\",\"action\":\"created\",\"description\":\"Product created\",\"user_id\":\"4\",\"data\":{\"name\":\"HB\",\"description\":\"3X41  4X42  6X43  4X44  3X45\\r\\n\\r\\nMikro Taban\",\"barcode\":\"PRD174648\",\"category_id\":\"2\",\"product_type\":\"store\",\"unit\":\"pcs\",\"cost_price\":\"19.00\",\"selling_price\":\"20.00\",\"image\":\"products\\/1767860071_GdSrgOOwRj.jpeg\",\"expiry_date\":null,\"is_active\":true,\"alert_quantity\":5,\"weight\":null,\"length\":null,\"width\":null,\"height\":null,\"updated_at\":\"2026-01-08T08:14:31.000000Z\",\"created_at\":\"2026-01-08T08:14:31.000000Z\",\"id\":7},\"ip_address\":\"95.70.244.109\",\"user_agent\":\"Mozilla\\/5.0 (Windows NT 10.0; Win64; x64) AppleWebKit\\/537.36 (KHTML, like Gecko) Chrome\\/133.0.0.0 Safari\\/537.36\",\"created_at\":\"2026-01-08T08:14:31.000000Z\",\"updated_at\":\"2026-01-08T08:14:31.000000Z\",\"user\":{\"id\":4,\"name\":\"admin\",\"email\":\"admin@app.com\",\"user_type\":\"admin\",\"is_active\":true,\"preferred_language\":\"fr\",\"email_verified_at\":\"2025-11-17T12:16:10.000000Z\",\"two_factor_confirmed_at\":null,\"current_team_id\":null,\"profile_photo_path\":null,\"created_at\":\"2025-11-17T12:16:10.000000Z\",\"updated_at\":\"2025-12-15T19:59:48.000000Z\",\"profile_photo_url\":\"https:\\/\\/ui-avatars.com\\/api\\/?name=a&color=7F9CF5&background=EBF4FF\"}}]}','31.223.48.231','Mozilla/5.0 (Windows NT 10.0; Win64; x64) AppleWebKit/537.36 (KHTML, like Gecko) Chrome/133.0.0.0 Safari/537.36','2026-02-09 13:22:35','2026-02-09 13:22:35'),
(196,21,'deleted','Product deleted',4,'{\"id\":21,\"name\":\"HB\",\"description\":\"6X41   8X42   8X43   4X44   4X45\\r\\n\\r\\nMikro Taban\",\"barcode\":\"PRD752776\",\"category_id\":\"2\",\"product_type\":\"store\",\"unit\":\"pcs\",\"alert_quantity\":5,\"cost_price\":\"19.00\",\"selling_price\":\"20.00\",\"discount_price\":null,\"image\":\"products\\/1767865515_kYYm20zZx2.jpeg\",\"expiry_date\":null,\"is_active\":true,\"weight\":null,\"length\":null,\"width\":null,\"height\":null,\"created_at\":\"2026-01-08T09:45:15.000000Z\",\"updated_at\":\"2026-01-08T09:45:15.000000Z\",\"deleted_at\":null,\"category\":{\"id\":2,\"name\":\"Babouche\",\"description\":null,\"image\":null,\"is_active\":true,\"created_at\":\"2026-01-01T14:32:06.000000Z\",\"updated_at\":\"2026-01-01T14:32:06.000000Z\"},\"inventory\":{\"id\":21,\"product_id\":\"21\",\"current_stock\":20,\"reserved_stock\":0,\"available_stock\":20,\"last_stock_update\":\"2026-01-24T10:20:01.000000Z\",\"last_updated_by\":\"4\",\"created_at\":\"2026-01-08T09:45:15.000000Z\",\"updated_at\":\"2026-01-24T10:20:01.000000Z\"},\"history\":[{\"id\":137,\"product_id\":\"21\",\"action\":\"stock_removed\",\"description\":\"Removed 10 units - Manual adjustment\",\"user_id\":\"4\",\"data\":{\"quantity\":10,\"reason\":\"Manual adjustment\",\"previous_stock\":30,\"new_stock\":20,\"notes\":null},\"ip_address\":\"95.70.244.224\",\"user_agent\":\"Mozilla\\/5.0 (Windows NT 10.0; Win64; x64) AppleWebKit\\/537.36 (KHTML, like Gecko) Chrome\\/133.0.0.0 Safari\\/537.36\",\"created_at\":\"2026-01-24T10:20:01.000000Z\",\"updated_at\":\"2026-01-24T10:20:01.000000Z\",\"user\":{\"id\":4,\"name\":\"admin\",\"email\":\"admin@app.com\",\"user_type\":\"admin\",\"is_active\":true,\"preferred_language\":\"fr\",\"email_verified_at\":\"2025-11-17T12:16:10.000000Z\",\"two_factor_confirmed_at\":null,\"current_team_id\":null,\"profile_photo_path\":null,\"created_at\":\"2025-11-17T12:16:10.000000Z\",\"updated_at\":\"2025-12-15T19:59:48.000000Z\",\"profile_photo_url\":\"https:\\/\\/ui-avatars.com\\/api\\/?name=a&color=7F9CF5&background=EBF4FF\"}},{\"id\":47,\"product_id\":\"21\",\"action\":\"stock_added\",\"description\":\"Added 30 units - Initial stock\",\"user_id\":\"4\",\"data\":{\"quantity\":30,\"reason\":\"Initial stock\",\"previous_stock\":0,\"new_stock\":30,\"notes\":\"Product creation\"},\"ip_address\":\"31.223.49.6\",\"user_agent\":\"Mozilla\\/5.0 (Windows NT 10.0; Win64; x64) AppleWebKit\\/537.36 (KHTML, like Gecko) Chrome\\/133.0.0.0 Safari\\/537.36\",\"created_at\":\"2026-01-08T09:45:15.000000Z\",\"updated_at\":\"2026-01-08T09:45:15.000000Z\",\"user\":{\"id\":4,\"name\":\"admin\",\"email\":\"admin@app.com\",\"user_type\":\"admin\",\"is_active\":true,\"preferred_language\":\"fr\",\"email_verified_at\":\"2025-11-17T12:16:10.000000Z\",\"two_factor_confirmed_at\":null,\"current_team_id\":null,\"profile_photo_path\":null,\"created_at\":\"2025-11-17T12:16:10.000000Z\",\"updated_at\":\"2025-12-15T19:59:48.000000Z\",\"profile_photo_url\":\"https:\\/\\/ui-avatars.com\\/api\\/?name=a&color=7F9CF5&background=EBF4FF\"}},{\"id\":46,\"product_id\":\"21\",\"action\":\"created\",\"description\":\"Product created\",\"user_id\":\"4\",\"data\":{\"name\":\"HB\",\"description\":\"6X41   8X42   8X43   4X44   4X45\\r\\n\\r\\nMikro Taban\",\"barcode\":\"PRD752776\",\"category_id\":\"2\",\"product_type\":\"store\",\"unit\":\"pcs\",\"cost_price\":\"19.00\",\"selling_price\":\"20.00\",\"image\":\"products\\/1767865515_kYYm20zZx2.jpeg\",\"expiry_date\":null,\"is_active\":true,\"alert_quantity\":5,\"weight\":null,\"length\":null,\"width\":null,\"height\":null,\"updated_at\":\"2026-01-08T09:45:15.000000Z\",\"created_at\":\"2026-01-08T09:45:15.000000Z\",\"id\":21},\"ip_address\":\"31.223.49.6\",\"user_agent\":\"Mozilla\\/5.0 (Windows NT 10.0; Win64; x64) AppleWebKit\\/537.36 (KHTML, like Gecko) Chrome\\/133.0.0.0 Safari\\/537.36\",\"created_at\":\"2026-01-08T09:45:15.000000Z\",\"updated_at\":\"2026-01-08T09:45:15.000000Z\",\"user\":{\"id\":4,\"name\":\"admin\",\"email\":\"admin@app.com\",\"user_type\":\"admin\",\"is_active\":true,\"preferred_language\":\"fr\",\"email_verified_at\":\"2025-11-17T12:16:10.000000Z\",\"two_factor_confirmed_at\":null,\"current_team_id\":null,\"profile_photo_path\":null,\"created_at\":\"2025-11-17T12:16:10.000000Z\",\"updated_at\":\"2025-12-15T19:59:48.000000Z\",\"profile_photo_url\":\"https:\\/\\/ui-avatars.com\\/api\\/?name=a&color=7F9CF5&background=EBF4FF\"}}]}','31.223.48.231','Mozilla/5.0 (Windows NT 10.0; Win64; x64) AppleWebKit/537.36 (KHTML, like Gecko) Chrome/133.0.0.0 Safari/537.36','2026-02-09 13:23:08','2026-02-09 13:23:08'),
(197,19,'deleted','Product deleted',4,'{\"id\":19,\"name\":\"HB\",\"description\":\"10X41   15X42   15X43   5X44   5X45\\r\\n\\r\\nMikro Taban\",\"barcode\":\"PRD583104\",\"category_id\":\"2\",\"product_type\":\"store\",\"unit\":\"pcs\",\"alert_quantity\":5,\"cost_price\":\"19.00\",\"selling_price\":\"20.00\",\"discount_price\":null,\"image\":\"products\\/1767865241_rogD0NTnpg.jpeg\",\"expiry_date\":null,\"is_active\":true,\"weight\":null,\"length\":null,\"width\":null,\"height\":null,\"created_at\":\"2026-01-08T09:40:41.000000Z\",\"updated_at\":\"2026-01-08T09:40:41.000000Z\",\"deleted_at\":null,\"category\":{\"id\":2,\"name\":\"Babouche\",\"description\":null,\"image\":null,\"is_active\":true,\"created_at\":\"2026-01-01T14:32:06.000000Z\",\"updated_at\":\"2026-01-01T14:32:06.000000Z\"},\"inventory\":{\"id\":19,\"product_id\":\"19\",\"current_stock\":1,\"reserved_stock\":0,\"available_stock\":1,\"last_stock_update\":\"2026-02-09T16:19:54.000000Z\",\"last_updated_by\":\"4\",\"created_at\":\"2026-01-08T09:40:42.000000Z\",\"updated_at\":\"2026-02-09T16:19:54.000000Z\"},\"history\":[{\"id\":191,\"product_id\":\"19\",\"action\":\"stock_removed\",\"description\":\"Removed 16 units - Manual adjustment\",\"user_id\":\"4\",\"data\":{\"quantity\":16,\"reason\":\"Manual adjustment\",\"previous_stock\":17,\"new_stock\":1,\"notes\":null},\"ip_address\":\"31.223.48.231\",\"user_agent\":\"Mozilla\\/5.0 (Windows NT 10.0; Win64; x64) AppleWebKit\\/537.36 (KHTML, like Gecko) Chrome\\/133.0.0.0 Safari\\/537.36\",\"created_at\":\"2026-02-09T16:19:54.000000Z\",\"updated_at\":\"2026-02-09T16:19:54.000000Z\",\"user\":{\"id\":4,\"name\":\"admin\",\"email\":\"admin@app.com\",\"user_type\":\"admin\",\"is_active\":true,\"preferred_language\":\"fr\",\"email_verified_at\":\"2025-11-17T12:16:10.000000Z\",\"two_factor_confirmed_at\":null,\"current_team_id\":null,\"profile_photo_path\":null,\"created_at\":\"2025-11-17T12:16:10.000000Z\",\"updated_at\":\"2025-12-15T19:59:48.000000Z\",\"profile_photo_url\":\"https:\\/\\/ui-avatars.com\\/api\\/?name=a&color=7F9CF5&background=EBF4FF\"}},{\"id\":138,\"product_id\":\"19\",\"action\":\"stock_removed\",\"description\":\"Removed 33 units - Manual adjustment\",\"user_id\":\"4\",\"data\":{\"quantity\":33,\"reason\":\"Manual adjustment\",\"previous_stock\":50,\"new_stock\":17,\"notes\":null},\"ip_address\":\"95.70.244.224\",\"user_agent\":\"Mozilla\\/5.0 (Windows NT 10.0; Win64; x64) AppleWebKit\\/537.36 (KHTML, like Gecko) Chrome\\/133.0.0.0 Safari\\/537.36\",\"created_at\":\"2026-01-24T10:21:44.000000Z\",\"updated_at\":\"2026-01-24T10:21:44.000000Z\",\"user\":{\"id\":4,\"name\":\"admin\",\"email\":\"admin@app.com\",\"user_type\":\"admin\",\"is_active\":true,\"preferred_language\":\"fr\",\"email_verified_at\":\"2025-11-17T12:16:10.000000Z\",\"two_factor_confirmed_at\":null,\"current_team_id\":null,\"profile_photo_path\":null,\"created_at\":\"2025-11-17T12:16:10.000000Z\",\"updated_at\":\"2025-12-15T19:59:48.000000Z\",\"profile_photo_url\":\"https:\\/\\/ui-avatars.com\\/api\\/?name=a&color=7F9CF5&background=EBF4FF\"}},{\"id\":43,\"product_id\":\"19\",\"action\":\"stock_added\",\"description\":\"Added 50 units - Initial stock\",\"user_id\":\"4\",\"data\":{\"quantity\":50,\"reason\":\"Initial stock\",\"previous_stock\":0,\"new_stock\":50,\"notes\":\"Product creation\"},\"ip_address\":\"31.223.49.6\",\"user_agent\":\"Mozilla\\/5.0 (Windows NT 10.0; Win64; x64) AppleWebKit\\/537.36 (KHTML, like Gecko) Chrome\\/133.0.0.0 Safari\\/537.36\",\"created_at\":\"2026-01-08T09:40:42.000000Z\",\"updated_at\":\"2026-01-08T09:40:42.000000Z\",\"user\":{\"id\":4,\"name\":\"admin\",\"email\":\"admin@app.com\",\"user_type\":\"admin\",\"is_active\":true,\"preferred_language\":\"fr\",\"email_verified_at\":\"2025-11-17T12:16:10.000000Z\",\"two_factor_confirmed_at\":null,\"current_team_id\":null,\"profile_photo_path\":null,\"created_at\":\"2025-11-17T12:16:10.000000Z\",\"updated_at\":\"2025-12-15T19:59:48.000000Z\",\"profile_photo_url\":\"https:\\/\\/ui-avatars.com\\/api\\/?name=a&color=7F9CF5&background=EBF4FF\"}},{\"id\":42,\"product_id\":\"19\",\"action\":\"created\",\"description\":\"Product created\",\"user_id\":\"4\",\"data\":{\"name\":\"HB\",\"description\":\"10X41   15X42   15X43   5X44   5X45\\r\\n\\r\\nMikro Taban\",\"barcode\":\"PRD583104\",\"category_id\":\"2\",\"product_type\":\"store\",\"unit\":\"pcs\",\"cost_price\":\"19.00\",\"selling_price\":\"20.00\",\"image\":\"products\\/1767865241_rogD0NTnpg.jpeg\",\"expiry_date\":null,\"is_active\":true,\"alert_quantity\":5,\"weight\":null,\"length\":null,\"width\":null,\"height\":null,\"updated_at\":\"2026-01-08T09:40:41.000000Z\",\"created_at\":\"2026-01-08T09:40:41.000000Z\",\"id\":19},\"ip_address\":\"31.223.49.6\",\"user_agent\":\"Mozilla\\/5.0 (Windows NT 10.0; Win64; x64) AppleWebKit\\/537.36 (KHTML, like Gecko) Chrome\\/133.0.0.0 Safari\\/537.36\",\"created_at\":\"2026-01-08T09:40:42.000000Z\",\"updated_at\":\"2026-01-08T09:40:42.000000Z\",\"user\":{\"id\":4,\"name\":\"admin\",\"email\":\"admin@app.com\",\"user_type\":\"admin\",\"is_active\":true,\"preferred_language\":\"fr\",\"email_verified_at\":\"2025-11-17T12:16:10.000000Z\",\"two_factor_confirmed_at\":null,\"current_team_id\":null,\"profile_photo_path\":null,\"created_at\":\"2025-11-17T12:16:10.000000Z\",\"updated_at\":\"2025-12-15T19:59:48.000000Z\",\"profile_photo_url\":\"https:\\/\\/ui-avatars.com\\/api\\/?name=a&color=7F9CF5&background=EBF4FF\"}}]}','31.223.48.231','Mozilla/5.0 (Windows NT 10.0; Win64; x64) AppleWebKit/537.36 (KHTML, like Gecko) Chrome/133.0.0.0 Safari/537.36','2026-02-09 13:23:22','2026-02-09 13:23:22'),
(198,27,'price_changed','Product pricing updated',4,'{\"old_prices\":{\"cost_price\":\"15.00\",\"selling_price\":\"20.00\",\"discount_price\":null},\"new_prices\":{\"cost_price\":\"16.00\",\"selling_price\":\"20.00\",\"discount_price\":null}}','31.223.48.231','Mozilla/5.0 (Windows NT 10.0; Win64; x64) AppleWebKit/537.36 (KHTML, like Gecko) Chrome/133.0.0.0 Safari/537.36','2026-02-09 13:24:41','2026-02-09 13:24:41'),
(199,27,'updated','Product updated',4,'{\"cost_price\":{\"old\":\"15.00\",\"new\":\"16\"}}','31.223.48.231','Mozilla/5.0 (Windows NT 10.0; Win64; x64) AppleWebKit/537.36 (KHTML, like Gecko) Chrome/133.0.0.0 Safari/537.36','2026-02-09 13:24:41','2026-02-09 13:24:41'),
(200,26,'stock_removed','Removed 4 units - Sale',4,'{\"quantity\":4,\"reason\":\"Sale\",\"previous_stock\":260,\"new_stock\":256,\"sale_id\":8,\"sale_number\":\"HIL-0133\"}','31.223.48.231','Mozilla/5.0 (Linux; Android 10; K) AppleWebKit/537.36 (KHTML, like Gecko) Chrome/144.0.0.0 Mobile Safari/537.36','2026-02-12 08:33:43','2026-02-12 08:33:43'),
(201,26,'stock_removed','Removed 1 units - Sale',4,'{\"quantity\":1,\"reason\":\"Sale\",\"previous_stock\":256,\"new_stock\":255,\"sale_id\":9,\"sale_number\":\"HIL-0134\"}','31.223.48.231','Mozilla/5.0 (X11; Linux x86_64) AppleWebKit/537.36 (KHTML, like Gecko) Chrome/144.0.0.0 Safari/537.36','2026-02-14 07:47:42','2026-02-14 07:47:42'),
(202,9,'stock_removed','Removed 3 units - Sale',10,'{\"quantity\":3,\"reason\":\"Sale\",\"previous_stock\":3,\"new_stock\":0,\"sale_id\":10,\"sale_number\":\"HIL-0135\"}','95.70.245.8','Mozilla/5.0 (iPhone; CPU iPhone OS 26_2_1 like Mac OS X) AppleWebKit/605.1.15 (KHTML, like Gecko) CriOS/141.0.7390.41 Mobile/15E148 Safari/604.1','2026-02-17 04:55:13','2026-02-17 04:55:13'),
(203,26,'stock_removed','Removed 1 units - Sale',10,'{\"quantity\":1,\"reason\":\"Sale\",\"previous_stock\":255,\"new_stock\":254,\"sale_id\":10,\"sale_number\":\"HIL-0135\"}','95.70.245.8','Mozilla/5.0 (iPhone; CPU iPhone OS 26_2_1 like Mac OS X) AppleWebKit/605.1.15 (KHTML, like Gecko) CriOS/141.0.7390.41 Mobile/15E148 Safari/604.1','2026-02-17 04:55:13','2026-02-17 04:55:13'),
(204,25,'stock_removed','Removed 1 units - Sale',10,'{\"quantity\":1,\"reason\":\"Sale\",\"previous_stock\":19,\"new_stock\":18,\"sale_id\":11,\"sale_number\":\"HIL-0136\"}','95.70.245.8','Mozilla/5.0 (iPhone; CPU iPhone OS 26_2_1 like Mac OS X) AppleWebKit/605.1.15 (KHTML, like Gecko) CriOS/141.0.7390.41 Mobile/15E148 Safari/604.1','2026-02-18 05:15:18','2026-02-18 05:15:18'),
(205,26,'stock_removed','Removed 1 units - Sale',10,'{\"quantity\":1,\"reason\":\"Sale\",\"previous_stock\":254,\"new_stock\":253,\"sale_id\":11,\"sale_number\":\"HIL-0136\"}','95.70.245.8','Mozilla/5.0 (iPhone; CPU iPhone OS 26_2_1 like Mac OS X) AppleWebKit/605.1.15 (KHTML, like Gecko) CriOS/141.0.7390.41 Mobile/15E148 Safari/604.1','2026-02-18 05:15:18','2026-02-18 05:15:18'),
(206,26,'stock_removed','Removed 5 units - Sale',9,'{\"quantity\":5,\"reason\":\"Sale\",\"previous_stock\":253,\"new_stock\":248,\"sale_id\":12,\"sale_number\":\"HIL-0137\"}','95.70.245.8','Mozilla/5.0 (iPhone; CPU iPhone OS 18_7 like Mac OS X) AppleWebKit/605.1.15 (KHTML, like Gecko) Version/26.2 Mobile/15E148 Safari/604.1','2026-02-18 09:35:31','2026-02-18 09:35:31'),
(207,26,'stock_removed','Removed 1 units - Sale',4,'{\"quantity\":1,\"reason\":\"Sale\",\"previous_stock\":248,\"new_stock\":247,\"sale_id\":13,\"sale_number\":\"HIL-0138\"}','95.70.245.8','Mozilla/5.0 (Linux; Android 10; K) AppleWebKit/537.36 (KHTML, like Gecko) Chrome/145.0.0.0 Mobile Safari/537.36','2026-02-19 04:21:05','2026-02-19 04:21:05'),
(208,26,'stock_removed','Removed 22 units - Sale',9,'{\"quantity\":22,\"reason\":\"Sale\",\"previous_stock\":247,\"new_stock\":225,\"sale_id\":14,\"sale_number\":\"HIL-0139\"}','95.70.245.8','Mozilla/5.0 (iPhone; CPU iPhone OS 18_7 like Mac OS X) AppleWebKit/605.1.15 (KHTML, like Gecko) Version/26.2 Mobile/15E148 Safari/604.1','2026-02-19 04:29:45','2026-02-19 04:29:45'),
(209,6,'stock_removed','Removed 9 units - Sale',10,'{\"quantity\":9,\"reason\":\"Sale\",\"previous_stock\":16,\"new_stock\":7,\"sale_id\":15,\"sale_number\":\"HIL-0140\"}','95.70.245.8','Mozilla/5.0 (iPhone; CPU iPhone OS 26_2_1 like Mac OS X) AppleWebKit/605.1.15 (KHTML, like Gecko) CriOS/141.0.7390.41 Mobile/15E148 Safari/604.1','2026-02-19 06:59:22','2026-02-19 06:59:22'),
(210,26,'stock_added','Added 1 units - Sale cancelled/refunded',4,'{\"quantity\":1,\"reason\":\"ANNULE\",\"previous_stock\":225,\"new_stock\":226,\"sale_id\":13,\"sale_number\":\"HIL-0138\"}','159.146.51.80','Mozilla/5.0 (Windows NT 10.0; Win64; x64) AppleWebKit/537.36 (KHTML, like Gecko) Chrome/133.0.0.0 Safari/537.36','2026-02-19 16:11:08','2026-02-19 16:11:08'),
(211,25,'stock_added','Added 1 units - Sale cancelled/refunded',4,'{\"quantity\":1,\"reason\":\"YANLI\\u015e\",\"previous_stock\":18,\"new_stock\":19,\"sale_id\":11,\"sale_number\":\"HIL-0136\"}','159.146.51.80','Mozilla/5.0 (Windows NT 10.0; Win64; x64) AppleWebKit/537.36 (KHTML, like Gecko) Chrome/133.0.0.0 Safari/537.36','2026-02-19 16:12:13','2026-02-19 16:12:13'),
(212,26,'stock_added','Added 1 units - Sale cancelled/refunded',4,'{\"quantity\":1,\"reason\":\"YANLI\\u015e\",\"previous_stock\":226,\"new_stock\":227,\"sale_id\":11,\"sale_number\":\"HIL-0136\"}','159.146.51.80','Mozilla/5.0 (Windows NT 10.0; Win64; x64) AppleWebKit/537.36 (KHTML, like Gecko) Chrome/133.0.0.0 Safari/537.36','2026-02-19 16:12:13','2026-02-19 16:12:13'),
(213,26,'stock_removed','Removed 31 units - Sale',10,'{\"quantity\":31,\"reason\":\"Sale\",\"previous_stock\":227,\"new_stock\":196,\"sale_id\":16,\"sale_number\":\"HIL-0141\"}','95.70.245.8','Mozilla/5.0 (iPhone; CPU iPhone OS 26_2_1 like Mac OS X) AppleWebKit/605.1.15 (KHTML, like Gecko) CriOS/141.0.7390.41 Mobile/15E148 Safari/604.1','2026-02-20 05:54:55','2026-02-20 05:54:55'),
(214,5,'stock_removed','Removed 4 units - Sale',4,'{\"quantity\":4,\"reason\":\"Sale\",\"previous_stock\":4,\"new_stock\":0,\"sale_id\":17,\"sale_number\":\"HIL-0142\"}','159.146.51.80','Mozilla/5.0 (Windows NT 10.0; Win64; x64) AppleWebKit/537.36 (KHTML, like Gecko) Chrome/133.0.0.0 Safari/537.36','2026-02-20 16:05:52','2026-02-20 16:05:52'),
(215,6,'stock_removed','Removed 7 units - Sale',4,'{\"quantity\":7,\"reason\":\"Sale\",\"previous_stock\":7,\"new_stock\":0,\"sale_id\":17,\"sale_number\":\"HIL-0142\"}','159.146.51.80','Mozilla/5.0 (Windows NT 10.0; Win64; x64) AppleWebKit/537.36 (KHTML, like Gecko) Chrome/133.0.0.0 Safari/537.36','2026-02-20 16:05:52','2026-02-20 16:05:52'),
(216,10,'stock_removed','Removed 19 units - Sale',4,'{\"quantity\":19,\"reason\":\"Sale\",\"previous_stock\":19,\"new_stock\":0,\"sale_id\":17,\"sale_number\":\"HIL-0142\"}','159.146.51.80','Mozilla/5.0 (Windows NT 10.0; Win64; x64) AppleWebKit/537.36 (KHTML, like Gecko) Chrome/133.0.0.0 Safari/537.36','2026-02-20 16:05:52','2026-02-20 16:05:52'),
(217,11,'stock_removed','Removed 5 units - Sale',4,'{\"quantity\":5,\"reason\":\"Sale\",\"previous_stock\":5,\"new_stock\":0,\"sale_id\":17,\"sale_number\":\"HIL-0142\"}','159.146.51.80','Mozilla/5.0 (Windows NT 10.0; Win64; x64) AppleWebKit/537.36 (KHTML, like Gecko) Chrome/133.0.0.0 Safari/537.36','2026-02-20 16:05:52','2026-02-20 16:05:52'),
(218,12,'stock_removed','Removed 19 units - Sale',4,'{\"quantity\":19,\"reason\":\"Sale\",\"previous_stock\":19,\"new_stock\":0,\"sale_id\":17,\"sale_number\":\"HIL-0142\"}','159.146.51.80','Mozilla/5.0 (Windows NT 10.0; Win64; x64) AppleWebKit/537.36 (KHTML, like Gecko) Chrome/133.0.0.0 Safari/537.36','2026-02-20 16:05:52','2026-02-20 16:05:52'),
(219,13,'stock_removed','Removed 6 units - Sale',4,'{\"quantity\":6,\"reason\":\"Sale\",\"previous_stock\":20,\"new_stock\":14,\"sale_id\":17,\"sale_number\":\"HIL-0142\"}','159.146.51.80','Mozilla/5.0 (Windows NT 10.0; Win64; x64) AppleWebKit/537.36 (KHTML, like Gecko) Chrome/133.0.0.0 Safari/537.36','2026-02-20 16:05:52','2026-02-20 16:05:52'),
(220,13,'stock_removed','Removed 14 units - Sale',4,'{\"quantity\":14,\"reason\":\"Sale\",\"previous_stock\":14,\"new_stock\":0,\"sale_id\":18,\"sale_number\":\"HIL-0143\"}','159.146.51.80','Mozilla/5.0 (Windows NT 10.0; Win64; x64) AppleWebKit/537.36 (KHTML, like Gecko) Chrome/133.0.0.0 Safari/537.36','2026-02-20 16:11:06','2026-02-20 16:11:06'),
(221,14,'stock_removed','Removed 13 units - Sale',4,'{\"quantity\":13,\"reason\":\"Sale\",\"previous_stock\":13,\"new_stock\":0,\"sale_id\":18,\"sale_number\":\"HIL-0143\"}','159.146.51.80','Mozilla/5.0 (Windows NT 10.0; Win64; x64) AppleWebKit/537.36 (KHTML, like Gecko) Chrome/133.0.0.0 Safari/537.36','2026-02-20 16:11:06','2026-02-20 16:11:06'),
(222,15,'stock_removed','Removed 21 units - Sale',4,'{\"quantity\":21,\"reason\":\"Sale\",\"previous_stock\":21,\"new_stock\":0,\"sale_id\":18,\"sale_number\":\"HIL-0143\"}','159.146.51.80','Mozilla/5.0 (Windows NT 10.0; Win64; x64) AppleWebKit/537.36 (KHTML, like Gecko) Chrome/133.0.0.0 Safari/537.36','2026-02-20 16:11:06','2026-02-20 16:11:06'),
(223,16,'stock_removed','Removed 10 units - Sale',4,'{\"quantity\":10,\"reason\":\"Sale\",\"previous_stock\":10,\"new_stock\":0,\"sale_id\":18,\"sale_number\":\"HIL-0143\"}','159.146.51.80','Mozilla/5.0 (Windows NT 10.0; Win64; x64) AppleWebKit/537.36 (KHTML, like Gecko) Chrome/133.0.0.0 Safari/537.36','2026-02-20 16:11:06','2026-02-20 16:11:06'),
(224,17,'stock_removed','Removed 9 units - Sale',4,'{\"quantity\":9,\"reason\":\"Sale\",\"previous_stock\":9,\"new_stock\":0,\"sale_id\":18,\"sale_number\":\"HIL-0143\"}','159.146.51.80','Mozilla/5.0 (Windows NT 10.0; Win64; x64) AppleWebKit/537.36 (KHTML, like Gecko) Chrome/133.0.0.0 Safari/537.36','2026-02-20 16:11:06','2026-02-20 16:11:06'),
(225,26,'stock_removed','Removed 1 units - Sale',9,'{\"quantity\":1,\"reason\":\"Sale\",\"previous_stock\":196,\"new_stock\":195,\"sale_id\":19,\"sale_number\":\"HIL-0144\"}','95.70.245.8','Mozilla/5.0 (iPhone; CPU iPhone OS 18_7 like Mac OS X) AppleWebKit/605.1.15 (KHTML, like Gecko) Version/26.3 Mobile/15E148 Safari/604.1','2026-02-21 05:34:02','2026-02-21 05:34:02'),
(226,26,'stock_removed','Removed 2 units - Sale',9,'{\"quantity\":2,\"reason\":\"Sale\",\"previous_stock\":195,\"new_stock\":193,\"sale_id\":20,\"sale_number\":\"HIL-0145\"}','95.70.245.8','Mozilla/5.0 (iPhone; CPU iPhone OS 18_7 like Mac OS X) AppleWebKit/605.1.15 (KHTML, like Gecko) Version/26.3 Mobile/15E148 Safari/604.1','2026-02-21 10:52:36','2026-02-21 10:52:36'),
(227,25,'stock_removed','Removed 8 units - Sale',4,'{\"quantity\":8,\"reason\":\"Sale\",\"previous_stock\":19,\"new_stock\":11,\"sale_id\":21,\"sale_number\":\"HIL-0146\"}','95.70.245.8','Mozilla/5.0 (Windows NT 10.0; Win64; x64) AppleWebKit/537.36 (KHTML, like Gecko) Chrome/133.0.0.0 Safari/537.36','2026-02-22 08:59:31','2026-02-22 08:59:31'),
(228,23,'stock_removed','Removed 12 units - Sale',4,'{\"quantity\":12,\"reason\":\"Sale\",\"previous_stock\":12,\"new_stock\":0,\"sale_id\":21,\"sale_number\":\"HIL-0146\"}','95.70.245.8','Mozilla/5.0 (Windows NT 10.0; Win64; x64) AppleWebKit/537.36 (KHTML, like Gecko) Chrome/133.0.0.0 Safari/537.36','2026-02-22 08:59:31','2026-02-22 08:59:31'),
(229,26,'stock_removed','Removed 2 units - Sale',9,'{\"quantity\":2,\"reason\":\"Sale\",\"previous_stock\":193,\"new_stock\":191,\"sale_id\":22,\"sale_number\":\"HIL-0147\"}','95.70.245.8','Mozilla/5.0 (iPhone; CPU iPhone OS 18_7 like Mac OS X) AppleWebKit/605.1.15 (KHTML, like Gecko) Version/26.3 Mobile/15E148 Safari/604.1','2026-02-23 06:55:12','2026-02-23 06:55:12'),
(230,25,'stock_removed','Removed 6 units - Sale',10,'{\"quantity\":6,\"reason\":\"Sale\",\"previous_stock\":11,\"new_stock\":5,\"sale_id\":23,\"sale_number\":\"HIL-0148\"}','31.223.48.151','Mozilla/5.0 (iPhone; CPU iPhone OS 26_2_1 like Mac OS X) AppleWebKit/605.1.15 (KHTML, like Gecko) CriOS/141.0.7390.41 Mobile/15E148 Safari/604.1','2026-02-24 07:41:52','2026-02-24 07:41:52'),
(231,26,'stock_removed','Removed 2 units - Sale',10,'{\"quantity\":2,\"reason\":\"Sale\",\"previous_stock\":191,\"new_stock\":189,\"sale_id\":24,\"sale_number\":\"HIL-0149\"}','31.223.48.151','Mozilla/5.0 (iPhone; CPU iPhone OS 26_2_1 like Mac OS X) AppleWebKit/605.1.15 (KHTML, like Gecko) CriOS/141.0.7390.41 Mobile/15E148 Safari/604.1','2026-02-24 08:19:41','2026-02-24 08:19:41'),
(232,26,'stock_removed','Removed 1 units - Sale',9,'{\"quantity\":1,\"reason\":\"Sale\",\"previous_stock\":189,\"new_stock\":188,\"sale_id\":25,\"sale_number\":\"HIL-0150\"}','46.221.182.149','Mozilla/5.0 (iPhone; CPU iPhone OS 18_7 like Mac OS X) AppleWebKit/605.1.15 (KHTML, like Gecko) Version/26.3 Mobile/15E148 Safari/604.1','2026-02-25 09:09:21','2026-02-25 09:09:21'),
(233,26,'stock_removed','Removed 2 units - Sale',10,'{\"quantity\":2,\"reason\":\"Sale\",\"previous_stock\":188,\"new_stock\":186,\"sale_id\":26,\"sale_number\":\"HIL-0151\"}','31.223.49.64','Mozilla/5.0 (iPhone; CPU iPhone OS 26_3_0 like Mac OS X) AppleWebKit/605.1.15 (KHTML, like Gecko) CriOS/141.0.7390.41 Mobile/15E148 Safari/604.1','2026-02-25 09:23:44','2026-02-25 09:23:44'),
(234,26,'stock_removed','Removed 1 units - Sale',10,'{\"quantity\":1,\"reason\":\"Sale\",\"previous_stock\":186,\"new_stock\":185,\"sale_id\":27,\"sale_number\":\"HIL-0152\"}','31.223.49.64','Mozilla/5.0 (iPhone; CPU iPhone OS 26_3_0 like Mac OS X) AppleWebKit/605.1.15 (KHTML, like Gecko) CriOS/141.0.7390.41 Mobile/15E148 Safari/604.1','2026-02-25 09:30:28','2026-02-25 09:30:28'),
(235,26,'stock_removed','Removed 3 units - Sale',9,'{\"quantity\":3,\"reason\":\"Sale\",\"previous_stock\":185,\"new_stock\":182,\"sale_id\":28,\"sale_number\":\"HIL-0153\"}','31.223.49.64','Mozilla/5.0 (iPhone; CPU iPhone OS 18_7 like Mac OS X) AppleWebKit/605.1.15 (KHTML, like Gecko) Version/26.3 Mobile/15E148 Safari/604.1','2026-02-25 12:47:21','2026-02-25 12:47:21'),
(236,26,'stock_removed','Removed 12 units - Sale',10,'{\"quantity\":12,\"reason\":\"Sale\",\"previous_stock\":182,\"new_stock\":170,\"sale_id\":29,\"sale_number\":\"HIL-0154\"}','31.223.49.64','Mozilla/5.0 (iPhone; CPU iPhone OS 26_3_0 like Mac OS X) AppleWebKit/605.1.15 (KHTML, like Gecko) CriOS/141.0.7390.41 Mobile/15E148 Safari/604.1','2026-02-26 08:04:40','2026-02-26 08:04:40'),
(237,26,'stock_removed','Removed 20 units - Sale',9,'{\"quantity\":20,\"reason\":\"Sale\",\"previous_stock\":170,\"new_stock\":150,\"sale_id\":30,\"sale_number\":\"HIL-0155\"}','176.54.35.225','Mozilla/5.0 (iPhone; CPU iPhone OS 18_7 like Mac OS X) AppleWebKit/605.1.15 (KHTML, like Gecko) Version/26.3 Mobile/15E148 Safari/604.1','2026-02-26 15:12:26','2026-02-26 15:12:26'),
(238,26,'stock_removed','Removed 4 units - Sale',9,'{\"quantity\":4,\"reason\":\"Sale\",\"previous_stock\":150,\"new_stock\":146,\"sale_id\":31,\"sale_number\":\"HIL-0156\"}','176.54.35.225','Mozilla/5.0 (iPhone; CPU iPhone OS 18_7 like Mac OS X) AppleWebKit/605.1.15 (KHTML, like Gecko) Version/26.3 Mobile/15E148 Safari/604.1','2026-02-26 15:14:22','2026-02-26 15:14:22'),
(239,26,'stock_removed','Removed 12 units - Sale',9,'{\"quantity\":12,\"reason\":\"Sale\",\"previous_stock\":146,\"new_stock\":134,\"sale_id\":32,\"sale_number\":\"HIL-0157\"}','176.54.35.225','Mozilla/5.0 (iPhone; CPU iPhone OS 18_7 like Mac OS X) AppleWebKit/605.1.15 (KHTML, like Gecko) Version/26.3 Mobile/15E148 Safari/604.1','2026-02-26 15:16:22','2026-02-26 15:16:22'),
(240,26,'stock_removed','Removed 12 units - Sale',9,'{\"quantity\":12,\"reason\":\"Sale\",\"previous_stock\":134,\"new_stock\":122,\"sale_id\":33,\"sale_number\":\"HIL-0158\"}','176.54.35.225','Mozilla/5.0 (iPhone; CPU iPhone OS 18_7 like Mac OS X) AppleWebKit/605.1.15 (KHTML, like Gecko) Version/26.3 Mobile/15E148 Safari/604.1','2026-02-26 15:17:01','2026-02-26 15:17:01'),
(241,26,'stock_removed','Removed 2 units - Sale',10,'{\"quantity\":2,\"reason\":\"Sale\",\"previous_stock\":122,\"new_stock\":120,\"sale_id\":34,\"sale_number\":\"HIL-0159\"}','31.223.2.170','Mozilla/5.0 (iPhone; CPU iPhone OS 26_3_0 like Mac OS X) AppleWebKit/605.1.15 (KHTML, like Gecko) CriOS/141.0.7390.41 Mobile/15E148 Safari/604.1','2026-02-27 11:25:41','2026-02-27 11:25:41'),
(242,26,'stock_removed','Removed 3 units - Sale',10,'{\"quantity\":3,\"reason\":\"Sale\",\"previous_stock\":120,\"new_stock\":117,\"sale_id\":35,\"sale_number\":\"HIL-0160\"}','31.223.3.129','Mozilla/5.0 (iPhone; CPU iPhone OS 26_3_0 like Mac OS X) AppleWebKit/605.1.15 (KHTML, like Gecko) CriOS/141.0.7390.41 Mobile/15E148 Safari/604.1','2026-02-28 08:22:17','2026-02-28 08:22:17'),
(243,26,'stock_removed','Removed 1 units - Sale',9,'{\"quantity\":1,\"reason\":\"Sale\",\"previous_stock\":117,\"new_stock\":116,\"sale_id\":36,\"sale_number\":\"HIL-0161\"}','176.54.35.208','Mozilla/5.0 (iPhone; CPU iPhone OS 18_7 like Mac OS X) AppleWebKit/605.1.15 (KHTML, like Gecko) Version/26.3 Mobile/15E148 Safari/604.1','2026-02-28 10:35:56','2026-02-28 10:35:56'),
(244,26,'stock_removed','Removed 1 units - Sale',10,'{\"quantity\":1,\"reason\":\"Sale\",\"previous_stock\":116,\"new_stock\":115,\"sale_id\":37,\"sale_number\":\"HIL-0162\"}','31.223.3.129','Mozilla/5.0 (iPhone; CPU iPhone OS 26_3_0 like Mac OS X) AppleWebKit/605.1.15 (KHTML, like Gecko) CriOS/141.0.7390.41 Mobile/15E148 Safari/604.1','2026-02-28 11:16:01','2026-02-28 11:16:01'),
(245,26,'stock_removed','Removed 1 units - Sale',10,'{\"quantity\":1,\"reason\":\"Sale\",\"previous_stock\":115,\"new_stock\":114,\"sale_id\":38,\"sale_number\":\"HIL-0163\"}','31.223.3.129','Mozilla/5.0 (iPhone; CPU iPhone OS 26_3_0 like Mac OS X) AppleWebKit/605.1.15 (KHTML, like Gecko) CriOS/141.0.7390.41 Mobile/15E148 Safari/604.1','2026-02-28 11:47:58','2026-02-28 11:47:58'),
(246,26,'stock_removed','Removed 3 units - Sale',9,'{\"quantity\":3,\"reason\":\"Sale\",\"previous_stock\":114,\"new_stock\":111,\"sale_id\":39,\"sale_number\":\"HIL-0164\"}','31.223.3.129','Mozilla/5.0 (iPhone; CPU iPhone OS 18_7 like Mac OS X) AppleWebKit/605.1.15 (KHTML, like Gecko) Version/26.3 Mobile/15E148 Safari/604.1','2026-03-02 07:19:42','2026-03-02 07:19:42'),
(247,27,'stock_removed','Removed 15 units - Sale',9,'{\"quantity\":15,\"reason\":\"Sale\",\"previous_stock\":82,\"new_stock\":67,\"sale_id\":40,\"sale_number\":\"HIL-0165\"}','31.223.3.129','Mozilla/5.0 (iPhone; CPU iPhone OS 18_7 like Mac OS X) AppleWebKit/605.1.15 (KHTML, like Gecko) Version/26.3 Mobile/15E148 Safari/604.1','2026-03-02 07:23:32','2026-03-02 07:23:32'),
(248,26,'stock_removed','Removed 5 units - Sale',9,'{\"quantity\":5,\"reason\":\"Sale\",\"previous_stock\":111,\"new_stock\":106,\"sale_id\":41,\"sale_number\":\"HIL-0166\"}','31.223.3.129','Mozilla/5.0 (iPhone; CPU iPhone OS 18_7 like Mac OS X) AppleWebKit/605.1.15 (KHTML, like Gecko) Version/26.3 Mobile/15E148 Safari/604.1','2026-03-02 07:24:20','2026-03-02 07:24:20'),
(249,26,'stock_removed','Removed 1 units - Sale',10,'{\"quantity\":1,\"reason\":\"Sale\",\"previous_stock\":106,\"new_stock\":105,\"sale_id\":42,\"sale_number\":\"HIL-0167\"}','31.223.3.129','Mozilla/5.0 (iPhone; CPU iPhone OS 26_3_0 like Mac OS X) AppleWebKit/605.1.15 (KHTML, like Gecko) CriOS/141.0.7390.41 Mobile/15E148 Safari/604.1','2026-03-02 08:07:25','2026-03-02 08:07:25'),
(250,24,'stock_removed','Removed 3 units - Sale',9,'{\"quantity\":3,\"reason\":\"Sale\",\"previous_stock\":12,\"new_stock\":9,\"sale_id\":43,\"sale_number\":\"HIL-0168\"}','31.223.3.129','Mozilla/5.0 (Linux; Android 10; K) AppleWebKit/537.36 (KHTML, like Gecko) Chrome/145.0.0.0 Mobile Safari/537.36','2026-03-02 11:55:13','2026-03-02 11:55:13'),
(251,26,'stock_removed','Removed 1 units - Sale',9,'{\"quantity\":1,\"reason\":\"Sale\",\"previous_stock\":105,\"new_stock\":104,\"sale_id\":43,\"sale_number\":\"HIL-0168\"}','31.223.3.129','Mozilla/5.0 (Linux; Android 10; K) AppleWebKit/537.36 (KHTML, like Gecko) Chrome/145.0.0.0 Mobile Safari/537.36','2026-03-02 11:55:13','2026-03-02 11:55:13'),
(252,27,'stock_removed','Removed 1 units - Sale',9,'{\"quantity\":1,\"reason\":\"Sale\",\"previous_stock\":67,\"new_stock\":66,\"sale_id\":43,\"sale_number\":\"HIL-0168\"}','31.223.3.129','Mozilla/5.0 (Linux; Android 10; K) AppleWebKit/537.36 (KHTML, like Gecko) Chrome/145.0.0.0 Mobile Safari/537.36','2026-03-02 11:55:13','2026-03-02 11:55:13'),
(253,24,'stock_removed','Removed 3 units - Sale',9,'{\"quantity\":3,\"reason\":\"Sale\",\"previous_stock\":9,\"new_stock\":6,\"sale_id\":44,\"sale_number\":\"HIL-0169\"}','176.55.239.7','Mozilla/5.0 (Linux; Android 10; K) AppleWebKit/537.36 (KHTML, like Gecko) Chrome/145.0.0.0 Mobile Safari/537.36','2026-03-02 13:09:36','2026-03-02 13:09:36'),
(254,26,'stock_removed','Removed 19 units - Sale',9,'{\"quantity\":19,\"reason\":\"Sale\",\"previous_stock\":104,\"new_stock\":85,\"sale_id\":44,\"sale_number\":\"HIL-0169\"}','176.55.239.7','Mozilla/5.0 (Linux; Android 10; K) AppleWebKit/537.36 (KHTML, like Gecko) Chrome/145.0.0.0 Mobile Safari/537.36','2026-03-02 13:09:36','2026-03-02 13:09:36'),
(255,27,'stock_removed','Removed 2 units - Sale',9,'{\"quantity\":2,\"reason\":\"Sale\",\"previous_stock\":66,\"new_stock\":64,\"sale_id\":44,\"sale_number\":\"HIL-0169\"}','176.55.239.7','Mozilla/5.0 (Linux; Android 10; K) AppleWebKit/537.36 (KHTML, like Gecko) Chrome/145.0.0.0 Mobile Safari/537.36','2026-03-02 13:09:36','2026-03-02 13:09:36'),
(256,26,'stock_removed','Removed 3 units - Sale',9,'{\"quantity\":3,\"reason\":\"Sale\",\"previous_stock\":85,\"new_stock\":82,\"sale_id\":45,\"sale_number\":\"HIL-0170\"}','31.223.3.129','Mozilla/5.0 (iPhone; CPU iPhone OS 18_7 like Mac OS X) AppleWebKit/605.1.15 (KHTML, like Gecko) Version/26.3 Mobile/15E148 Safari/604.1','2026-03-03 11:31:31','2026-03-03 11:31:31'),
(257,26,'stock_removed','Removed 1 units - Sale',9,'{\"quantity\":1,\"reason\":\"Sale\",\"previous_stock\":82,\"new_stock\":81,\"sale_id\":46,\"sale_number\":\"HIL-0171\"}','31.223.3.129','Mozilla/5.0 (iPhone; CPU iPhone OS 18_7 like Mac OS X) AppleWebKit/605.1.15 (KHTML, like Gecko) Version/26.3 Mobile/15E148 Safari/604.1','2026-03-04 05:04:39','2026-03-04 05:04:39'),
(258,27,'stock_removed','Removed 1 units - Sale',9,'{\"quantity\":1,\"reason\":\"Sale\",\"previous_stock\":64,\"new_stock\":63,\"sale_id\":46,\"sale_number\":\"HIL-0171\"}','31.223.3.129','Mozilla/5.0 (iPhone; CPU iPhone OS 18_7 like Mac OS X) AppleWebKit/605.1.15 (KHTML, like Gecko) Version/26.3 Mobile/15E148 Safari/604.1','2026-03-04 05:04:39','2026-03-04 05:04:39'),
(259,26,'stock_removed','Removed 2 units - Sale',9,'{\"quantity\":2,\"reason\":\"Sale\",\"previous_stock\":81,\"new_stock\":79,\"sale_id\":47,\"sale_number\":\"HIL-0172\"}','31.223.3.129','Mozilla/5.0 (iPhone; CPU iPhone OS 18_7 like Mac OS X) AppleWebKit/605.1.15 (KHTML, like Gecko) Version/26.3 Mobile/15E148 Safari/604.1','2026-03-04 06:14:24','2026-03-04 06:14:24'),
(260,26,'stock_removed','Removed 3 units - Sale',9,'{\"quantity\":3,\"reason\":\"Sale\",\"previous_stock\":79,\"new_stock\":76,\"sale_id\":48,\"sale_number\":\"HIL-0173\"}','31.223.3.129','Mozilla/5.0 (iPhone; CPU iPhone OS 18_7 like Mac OS X) AppleWebKit/605.1.15 (KHTML, like Gecko) Version/26.3 Mobile/15E148 Safari/604.1','2026-03-04 07:28:37','2026-03-04 07:28:37'),
(261,26,'stock_removed','Removed 13 units - Sale',9,'{\"quantity\":13,\"reason\":\"Sale\",\"previous_stock\":76,\"new_stock\":63,\"sale_id\":49,\"sale_number\":\"HIL-0174\"}','31.223.3.129','Mozilla/5.0 (iPhone; CPU iPhone OS 18_7 like Mac OS X) AppleWebKit/605.1.15 (KHTML, like Gecko) Version/26.3 Mobile/15E148 Safari/604.1','2026-03-05 10:45:36','2026-03-05 10:45:36'),
(262,27,'stock_removed','Removed 7 units - Sale',9,'{\"quantity\":7,\"reason\":\"Sale\",\"previous_stock\":63,\"new_stock\":56,\"sale_id\":49,\"sale_number\":\"HIL-0174\"}','31.223.3.129','Mozilla/5.0 (iPhone; CPU iPhone OS 18_7 like Mac OS X) AppleWebKit/605.1.15 (KHTML, like Gecko) Version/26.3 Mobile/15E148 Safari/604.1','2026-03-05 10:45:36','2026-03-05 10:45:36'),
(263,26,'stock_removed','Removed 13 units - Sale',9,'{\"quantity\":13,\"reason\":\"Sale\",\"previous_stock\":63,\"new_stock\":50,\"sale_id\":50,\"sale_number\":\"HIL-0175\"}','31.223.3.129','Mozilla/5.0 (iPhone; CPU iPhone OS 18_7 like Mac OS X) AppleWebKit/605.1.15 (KHTML, like Gecko) Version/26.3 Mobile/15E148 Safari/604.1','2026-03-05 10:48:58','2026-03-05 10:48:58'),
(264,27,'stock_removed','Removed 11 units - Sale',9,'{\"quantity\":11,\"reason\":\"Sale\",\"previous_stock\":56,\"new_stock\":45,\"sale_id\":50,\"sale_number\":\"HIL-0175\"}','31.223.3.129','Mozilla/5.0 (iPhone; CPU iPhone OS 18_7 like Mac OS X) AppleWebKit/605.1.15 (KHTML, like Gecko) Version/26.3 Mobile/15E148 Safari/604.1','2026-03-05 10:48:58','2026-03-05 10:48:58'),
(265,26,'stock_removed','Removed 26 units - Sale',9,'{\"quantity\":26,\"reason\":\"Sale\",\"previous_stock\":50,\"new_stock\":24,\"sale_id\":51,\"sale_number\":\"HIL-0176\"}','31.223.3.129','Mozilla/5.0 (iPhone; CPU iPhone OS 18_7 like Mac OS X) AppleWebKit/605.1.15 (KHTML, like Gecko) Version/26.3 Mobile/15E148 Safari/604.1','2026-03-05 10:52:36','2026-03-05 10:52:36'),
(266,26,'stock_removed','Removed 2 units - Sale',9,'{\"quantity\":2,\"reason\":\"Sale\",\"previous_stock\":24,\"new_stock\":22,\"sale_id\":52,\"sale_number\":\"HIL-0177\"}','31.223.3.129','Mozilla/5.0 (iPhone; CPU iPhone OS 18_7 like Mac OS X) AppleWebKit/605.1.15 (KHTML, like Gecko) Version/26.3 Mobile/15E148 Safari/604.1','2026-03-05 11:12:30','2026-03-05 11:12:30'),
(267,26,'stock_removed','Removed 2 units - Sale',9,'{\"quantity\":2,\"reason\":\"Sale\",\"previous_stock\":22,\"new_stock\":20,\"sale_id\":53,\"sale_number\":\"HIL-0178\"}','31.223.3.129','Mozilla/5.0 (iPhone; CPU iPhone OS 18_7 like Mac OS X) AppleWebKit/605.1.15 (KHTML, like Gecko) Version/26.3 Mobile/15E148 Safari/604.1','2026-03-05 11:15:25','2026-03-05 11:15:25'),
(268,26,'stock_removed','Removed 12 units - Sale',9,'{\"quantity\":12,\"reason\":\"Sale\",\"previous_stock\":20,\"new_stock\":8,\"sale_id\":54,\"sale_number\":\"HIL-0179\"}','31.223.3.129','Mozilla/5.0 (iPhone; CPU iPhone OS 18_7 like Mac OS X) AppleWebKit/605.1.15 (KHTML, like Gecko) Version/26.3 Mobile/15E148 Safari/604.1','2026-03-06 11:25:07','2026-03-06 11:25:07'),
(269,27,'stock_removed','Removed 3 units - Sale',9,'{\"quantity\":3,\"reason\":\"Sale\",\"previous_stock\":45,\"new_stock\":42,\"sale_id\":54,\"sale_number\":\"HIL-0179\"}','31.223.3.129','Mozilla/5.0 (iPhone; CPU iPhone OS 18_7 like Mac OS X) AppleWebKit/605.1.15 (KHTML, like Gecko) Version/26.3 Mobile/15E148 Safari/604.1','2026-03-06 11:25:07','2026-03-06 11:25:07'),
(270,26,'stock_removed','Removed 2 units - Sale',9,'{\"quantity\":2,\"reason\":\"Sale\",\"previous_stock\":8,\"new_stock\":6,\"sale_id\":55,\"sale_number\":\"HIL-0180\"}','31.223.3.129','Mozilla/5.0 (iPhone; CPU iPhone OS 18_7 like Mac OS X) AppleWebKit/605.1.15 (KHTML, like Gecko) Version/26.3 Mobile/15E148 Safari/604.1','2026-03-07 10:35:02','2026-03-07 10:35:02'),
(271,26,'stock_removed','Removed 1 units - Sale',9,'{\"quantity\":1,\"reason\":\"Sale\",\"previous_stock\":6,\"new_stock\":5,\"sale_id\":56,\"sale_number\":\"HIL-0181\"}','31.223.3.129','Mozilla/5.0 (iPhone; CPU iPhone OS 18_7 like Mac OS X) AppleWebKit/605.1.15 (KHTML, like Gecko) Version/26.3 Mobile/15E148 Safari/604.1','2026-03-07 10:37:54','2026-03-07 10:37:54'),
(272,26,'stock_removed','Removed 2 units - Sale',9,'{\"quantity\":2,\"reason\":\"Sale\",\"previous_stock\":5,\"new_stock\":3,\"sale_id\":57,\"sale_number\":\"HIL-0182\"}','31.223.3.129','Mozilla/5.0 (iPhone; CPU iPhone OS 18_7 like Mac OS X) AppleWebKit/605.1.15 (KHTML, like Gecko) Version/26.3 Mobile/15E148 Safari/604.1','2026-03-07 10:50:49','2026-03-07 10:50:49'),
(275,24,'stock_removed','Removed 6 units - Sale',9,'{\"quantity\":6,\"reason\":\"Sale\",\"previous_stock\":6,\"new_stock\":0,\"sale_id\":60,\"sale_number\":\"HIL-0183\"}','31.223.3.129','Mozilla/5.0 (iPhone; CPU iPhone OS 18_7 like Mac OS X) AppleWebKit/605.1.15 (KHTML, like Gecko) Version/26.3 Mobile/15E148 Safari/604.1','2026-03-07 11:50:26','2026-03-07 11:50:26'),
(276,25,'stock_removed','Removed 3 units - Sale',9,'{\"quantity\":3,\"reason\":\"Sale\",\"previous_stock\":5,\"new_stock\":2,\"sale_id\":60,\"sale_number\":\"HIL-0183\"}','31.223.3.129','Mozilla/5.0 (iPhone; CPU iPhone OS 18_7 like Mac OS X) AppleWebKit/605.1.15 (KHTML, like Gecko) Version/26.3 Mobile/15E148 Safari/604.1','2026-03-07 11:50:26','2026-03-07 11:50:26'),
(277,26,'stock_removed','Removed 1 units - Sale',9,'{\"quantity\":1,\"reason\":\"Sale\",\"previous_stock\":3,\"new_stock\":2,\"sale_id\":60,\"sale_number\":\"HIL-0183\"}','31.223.3.129','Mozilla/5.0 (iPhone; CPU iPhone OS 18_7 like Mac OS X) AppleWebKit/605.1.15 (KHTML, like Gecko) Version/26.3 Mobile/15E148 Safari/604.1','2026-03-07 11:50:27','2026-03-07 11:50:27'),
(278,20,'status_changed','Product activated',7,'{\"old_status\":false,\"new_status\":true}','154.73.166.181','Mozilla/5.0 (Linux; Android 10; K) AppleWebKit/537.36 (KHTML, like Gecko) Chrome/145.0.0.0 Mobile Safari/537.36','2026-03-08 14:23:50','2026-03-08 14:23:50'),
(279,20,'status_changed','Product deactivated',7,'{\"old_status\":true,\"new_status\":false}','154.73.166.181','Mozilla/5.0 (Linux; Android 10; K) AppleWebKit/537.36 (KHTML, like Gecko) Chrome/145.0.0.0 Mobile Safari/537.36','2026-03-08 14:23:59','2026-03-08 14:23:59'),
(280,25,'stock_removed','Removed 2 units - Sale',9,'{\"quantity\":2,\"reason\":\"Sale\",\"previous_stock\":2,\"new_stock\":0,\"sale_id\":61,\"sale_number\":\"HIL-0184\"}','31.223.3.129','Mozilla/5.0 (iPhone; CPU iPhone OS 18_7 like Mac OS X) AppleWebKit/605.1.15 (KHTML, like Gecko) Version/26.3 Mobile/15E148 Safari/604.1','2026-03-09 04:52:16','2026-03-09 04:52:16'),
(281,26,'stock_removed','Removed 1 units - Sale',9,'{\"quantity\":1,\"reason\":\"Sale\",\"previous_stock\":2,\"new_stock\":1,\"sale_id\":61,\"sale_number\":\"HIL-0184\"}','31.223.3.129','Mozilla/5.0 (iPhone; CPU iPhone OS 18_7 like Mac OS X) AppleWebKit/605.1.15 (KHTML, like Gecko) Version/26.3 Mobile/15E148 Safari/604.1','2026-03-09 04:52:16','2026-03-09 04:52:16'),
(282,28,'created','Product created',4,'{\"name\":\"CADILLAC\",\"description\":null,\"barcode\":\"PRD163554\",\"category_id\":\"1\",\"product_type\":\"market\",\"unit\":\"pcs\",\"cost_price\":\"25.00\",\"selling_price\":\"50.00\",\"expiry_date\":null,\"is_active\":true,\"alert_quantity\":5,\"weight\":null,\"length\":null,\"width\":null,\"height\":null,\"updated_at\":\"2026-03-09T10:00:42.000000Z\",\"created_at\":\"2026-03-09T10:00:42.000000Z\",\"id\":28}','31.223.3.129','Mozilla/5.0 (Windows NT 10.0; Win64; x64) AppleWebKit/537.36 (KHTML, like Gecko) Chrome/133.0.0.0 Safari/537.36','2026-03-09 07:00:42','2026-03-09 07:00:42'),
(283,28,'stock_added','Added 50 units - Initial stock',4,'{\"quantity\":50,\"reason\":\"Initial stock\",\"previous_stock\":0,\"new_stock\":50,\"notes\":\"Product creation\"}','31.223.3.129','Mozilla/5.0 (Windows NT 10.0; Win64; x64) AppleWebKit/537.36 (KHTML, like Gecko) Chrome/133.0.0.0 Safari/537.36','2026-03-09 07:00:42','2026-03-09 07:00:42'),
(284,26,'stock_added','Added 49 units - Manual adjustment',4,'{\"quantity\":49,\"reason\":\"Manual adjustment\",\"previous_stock\":1,\"new_stock\":50,\"notes\":null}','31.223.3.129','Mozilla/5.0 (Windows NT 10.0; Win64; x64) AppleWebKit/537.36 (KHTML, like Gecko) Chrome/133.0.0.0 Safari/537.36','2026-03-09 07:01:24','2026-03-09 07:01:24'),
(285,26,'stock_removed','Removed 18 units - Sale',9,'{\"quantity\":18,\"reason\":\"Sale\",\"previous_stock\":50,\"new_stock\":32,\"sale_id\":62,\"sale_number\":\"HIL-0185\"}','31.223.3.129','Mozilla/5.0 (iPhone; CPU iPhone OS 18_7 like Mac OS X) AppleWebKit/605.1.15 (KHTML, like Gecko) Version/26.3 Mobile/15E148 Safari/604.1','2026-03-09 07:05:09','2026-03-09 07:05:09'),
(286,27,'stock_removed','Removed 2 units - Sale',9,'{\"quantity\":2,\"reason\":\"Sale\",\"previous_stock\":42,\"new_stock\":40,\"sale_id\":62,\"sale_number\":\"HIL-0185\"}','31.223.3.129','Mozilla/5.0 (iPhone; CPU iPhone OS 18_7 like Mac OS X) AppleWebKit/605.1.15 (KHTML, like Gecko) Version/26.3 Mobile/15E148 Safari/604.1','2026-03-09 07:05:09','2026-03-09 07:05:09'),
(287,28,'stock_removed','Removed 14 units - Sale',9,'{\"quantity\":14,\"reason\":\"Sale\",\"previous_stock\":50,\"new_stock\":36,\"sale_id\":62,\"sale_number\":\"HIL-0185\"}','31.223.3.129','Mozilla/5.0 (iPhone; CPU iPhone OS 18_7 like Mac OS X) AppleWebKit/605.1.15 (KHTML, like Gecko) Version/26.3 Mobile/15E148 Safari/604.1','2026-03-09 07:05:09','2026-03-09 07:05:09'),
(288,26,'stock_added','Added 18 units - Sale cancelled/refunded',4,'{\"quantity\":18,\"reason\":\"YANLI\\u015e FATURA\",\"previous_stock\":32,\"new_stock\":50,\"sale_id\":62,\"sale_number\":\"HIL-0185\"}','31.223.3.129','Mozilla/5.0 (Windows NT 10.0; Win64; x64) AppleWebKit/537.36 (KHTML, like Gecko) Chrome/133.0.0.0 Safari/537.36','2026-03-09 07:06:34','2026-03-09 07:06:34'),
(289,27,'stock_added','Added 2 units - Sale cancelled/refunded',4,'{\"quantity\":2,\"reason\":\"YANLI\\u015e FATURA\",\"previous_stock\":40,\"new_stock\":42,\"sale_id\":62,\"sale_number\":\"HIL-0185\"}','31.223.3.129','Mozilla/5.0 (Windows NT 10.0; Win64; x64) AppleWebKit/537.36 (KHTML, like Gecko) Chrome/133.0.0.0 Safari/537.36','2026-03-09 07:06:34','2026-03-09 07:06:34'),
(290,28,'stock_added','Added 14 units - Sale cancelled/refunded',4,'{\"quantity\":14,\"reason\":\"YANLI\\u015e FATURA\",\"previous_stock\":36,\"new_stock\":50,\"sale_id\":62,\"sale_number\":\"HIL-0185\"}','31.223.3.129','Mozilla/5.0 (Windows NT 10.0; Win64; x64) AppleWebKit/537.36 (KHTML, like Gecko) Chrome/133.0.0.0 Safari/537.36','2026-03-09 07:06:34','2026-03-09 07:06:34'),
(291,26,'stock_removed','Removed 18 units - Sale',9,'{\"quantity\":18,\"reason\":\"Sale\",\"previous_stock\":50,\"new_stock\":32,\"sale_id\":63,\"sale_number\":\"HIL-0186\"}','31.223.3.129','Mozilla/5.0 (iPhone; CPU iPhone OS 18_7 like Mac OS X) AppleWebKit/605.1.15 (KHTML, like Gecko) Version/26.3 Mobile/15E148 Safari/604.1','2026-03-09 07:08:11','2026-03-09 07:08:11'),
(292,27,'stock_removed','Removed 2 units - Sale',9,'{\"quantity\":2,\"reason\":\"Sale\",\"previous_stock\":42,\"new_stock\":40,\"sale_id\":63,\"sale_number\":\"HIL-0186\"}','31.223.3.129','Mozilla/5.0 (iPhone; CPU iPhone OS 18_7 like Mac OS X) AppleWebKit/605.1.15 (KHTML, like Gecko) Version/26.3 Mobile/15E148 Safari/604.1','2026-03-09 07:08:11','2026-03-09 07:08:11'),
(293,28,'stock_removed','Removed 14 units - Sale',9,'{\"quantity\":14,\"reason\":\"Sale\",\"previous_stock\":50,\"new_stock\":36,\"sale_id\":63,\"sale_number\":\"HIL-0186\"}','31.223.3.129','Mozilla/5.0 (iPhone; CPU iPhone OS 18_7 like Mac OS X) AppleWebKit/605.1.15 (KHTML, like Gecko) Version/26.3 Mobile/15E148 Safari/604.1','2026-03-09 07:08:11','2026-03-09 07:08:11'),
(294,26,'stock_removed','Removed 1 units - Sale',9,'{\"quantity\":1,\"reason\":\"Sale\",\"previous_stock\":32,\"new_stock\":31,\"sale_id\":64,\"sale_number\":\"HIL-0187\"}','31.223.3.129','Mozilla/5.0 (iPhone; CPU iPhone OS 18_7 like Mac OS X) AppleWebKit/605.1.15 (KHTML, like Gecko) Version/26.3 Mobile/15E148 Safari/604.1','2026-03-09 07:38:52','2026-03-09 07:38:52'),
(295,28,'stock_removed','Removed 4 units - Sale',10,'{\"quantity\":4,\"reason\":\"Sale\",\"previous_stock\":36,\"new_stock\":32,\"sale_id\":65,\"sale_number\":\"HIL-0188\"}','31.223.3.129','Mozilla/5.0 (iPhone; CPU iPhone OS 26_3_1 like Mac OS X) AppleWebKit/605.1.15 (KHTML, like Gecko) CriOS/141.0.7390.41 Mobile/15E148 Safari/604.1','2026-03-09 09:00:56','2026-03-09 09:00:56'),
(296,28,'stock_removed','Removed 1 units - Sale',10,'{\"quantity\":1,\"reason\":\"Sale\",\"previous_stock\":32,\"new_stock\":31,\"sale_id\":66,\"sale_number\":\"HIL-0189\"}','31.223.3.129','Mozilla/5.0 (iPhone; CPU iPhone OS 26_3_1 like Mac OS X) AppleWebKit/605.1.15 (KHTML, like Gecko) CriOS/141.0.7390.41 Mobile/15E148 Safari/604.1','2026-03-09 09:06:02','2026-03-09 09:06:02'),
(297,27,'stock_removed','Removed 1 units - Sale',9,'{\"quantity\":1,\"reason\":\"Sale\",\"previous_stock\":40,\"new_stock\":39,\"sale_id\":67,\"sale_number\":\"HIL-0190\"}','31.223.3.129','Mozilla/5.0 (iPhone; CPU iPhone OS 18_7 like Mac OS X) AppleWebKit/605.1.15 (KHTML, like Gecko) Version/26.3 Mobile/15E148 Safari/604.1','2026-03-09 09:14:40','2026-03-09 09:14:40'),
(298,28,'stock_removed','Removed 7 units - Sale',9,'{\"quantity\":7,\"reason\":\"Sale\",\"previous_stock\":31,\"new_stock\":24,\"sale_id\":67,\"sale_number\":\"HIL-0190\"}','31.223.3.129','Mozilla/5.0 (iPhone; CPU iPhone OS 18_7 like Mac OS X) AppleWebKit/605.1.15 (KHTML, like Gecko) Version/26.3 Mobile/15E148 Safari/604.1','2026-03-09 09:14:40','2026-03-09 09:14:40'),
(299,26,'stock_removed','Removed 7 units - Sale',9,'{\"quantity\":7,\"reason\":\"Sale\",\"previous_stock\":31,\"new_stock\":24,\"sale_id\":68,\"sale_number\":\"HIL-0191\"}','31.223.3.129','Mozilla/5.0 (iPhone; CPU iPhone OS 18_7 like Mac OS X) AppleWebKit/605.1.15 (KHTML, like Gecko) Version/26.3 Mobile/15E148 Safari/604.1','2026-03-09 10:29:43','2026-03-09 10:29:43'),
(300,28,'stock_removed','Removed 3 units - Sale',10,'{\"quantity\":3,\"reason\":\"Sale\",\"previous_stock\":24,\"new_stock\":21,\"sale_id\":69,\"sale_number\":\"HIL-0192\"}','31.223.3.129','Mozilla/5.0 (iPhone; CPU iPhone OS 26_3_1 like Mac OS X) AppleWebKit/605.1.15 (KHTML, like Gecko) CriOS/141.0.7390.41 Mobile/15E148 Safari/604.1','2026-03-09 10:35:47','2026-03-09 10:35:47'),
(301,26,'stock_removed','Removed 1 units - Sale',10,'{\"quantity\":1,\"reason\":\"Sale\",\"previous_stock\":24,\"new_stock\":23,\"sale_id\":70,\"sale_number\":\"HIL-0193\"}','31.223.3.129','Mozilla/5.0 (iPhone; CPU iPhone OS 26_3_1 like Mac OS X) AppleWebKit/605.1.15 (KHTML, like Gecko) CriOS/141.0.7390.41 Mobile/15E148 Safari/604.1','2026-03-09 10:41:41','2026-03-09 10:41:41'),
(302,27,'stock_removed','Removed 1 units - Sale',10,'{\"quantity\":1,\"reason\":\"Sale\",\"previous_stock\":39,\"new_stock\":38,\"sale_id\":70,\"sale_number\":\"HIL-0193\"}','31.223.3.129','Mozilla/5.0 (iPhone; CPU iPhone OS 26_3_1 like Mac OS X) AppleWebKit/605.1.15 (KHTML, like Gecko) CriOS/141.0.7390.41 Mobile/15E148 Safari/604.1','2026-03-09 10:41:41','2026-03-09 10:41:41'),
(303,26,'stock_removed','Removed 9 units - Sale',10,'{\"quantity\":9,\"reason\":\"Sale\",\"previous_stock\":23,\"new_stock\":14,\"sale_id\":71,\"sale_number\":\"HIL-0194\"}','31.223.3.129','Mozilla/5.0 (iPhone; CPU iPhone OS 26_3_1 like Mac OS X) AppleWebKit/605.1.15 (KHTML, like Gecko) CriOS/141.0.7390.41 Mobile/15E148 Safari/604.1','2026-03-09 12:18:11','2026-03-09 12:18:11'),
(304,28,'stock_removed','Removed 1 units - Sale',10,'{\"quantity\":1,\"reason\":\"Sale\",\"previous_stock\":21,\"new_stock\":20,\"sale_id\":71,\"sale_number\":\"HIL-0194\"}','31.223.3.129','Mozilla/5.0 (iPhone; CPU iPhone OS 26_3_1 like Mac OS X) AppleWebKit/605.1.15 (KHTML, like Gecko) CriOS/141.0.7390.41 Mobile/15E148 Safari/604.1','2026-03-09 12:18:11','2026-03-09 12:18:11'),
(305,28,'stock_removed','Removed 1 units - Sale',9,'{\"quantity\":1,\"reason\":\"Sale\",\"previous_stock\":20,\"new_stock\":19,\"sale_id\":72,\"sale_number\":\"HIL-0195\"}','31.223.3.129','Mozilla/5.0 (iPhone; CPU iPhone OS 18_7 like Mac OS X) AppleWebKit/605.1.15 (KHTML, like Gecko) Version/26.3 Mobile/15E148 Safari/604.1','2026-03-10 06:41:10','2026-03-10 06:41:10'),
(306,26,'stock_removed','Removed 1 units - Sale',9,'{\"quantity\":1,\"reason\":\"Sale\",\"previous_stock\":14,\"new_stock\":13,\"sale_id\":73,\"sale_number\":\"HIL-0196\"}','31.223.3.210','Mozilla/5.0 (iPhone; CPU iPhone OS 18_7 like Mac OS X) AppleWebKit/605.1.15 (KHTML, like Gecko) Version/26.3 Mobile/15E148 Safari/604.1','2026-03-10 07:51:53','2026-03-10 07:51:53'),
(307,26,'stock_removed','Removed 1 units - Sale',9,'{\"quantity\":1,\"reason\":\"Sale\",\"previous_stock\":13,\"new_stock\":12,\"sale_id\":74,\"sale_number\":\"HIL-0197\"}','31.223.3.210','Mozilla/5.0 (iPhone; CPU iPhone OS 18_7 like Mac OS X) AppleWebKit/605.1.15 (KHTML, like Gecko) Version/26.3 Mobile/15E148 Safari/604.1','2026-03-10 11:51:33','2026-03-10 11:51:33'),
(308,26,'stock_added','Added 50 units - Manual adjustment',4,'{\"quantity\":50,\"reason\":\"Manual adjustment\",\"previous_stock\":12,\"new_stock\":62,\"notes\":null}','31.223.3.73','Mozilla/5.0 (Windows NT 10.0; Win64; x64) AppleWebKit/537.36 (KHTML, like Gecko) Chrome/133.0.0.0 Safari/537.36','2026-03-11 07:14:22','2026-03-11 07:14:22'),
(309,26,'stock_removed','Removed 1 units - Sale',9,'{\"quantity\":1,\"reason\":\"Sale\",\"previous_stock\":62,\"new_stock\":61,\"sale_id\":75,\"sale_number\":\"HIL-0198\"}','31.223.3.73','Mozilla/5.0 (iPhone; CPU iPhone OS 18_7 like Mac OS X) AppleWebKit/605.1.15 (KHTML, like Gecko) Version/26.3 Mobile/15E148 Safari/604.1','2026-03-11 07:31:11','2026-03-11 07:31:11'),
(310,27,'stock_removed','Removed 2 units - Sale',9,'{\"quantity\":2,\"reason\":\"Sale\",\"previous_stock\":38,\"new_stock\":36,\"sale_id\":75,\"sale_number\":\"HIL-0198\"}','31.223.3.73','Mozilla/5.0 (iPhone; CPU iPhone OS 18_7 like Mac OS X) AppleWebKit/605.1.15 (KHTML, like Gecko) Version/26.3 Mobile/15E148 Safari/604.1','2026-03-11 07:31:11','2026-03-11 07:31:11'),
(311,26,'stock_removed','Removed 37 units - Sale',9,'{\"quantity\":37,\"reason\":\"Sale\",\"previous_stock\":61,\"new_stock\":24,\"sale_id\":76,\"sale_number\":\"HIL-0199\"}','31.223.3.73','Mozilla/5.0 (iPhone; CPU iPhone OS 18_7 like Mac OS X) AppleWebKit/605.1.15 (KHTML, like Gecko) Version/26.3 Mobile/15E148 Safari/604.1','2026-03-11 07:53:12','2026-03-11 07:53:12'),
(312,28,'stock_removed','Removed 1 units - Sale',9,'{\"quantity\":1,\"reason\":\"Sale\",\"previous_stock\":19,\"new_stock\":18,\"sale_id\":76,\"sale_number\":\"HIL-0199\"}','31.223.3.73','Mozilla/5.0 (iPhone; CPU iPhone OS 18_7 like Mac OS X) AppleWebKit/605.1.15 (KHTML, like Gecko) Version/26.3 Mobile/15E148 Safari/604.1','2026-03-11 07:53:12','2026-03-11 07:53:12'),
(313,27,'stock_removed','Removed 2 units - Sale',9,'{\"quantity\":2,\"reason\":\"Sale\",\"previous_stock\":36,\"new_stock\":34,\"sale_id\":77,\"sale_number\":\"HIL-0200\"}','31.223.3.73','Mozilla/5.0 (iPhone; CPU iPhone OS 18_7 like Mac OS X) AppleWebKit/605.1.15 (KHTML, like Gecko) Version/26.3 Mobile/15E148 Safari/604.1','2026-03-11 08:54:39','2026-03-11 08:54:39'),
(314,26,'stock_removed','Removed 1 units - Sale',9,'{\"quantity\":1,\"reason\":\"Sale\",\"previous_stock\":24,\"new_stock\":23,\"sale_id\":78,\"sale_number\":\"HIL-0201\"}','31.223.3.73','Mozilla/5.0 (iPhone; CPU iPhone OS 18_7 like Mac OS X) AppleWebKit/605.1.15 (KHTML, like Gecko) Version/26.3 Mobile/15E148 Safari/604.1','2026-03-11 08:58:38','2026-03-11 08:58:38'),
(315,27,'stock_removed','Removed 2 units - Sale',9,'{\"quantity\":2,\"reason\":\"Sale\",\"previous_stock\":34,\"new_stock\":32,\"sale_id\":79,\"sale_number\":\"HIL-0202\"}','31.223.3.73','Mozilla/5.0 (iPhone; CPU iPhone OS 18_7 like Mac OS X) AppleWebKit/605.1.15 (KHTML, like Gecko) Version/26.3 Mobile/15E148 Safari/604.1','2026-03-11 09:31:21','2026-03-11 09:31:21'),
(316,28,'stock_removed','Removed 3 units - Sale',9,'{\"quantity\":3,\"reason\":\"Sale\",\"previous_stock\":18,\"new_stock\":15,\"sale_id\":80,\"sale_number\":\"HIL-0203\"}','31.223.3.73','Mozilla/5.0 (iPhone; CPU iPhone OS 18_7 like Mac OS X) AppleWebKit/605.1.15 (KHTML, like Gecko) Version/26.3 Mobile/15E148 Safari/604.1','2026-03-11 09:45:07','2026-03-11 09:45:07'),
(317,26,'stock_removed','Removed 3 units - Sale',9,'{\"quantity\":3,\"reason\":\"Sale\",\"previous_stock\":23,\"new_stock\":20,\"sale_id\":81,\"sale_number\":\"HIL-0204\"}','31.223.3.73','Mozilla/5.0 (iPhone; CPU iPhone OS 18_7 like Mac OS X) AppleWebKit/605.1.15 (KHTML, like Gecko) Version/26.3 Mobile/15E148 Safari/604.1','2026-03-11 10:15:40','2026-03-11 10:15:40'),
(318,26,'stock_removed','Removed 4 units - Sale',9,'{\"quantity\":4,\"reason\":\"Sale\",\"previous_stock\":20,\"new_stock\":16,\"sale_id\":82,\"sale_number\":\"HIL-0205\"}','31.223.3.101','Mozilla/5.0 (iPhone; CPU iPhone OS 18_7 like Mac OS X) AppleWebKit/605.1.15 (KHTML, like Gecko) Version/26.3 Mobile/15E148 Safari/604.1','2026-03-11 11:23:39','2026-03-11 11:23:39'),
(319,26,'stock_removed','Removed 1 units - Sale',9,'{\"quantity\":1,\"reason\":\"Sale\",\"previous_stock\":16,\"new_stock\":15,\"sale_id\":83,\"sale_number\":\"HIL-0206\"}','88.246.198.243','Mozilla/5.0 (iPhone; CPU iPhone OS 18_7 like Mac OS X) AppleWebKit/605.1.15 (KHTML, like Gecko) Version/26.3 Mobile/15E148 Safari/604.1','2026-03-11 12:30:45','2026-03-11 12:30:45'),
(320,28,'stock_removed','Removed 1 units - Sale',9,'{\"quantity\":1,\"reason\":\"Sale\",\"previous_stock\":15,\"new_stock\":14,\"sale_id\":84,\"sale_number\":\"HIL-0207\"}','88.246.198.243','Mozilla/5.0 (iPhone; CPU iPhone OS 18_7 like Mac OS X) AppleWebKit/605.1.15 (KHTML, like Gecko) Version/26.3 Mobile/15E148 Safari/604.1','2026-03-11 12:31:52','2026-03-11 12:31:52'),
(321,26,'stock_removed','Removed 1 units - Sale',9,'{\"quantity\":1,\"reason\":\"Sale\",\"previous_stock\":15,\"new_stock\":14,\"sale_id\":85,\"sale_number\":\"HIL-0208\"}','88.246.198.243','Mozilla/5.0 (iPhone; CPU iPhone OS 18_7 like Mac OS X) AppleWebKit/605.1.15 (KHTML, like Gecko) Version/26.3 Mobile/15E148 Safari/604.1','2026-03-11 12:32:18','2026-03-11 12:32:18'),
(322,26,'stock_removed','Removed 1 units - Sale',10,'{\"quantity\":1,\"reason\":\"Sale\",\"previous_stock\":14,\"new_stock\":13,\"sale_id\":86,\"sale_number\":\"HIL-0209\"}','31.223.3.101','Mozilla/5.0 (iPhone; CPU iPhone OS 26_3_1 like Mac OS X) AppleWebKit/605.1.15 (KHTML, like Gecko) CriOS/141.0.7390.41 Mobile/15E148 Safari/604.1','2026-03-12 06:30:01','2026-03-12 06:30:01'),
(323,26,'stock_removed','Removed 1 units - Sale',9,'{\"quantity\":1,\"reason\":\"Sale\",\"previous_stock\":13,\"new_stock\":12,\"sale_id\":87,\"sale_number\":\"HIL-0210\"}','31.223.3.101','Mozilla/5.0 (iPhone; CPU iPhone OS 18_7 like Mac OS X) AppleWebKit/605.1.15 (KHTML, like Gecko) Version/26.3 Mobile/15E148 Safari/604.1','2026-03-12 06:48:16','2026-03-12 06:48:16'),
(324,28,'stock_removed','Removed 1 units - Sale',4,'{\"quantity\":1,\"reason\":\"Sale\",\"previous_stock\":14,\"new_stock\":13,\"sale_id\":88,\"sale_number\":\"HIL-0211\"}','31.223.3.101','Mozilla/5.0 (Windows NT 10.0; Win64; x64) AppleWebKit/537.36 (KHTML, like Gecko) Chrome/133.0.0.0 Safari/537.36','2026-03-12 07:12:43','2026-03-12 07:12:43'),
(325,28,'stock_added','Added 1 units - Sale cancelled/refunded',4,'{\"quantity\":1,\"reason\":\"YANLI\\u015e\",\"previous_stock\":13,\"new_stock\":14,\"sale_id\":88,\"sale_number\":\"HIL-0211\"}','31.223.3.101','Mozilla/5.0 (Windows NT 10.0; Win64; x64) AppleWebKit/537.36 (KHTML, like Gecko) Chrome/133.0.0.0 Safari/537.36','2026-03-12 07:15:09','2026-03-12 07:15:09'),
(326,28,'stock_removed','Removed 4 units - Sale',4,'{\"quantity\":4,\"reason\":\"Sale\",\"previous_stock\":14,\"new_stock\":10,\"sale_id\":89,\"sale_number\":\"HIL-0212\"}','31.223.3.101','Mozilla/5.0 (Windows NT 10.0; Win64; x64) AppleWebKit/537.36 (KHTML, like Gecko) Chrome/133.0.0.0 Safari/537.36','2026-03-12 07:17:50','2026-03-12 07:17:50'),
(327,26,'stock_removed','Removed 3 units - Sale',9,'{\"quantity\":3,\"reason\":\"Sale\",\"previous_stock\":12,\"new_stock\":9,\"sale_id\":90,\"sale_number\":\"HIL-0213\"}','31.223.84.165','Mozilla/5.0 (iPhone; CPU iPhone OS 18_7 like Mac OS X) AppleWebKit/605.1.15 (KHTML, like Gecko) Version/26.3 Mobile/15E148 Safari/604.1','2026-03-13 07:04:39','2026-03-13 07:04:39'),
(328,28,'stock_removed','Removed 2 units - Sale',9,'{\"quantity\":2,\"reason\":\"Sale\",\"previous_stock\":10,\"new_stock\":8,\"sale_id\":90,\"sale_number\":\"HIL-0213\"}','31.223.84.165','Mozilla/5.0 (iPhone; CPU iPhone OS 18_7 like Mac OS X) AppleWebKit/605.1.15 (KHTML, like Gecko) Version/26.3 Mobile/15E148 Safari/604.1','2026-03-13 07:04:39','2026-03-13 07:04:39'),
(329,26,'stock_removed','Removed 7 units - Sale',10,'{\"quantity\":7,\"reason\":\"Sale\",\"previous_stock\":9,\"new_stock\":2,\"sale_id\":91,\"sale_number\":\"HIL-0214\"}','31.223.84.165','Mozilla/5.0 (iPhone; CPU iPhone OS 26_3_1 like Mac OS X) AppleWebKit/605.1.15 (KHTML, like Gecko) CriOS/141.0.7390.41 Mobile/15E148 Safari/604.1','2026-03-13 09:31:10','2026-03-13 09:31:10'),
(330,27,'stock_removed','Removed 7 units - Sale',9,'{\"quantity\":7,\"reason\":\"Sale\",\"previous_stock\":32,\"new_stock\":25,\"sale_id\":92,\"sale_number\":\"HIL-0215\"}','31.223.84.165','Mozilla/5.0 (iPhone; CPU iPhone OS 18_7 like Mac OS X) AppleWebKit/605.1.15 (KHTML, like Gecko) Version/26.3 Mobile/15E148 Safari/604.1','2026-03-13 10:58:49','2026-03-13 10:58:49'),
(331,26,'stock_removed','Removed 1 units - Sale',9,'{\"quantity\":1,\"reason\":\"Sale\",\"previous_stock\":2,\"new_stock\":1,\"sale_id\":93,\"sale_number\":\"HIL-0216\"}','31.223.84.165','Mozilla/5.0 (iPhone; CPU iPhone OS 18_7 like Mac OS X) AppleWebKit/605.1.15 (KHTML, like Gecko) Version/26.3 Mobile/15E148 Safari/604.1','2026-03-13 11:00:25','2026-03-13 11:00:25'),
(332,28,'stock_removed','Removed 5 units - Sale',9,'{\"quantity\":5,\"reason\":\"Sale\",\"previous_stock\":8,\"new_stock\":3,\"sale_id\":94,\"sale_number\":\"HIL-0217\"}','31.223.84.165','Mozilla/5.0 (iPhone; CPU iPhone OS 18_7 like Mac OS X) AppleWebKit/605.1.15 (KHTML, like Gecko) Version/26.3 Mobile/15E148 Safari/604.1','2026-03-13 11:09:27','2026-03-13 11:09:27'),
(333,27,'stock_removed','Removed 1 units - Sale',9,'{\"quantity\":1,\"reason\":\"Sale\",\"previous_stock\":25,\"new_stock\":24,\"sale_id\":95,\"sale_number\":\"HIL-0218\"}','31.223.84.165','Mozilla/5.0 (iPhone; CPU iPhone OS 18_7 like Mac OS X) AppleWebKit/605.1.15 (KHTML, like Gecko) Version/26.3 Mobile/15E148 Safari/604.1','2026-03-13 11:50:41','2026-03-13 11:50:41'),
(334,27,'stock_removed','Removed 1 units - Sale',9,'{\"quantity\":1,\"reason\":\"Sale\",\"previous_stock\":24,\"new_stock\":23,\"sale_id\":96,\"sale_number\":\"HIL-0219\"}','31.223.26.34','Mozilla/5.0 (iPhone; CPU iPhone OS 18_7 like Mac OS X) AppleWebKit/605.1.15 (KHTML, like Gecko) Version/26.3 Mobile/15E148 Safari/604.1','2026-03-14 09:51:34','2026-03-14 09:51:34'),
(335,27,'stock_removed','Removed 1 units - Sale',9,'{\"quantity\":1,\"reason\":\"Sale\",\"previous_stock\":23,\"new_stock\":22,\"sale_id\":97,\"sale_number\":\"HIL-0220\"}','31.223.26.34','Mozilla/5.0 (iPhone; CPU iPhone OS 18_7 like Mac OS X) AppleWebKit/605.1.15 (KHTML, like Gecko) Version/26.3 Mobile/15E148 Safari/604.1','2026-03-14 10:20:20','2026-03-14 10:20:20'),
(336,28,'stock_removed','Removed 3 units - Sale',9,'{\"quantity\":3,\"reason\":\"Sale\",\"previous_stock\":3,\"new_stock\":0,\"sale_id\":97,\"sale_number\":\"HIL-0220\"}','31.223.26.34','Mozilla/5.0 (iPhone; CPU iPhone OS 18_7 like Mac OS X) AppleWebKit/605.1.15 (KHTML, like Gecko) Version/26.3 Mobile/15E148 Safari/604.1','2026-03-14 10:20:20','2026-03-14 10:20:20'),
(337,27,'stock_added','Added 1 units - Sale cancelled/refunded',4,'{\"quantity\":1,\"reason\":\"De\\u011fi\\u015fim\",\"previous_stock\":22,\"new_stock\":23,\"sale_id\":96,\"sale_number\":\"HIL-0219\"}','46.106.246.206','Mozilla/5.0 (Linux; Android 10; K) AppleWebKit/537.36 (KHTML, like Gecko) Chrome/146.0.0.0 Mobile Safari/537.36','2026-03-14 10:37:00','2026-03-14 10:37:00'),
(338,27,'stock_removed','Removed 1 units - Sale',9,'{\"quantity\":1,\"reason\":\"Sale\",\"previous_stock\":23,\"new_stock\":22,\"sale_id\":98,\"sale_number\":\"HIL-0221\"}','31.223.26.34','Mozilla/5.0 (iPhone; CPU iPhone OS 18_7 like Mac OS X) AppleWebKit/605.1.15 (KHTML, like Gecko) Version/26.3 Mobile/15E148 Safari/604.1','2026-03-14 10:40:21','2026-03-14 10:40:21'),
(339,28,'stock_added','Added 60 units - Restock - Low inventory',4,'{\"quantity\":60,\"reason\":\"Restock - Low inventory\",\"previous_stock\":0,\"new_stock\":60,\"notes\":null}','46.106.246.206','Mozilla/5.0 (Linux; Android 10; K) AppleWebKit/537.36 (KHTML, like Gecko) Chrome/146.0.0.0 Mobile Safari/537.36','2026-03-14 10:44:34','2026-03-14 10:44:34'),
(340,28,'stock_removed','Removed 1 units - Sale',9,'{\"quantity\":1,\"reason\":\"Sale\",\"previous_stock\":60,\"new_stock\":59,\"sale_id\":99,\"sale_number\":\"HIL-0222\"}','31.223.26.34','Mozilla/5.0 (iPhone; CPU iPhone OS 18_7 like Mac OS X) AppleWebKit/605.1.15 (KHTML, like Gecko) Version/26.3 Mobile/15E148 Safari/604.1','2026-03-14 10:47:21','2026-03-14 10:47:21'),
(341,28,'stock_removed','Removed 1 units - Sale',10,'{\"quantity\":1,\"reason\":\"Sale\",\"previous_stock\":59,\"new_stock\":58,\"sale_id\":100,\"sale_number\":\"HIL-0223\"}','31.223.26.34','Mozilla/5.0 (iPhone; CPU iPhone OS 26_3_1 like Mac OS X) AppleWebKit/605.1.15 (KHTML, like Gecko) CriOS/141.0.7390.41 Mobile/15E148 Safari/604.1','2026-03-14 11:30:11','2026-03-14 11:30:11'),
(342,26,'stock_removed','Removed 1 units - Sale',9,'{\"quantity\":1,\"reason\":\"Sale\",\"previous_stock\":1,\"new_stock\":0,\"sale_id\":101,\"sale_number\":\"HIL-0224\"}','31.223.26.34','Mozilla/5.0 (iPhone; CPU iPhone OS 18_7 like Mac OS X) AppleWebKit/605.1.15 (KHTML, like Gecko) Version/26.3 Mobile/15E148 Safari/604.1','2026-03-14 11:32:56','2026-03-14 11:32:56'),
(343,27,'stock_removed','Removed 1 units - Sale',10,'{\"quantity\":1,\"reason\":\"Sale\",\"previous_stock\":22,\"new_stock\":21,\"sale_id\":102,\"sale_number\":\"HIL-0225\"}','31.223.26.34','Mozilla/5.0 (iPhone; CPU iPhone OS 26_3_1 like Mac OS X) AppleWebKit/605.1.15 (KHTML, like Gecko) CriOS/141.0.7390.41 Mobile/15E148 Safari/604.1','2026-03-15 10:38:29','2026-03-15 10:38:29'),
(344,28,'stock_removed','Removed 7 units - Sale',10,'{\"quantity\":7,\"reason\":\"Sale\",\"previous_stock\":58,\"new_stock\":51,\"sale_id\":102,\"sale_number\":\"HIL-0225\"}','31.223.26.34','Mozilla/5.0 (iPhone; CPU iPhone OS 26_3_1 like Mac OS X) AppleWebKit/605.1.15 (KHTML, like Gecko) CriOS/141.0.7390.41 Mobile/15E148 Safari/604.1','2026-03-15 10:38:29','2026-03-15 10:38:29'),
(345,27,'stock_removed','Removed 4 units - Sale',10,'{\"quantity\":4,\"reason\":\"Sale\",\"previous_stock\":21,\"new_stock\":17,\"sale_id\":103,\"sale_number\":\"HIL-0226\"}','31.223.26.34','Mozilla/5.0 (iPhone; CPU iPhone OS 26_3_1 like Mac OS X) AppleWebKit/605.1.15 (KHTML, like Gecko) CriOS/141.0.7390.41 Mobile/15E148 Safari/604.1','2026-03-15 10:40:15','2026-03-15 10:40:15'),
(346,27,'stock_removed','Removed 1 units - Sale',10,'{\"quantity\":1,\"reason\":\"Sale\",\"previous_stock\":17,\"new_stock\":16,\"sale_id\":104,\"sale_number\":\"HIL-0227\"}','31.223.26.34','Mozilla/5.0 (iPhone; CPU iPhone OS 26_3_1 like Mac OS X) AppleWebKit/605.1.15 (KHTML, like Gecko) CriOS/141.0.7390.41 Mobile/15E148 Safari/604.1','2026-03-15 12:27:16','2026-03-15 12:27:16'),
(347,28,'stock_removed','Removed 2 units - Sale',10,'{\"quantity\":2,\"reason\":\"Sale\",\"previous_stock\":51,\"new_stock\":49,\"sale_id\":104,\"sale_number\":\"HIL-0227\"}','31.223.26.34','Mozilla/5.0 (iPhone; CPU iPhone OS 26_3_1 like Mac OS X) AppleWebKit/605.1.15 (KHTML, like Gecko) CriOS/141.0.7390.41 Mobile/15E148 Safari/604.1','2026-03-15 12:27:16','2026-03-15 12:27:16'),
(348,28,'stock_removed','Removed 2 units - Sale',9,'{\"quantity\":2,\"reason\":\"Sale\",\"previous_stock\":49,\"new_stock\":47,\"sale_id\":105,\"sale_number\":\"HIL-0228\"}','31.223.26.34','Mozilla/5.0 (iPhone; CPU iPhone OS 18_7 like Mac OS X) AppleWebKit/605.1.15 (KHTML, like Gecko) Version/26.3 Mobile/15E148 Safari/604.1','2026-03-16 08:48:57','2026-03-16 08:48:57'),
(349,28,'stock_removed','Removed 2 units - Sale',9,'{\"quantity\":2,\"reason\":\"Sale\",\"previous_stock\":47,\"new_stock\":45,\"sale_id\":106,\"sale_number\":\"HIL-0229\"}','31.223.26.34','Mozilla/5.0 (iPhone; CPU iPhone OS 18_7 like Mac OS X) AppleWebKit/605.1.15 (KHTML, like Gecko) Version/26.3 Mobile/15E148 Safari/604.1','2026-03-16 09:08:03','2026-03-16 09:08:03'),
(350,28,'stock_removed','Removed 1 units - Sale',9,'{\"quantity\":1,\"reason\":\"Sale\",\"previous_stock\":45,\"new_stock\":44,\"sale_id\":107,\"sale_number\":\"HIL-0230\"}','31.223.26.34','Mozilla/5.0 (iPhone; CPU iPhone OS 18_7 like Mac OS X) AppleWebKit/605.1.15 (KHTML, like Gecko) Version/26.3 Mobile/15E148 Safari/604.1','2026-03-16 11:25:27','2026-03-16 11:25:27'),
(351,28,'stock_removed','Removed 1 units - Sale',9,'{\"quantity\":1,\"reason\":\"Sale\",\"previous_stock\":44,\"new_stock\":43,\"sale_id\":108,\"sale_number\":\"HIL-0231\"}','31.223.26.34','Mozilla/5.0 (iPhone; CPU iPhone OS 18_7 like Mac OS X) AppleWebKit/605.1.15 (KHTML, like Gecko) Version/26.3 Mobile/15E148 Safari/604.1','2026-03-16 11:30:38','2026-03-16 11:30:38'),
(352,28,'stock_removed','Removed 3 units - Sale',9,'{\"quantity\":3,\"reason\":\"Sale\",\"previous_stock\":43,\"new_stock\":40,\"sale_id\":109,\"sale_number\":\"HIL-0232\"}','31.223.26.34','Mozilla/5.0 (iPhone; CPU iPhone OS 18_7 like Mac OS X) AppleWebKit/605.1.15 (KHTML, like Gecko) Version/26.3 Mobile/15E148 Safari/604.1','2026-03-16 13:00:45','2026-03-16 13:00:45'),
(353,27,'stock_removed','Removed 2 units - Sale',9,'{\"quantity\":2,\"reason\":\"Sale\",\"previous_stock\":16,\"new_stock\":14,\"sale_id\":110,\"sale_number\":\"HIL-0233\"}','31.223.26.34','Mozilla/5.0 (iPhone; CPU iPhone OS 18_7 like Mac OS X) AppleWebKit/605.1.15 (KHTML, like Gecko) Version/26.3 Mobile/15E148 Safari/604.1','2026-03-17 08:40:02','2026-03-17 08:40:02'),
(354,27,'stock_removed','Removed 1 units - Sale',9,'{\"quantity\":1,\"reason\":\"Sale\",\"previous_stock\":14,\"new_stock\":13,\"sale_id\":111,\"sale_number\":\"HIL-0234\"}','31.223.26.34','Mozilla/5.0 (iPhone; CPU iPhone OS 18_7 like Mac OS X) AppleWebKit/605.1.15 (KHTML, like Gecko) Version/26.3 Mobile/15E148 Safari/604.1','2026-03-17 12:59:56','2026-03-17 12:59:56'),
(355,28,'stock_removed','Removed 20 units - Sale',4,'{\"quantity\":20,\"reason\":\"Sale\",\"previous_stock\":40,\"new_stock\":20,\"sale_id\":112,\"sale_number\":\"HIL-0235\"}','31.223.26.34','Mozilla/5.0 (Windows NT 10.0; Win64; x64) AppleWebKit/537.36 (KHTML, like Gecko) Chrome/133.0.0.0 Safari/537.36','2026-03-17 12:59:58','2026-03-17 12:59:58'),
(356,28,'stock_removed','Removed 1 units - Sale',9,'{\"quantity\":1,\"reason\":\"Sale\",\"previous_stock\":20,\"new_stock\":19,\"sale_id\":113,\"sale_number\":\"HIL-0236\"}','31.223.26.34','Mozilla/5.0 (iPhone; CPU iPhone OS 18_7 like Mac OS X) AppleWebKit/605.1.15 (KHTML, like Gecko) Version/26.3 Mobile/15E148 Safari/604.1','2026-03-17 13:01:04','2026-03-17 13:01:04'),
(357,27,'stock_removed','Removed 1 units - Sale',9,'{\"quantity\":1,\"reason\":\"Sale\",\"previous_stock\":13,\"new_stock\":12,\"sale_id\":114,\"sale_number\":\"HIL-0237\"}','31.223.26.34','Mozilla/5.0 (iPhone; CPU iPhone OS 18_7 like Mac OS X) AppleWebKit/605.1.15 (KHTML, like Gecko) Version/26.3 Mobile/15E148 Safari/604.1','2026-03-18 05:01:26','2026-03-18 05:01:26'),
(358,27,'stock_removed','Removed 2 units - Sale',9,'{\"quantity\":2,\"reason\":\"Sale\",\"previous_stock\":12,\"new_stock\":10,\"sale_id\":115,\"sale_number\":\"HIL-0238\"}','31.223.26.34','Mozilla/5.0 (iPhone; CPU iPhone OS 18_7 like Mac OS X) AppleWebKit/605.1.15 (KHTML, like Gecko) Version/26.3 Mobile/15E148 Safari/604.1','2026-03-18 11:24:21','2026-03-18 11:24:21'),
(359,27,'stock_removed','Removed 1 units - Sale',9,'{\"quantity\":1,\"reason\":\"Sale\",\"previous_stock\":10,\"new_stock\":9,\"sale_id\":116,\"sale_number\":\"HIL-0239\"}','31.223.26.34','Mozilla/5.0 (iPhone; CPU iPhone OS 18_7 like Mac OS X) AppleWebKit/605.1.15 (KHTML, like Gecko) Version/26.3 Mobile/15E148 Safari/604.1','2026-03-19 07:45:37','2026-03-19 07:45:37'),
(360,27,'stock_removed','Removed 1 units - Sale',9,'{\"quantity\":1,\"reason\":\"Sale\",\"previous_stock\":9,\"new_stock\":8,\"sale_id\":117,\"sale_number\":\"HIL-0240\"}','31.223.26.34','Mozilla/5.0 (iPhone; CPU iPhone OS 18_7 like Mac OS X) AppleWebKit/605.1.15 (KHTML, like Gecko) Version/26.3 Mobile/15E148 Safari/604.1','2026-03-19 10:19:26','2026-03-19 10:19:26'),
(361,28,'stock_removed','Removed 6 units - Sale',4,'{\"quantity\":6,\"reason\":\"Sale\",\"previous_stock\":19,\"new_stock\":13,\"sale_id\":118,\"sale_number\":\"HIL-0241\"}','31.223.26.34','Mozilla/5.0 (Windows NT 10.0; Win64; x64) AppleWebKit/537.36 (KHTML, like Gecko) Chrome/133.0.0.0 Safari/537.36','2026-03-23 10:58:48','2026-03-23 10:58:48'),
(362,28,'stock_removed','Removed 1 units - Sale',9,'{\"quantity\":1,\"reason\":\"Sale\",\"previous_stock\":13,\"new_stock\":12,\"sale_id\":119,\"sale_number\":\"HIL-0242\"}','31.223.26.34','Mozilla/5.0 (iPhone; CPU iPhone OS 18_7 like Mac OS X) AppleWebKit/605.1.15 (KHTML, like Gecko) Version/26.3 Mobile/15E148 Safari/604.1','2026-03-23 11:00:42','2026-03-23 11:00:42'),
(363,28,'stock_removed','Removed 1 units - Sale',9,'{\"quantity\":1,\"reason\":\"Sale\",\"previous_stock\":12,\"new_stock\":11,\"sale_id\":120,\"sale_number\":\"HIL-0243\"}','31.223.26.34','Mozilla/5.0 (iPhone; CPU iPhone OS 18_7 like Mac OS X) AppleWebKit/605.1.15 (KHTML, like Gecko) Version/26.3 Mobile/15E148 Safari/604.1','2026-03-23 11:01:39','2026-03-23 11:01:39'),
(364,28,'stock_removed','Removed 1 units - Sale',9,'{\"quantity\":1,\"reason\":\"Sale\",\"previous_stock\":11,\"new_stock\":10,\"sale_id\":121,\"sale_number\":\"HIL-0244\"}','31.223.26.34','Mozilla/5.0 (iPhone; CPU iPhone OS 18_7 like Mac OS X) AppleWebKit/605.1.15 (KHTML, like Gecko) Version/26.3 Mobile/15E148 Safari/604.1','2026-03-24 09:41:31','2026-03-24 09:41:31'),
(365,28,'stock_removed','Removed 1 units - Sale',9,'{\"quantity\":1,\"reason\":\"Sale\",\"previous_stock\":10,\"new_stock\":9,\"sale_id\":122,\"sale_number\":\"HIL-0245\"}','31.223.26.34','Mozilla/5.0 (iPhone; CPU iPhone OS 18_7 like Mac OS X) AppleWebKit/605.1.15 (KHTML, like Gecko) Version/26.3 Mobile/15E148 Safari/604.1','2026-03-24 11:57:56','2026-03-24 11:57:56'),
(366,28,'price_changed','Product pricing updated',4,'{\"old_prices\":{\"cost_price\":\"25.00\",\"selling_price\":\"50.00\",\"discount_price\":null},\"new_prices\":{\"cost_price\":\"25.00\",\"selling_price\":\"35.00\",\"discount_price\":null}}','176.54.34.250','Mozilla/5.0 (X11; Linux x86_64) AppleWebKit/537.36 (KHTML, like Gecko) Chrome/146.0.0.0 Safari/537.36','2026-04-04 04:55:29','2026-04-04 04:55:29'),
(367,28,'updated','Product updated',4,'{\"name\":{\"old\":\"CADILLAC\",\"new\":\"Pro max 1\"},\"selling_price\":{\"old\":\"50.00\",\"new\":\"35\"}}','176.54.34.250','Mozilla/5.0 (X11; Linux x86_64) AppleWebKit/537.36 (KHTML, like Gecko) Chrome/146.0.0.0 Safari/537.36','2026-04-04 04:55:29','2026-04-04 04:55:29'),
(368,28,'stock_added','Added 6 units - Manual adjustment',4,'{\"quantity\":6,\"reason\":\"Manual adjustment\",\"previous_stock\":9,\"new_stock\":15,\"notes\":null}','31.223.84.115','Mozilla/5.0 (X11; Linux x86_64) AppleWebKit/537.36 (KHTML, like Gecko) Chrome/146.0.0.0 Safari/537.36','2026-04-04 04:56:28','2026-04-04 04:56:28'),
(369,26,'price_changed','Product pricing updated',4,'{\"old_prices\":{\"cost_price\":\"21.00\",\"selling_price\":\"30.00\",\"discount_price\":null},\"new_prices\":{\"cost_price\":\"25.00\",\"selling_price\":\"35.00\",\"discount_price\":null}}','31.223.84.115','Mozilla/5.0 (X11; Linux x86_64) AppleWebKit/537.36 (KHTML, like Gecko) Chrome/146.0.0.0 Safari/537.36','2026-04-04 05:25:33','2026-04-04 05:25:33'),
(370,26,'updated','Product updated',4,'{\"name\":{\"old\":\"IST STOK 1\",\"new\":\"Pro max 2\"},\"cost_price\":{\"old\":\"21.00\",\"new\":\"25\"},\"selling_price\":{\"old\":\"30.00\",\"new\":\"35\"},\"image\":{\"old\":\"products\\/1768630482_bOSTopK0a7.jpg\",\"new\":\"products\\/1775291133_qSvrDzGnU5.jpg\"}}','31.223.84.115','Mozilla/5.0 (X11; Linux x86_64) AppleWebKit/537.36 (KHTML, like Gecko) Chrome/146.0.0.0 Safari/537.36','2026-04-04 05:25:33','2026-04-04 05:25:33'),
(371,26,'stock_added','Added 9 units - Manual adjustment',4,'{\"quantity\":9,\"reason\":\"Manual adjustment\",\"previous_stock\":0,\"new_stock\":9,\"notes\":null}','31.223.84.115','Mozilla/5.0 (X11; Linux x86_64) AppleWebKit/537.36 (KHTML, like Gecko) Chrome/146.0.0.0 Safari/537.36','2026-04-04 05:27:11','2026-04-04 05:27:11'),
(372,26,'stock_added','Added 3 units - Manual adjustment',4,'{\"quantity\":3,\"reason\":\"Manual adjustment\",\"previous_stock\":9,\"new_stock\":12,\"notes\":null}','31.223.84.115','Mozilla/5.0 (X11; Linux x86_64) AppleWebKit/537.36 (KHTML, like Gecko) Chrome/146.0.0.0 Safari/537.36','2026-04-04 05:29:00','2026-04-04 05:29:00'),
(373,25,'price_changed','Product pricing updated',4,'{\"old_prices\":{\"cost_price\":\"21.00\",\"selling_price\":\"30.00\",\"discount_price\":null},\"new_prices\":{\"cost_price\":\"25.00\",\"selling_price\":\"35.00\",\"discount_price\":null}}','31.223.84.115','Mozilla/5.0 (X11; Linux x86_64) AppleWebKit/537.36 (KHTML, like Gecko) Chrome/146.0.0.0 Safari/537.36','2026-04-04 05:31:14','2026-04-04 05:31:14'),
(374,25,'updated','Product updated',4,'{\"name\":{\"old\":\"Hilal 2000S\",\"new\":\"Pro max 3\"},\"description\":{\"old\":\"3X41\\r\\n3X42\\r\\n6X43\\r\\n4X44\\r\\n3X45\",\"new\":null},\"cost_price\":{\"old\":\"21.00\",\"new\":\"25\"},\"selling_price\":{\"old\":\"30.00\",\"new\":\"35\"},\"image\":{\"old\":\"products\\/1768042122_3Fj7pbyH84.jpeg\",\"new\":\"products\\/1775291474_8hlOwU8AqR.jpg\"}}','31.223.84.115','Mozilla/5.0 (X11; Linux x86_64) AppleWebKit/537.36 (KHTML, like Gecko) Chrome/146.0.0.0 Safari/537.36','2026-04-04 05:31:14','2026-04-04 05:31:14'),
(375,25,'stock_added','Added 9 units - Manual adjustment',4,'{\"quantity\":9,\"reason\":\"Manual adjustment\",\"previous_stock\":0,\"new_stock\":9,\"notes\":null}','31.223.84.115','Mozilla/5.0 (X11; Linux x86_64) AppleWebKit/537.36 (KHTML, like Gecko) Chrome/146.0.0.0 Safari/537.36','2026-04-04 05:31:27','2026-04-04 05:31:27'),
(376,24,'price_changed','Product pricing updated',4,'{\"old_prices\":{\"cost_price\":\"21.00\",\"selling_price\":\"30.00\",\"discount_price\":null},\"new_prices\":{\"cost_price\":\"25.00\",\"selling_price\":\"35.00\",\"discount_price\":null}}','31.223.84.115','Mozilla/5.0 (X11; Linux x86_64) AppleWebKit/537.36 (KHTML, like Gecko) Chrome/146.0.0.0 Safari/537.36','2026-04-04 05:34:09','2026-04-04 05:34:09'),
(377,24,'updated','Product updated',4,'{\"name\":{\"old\":\"Hilal 2000C\",\"new\":\"Pro max 4\"},\"description\":{\"old\":\"1X41\\r\\n1X42\\r\\n3X43\\r\\n4X44\\r\\n3X45\",\"new\":null},\"cost_price\":{\"old\":\"21.00\",\"new\":\"25\"},\"selling_price\":{\"old\":\"30.00\",\"new\":\"35\"},\"image\":{\"old\":\"products\\/1768637777_rseRpiF272.jpeg\",\"new\":\"products\\/1775291649_bn8NPkrvHA.jpg\"}}','31.223.84.115','Mozilla/5.0 (X11; Linux x86_64) AppleWebKit/537.36 (KHTML, like Gecko) Chrome/146.0.0.0 Safari/537.36','2026-04-04 05:34:09','2026-04-04 05:34:09'),
(378,24,'stock_added','Added 6 units - Manual adjustment',4,'{\"quantity\":6,\"reason\":\"Manual adjustment\",\"previous_stock\":0,\"new_stock\":6,\"notes\":null}','31.223.84.115','Mozilla/5.0 (X11; Linux x86_64) AppleWebKit/537.36 (KHTML, like Gecko) Chrome/146.0.0.0 Safari/537.36','2026-04-04 05:35:11','2026-04-04 05:35:11'),
(379,23,'price_changed','Product pricing updated',4,'{\"old_prices\":{\"cost_price\":\"21.00\",\"selling_price\":\"30.00\",\"discount_price\":null},\"new_prices\":{\"cost_price\":\"25.00\",\"selling_price\":\"35.00\",\"discount_price\":null}}','31.223.84.115','Mozilla/5.0 (X11; Linux x86_64) AppleWebKit/537.36 (KHTML, like Gecko) Chrome/146.0.0.0 Safari/537.36','2026-04-04 05:36:20','2026-04-04 05:36:20'),
(380,23,'updated','Product updated',4,'{\"name\":{\"old\":\"HS-AB\",\"new\":\"Pro max 5\"},\"description\":{\"old\":\"2X42\\r\\n5X43\\r\\n2X44\\r\\n3X45\",\"new\":null},\"cost_price\":{\"old\":\"21.00\",\"new\":\"25\"},\"selling_price\":{\"old\":\"30.00\",\"new\":\"35\"},\"image\":{\"old\":\"products\\/1768660352_k4sHDFpEor.jpeg\",\"new\":\"products\\/1775291780_A8l2Sv1m2n.jpg\"}}','31.223.84.115','Mozilla/5.0 (X11; Linux x86_64) AppleWebKit/537.36 (KHTML, like Gecko) Chrome/146.0.0.0 Safari/537.36','2026-04-04 05:36:20','2026-04-04 05:36:20'),
(381,23,'stock_added','Added 8 units - Manual adjustment',4,'{\"quantity\":8,\"reason\":\"Manual adjustment\",\"previous_stock\":0,\"new_stock\":8,\"notes\":null}','31.223.84.115','Mozilla/5.0 (X11; Linux x86_64) AppleWebKit/537.36 (KHTML, like Gecko) Chrome/146.0.0.0 Safari/537.36','2026-04-04 05:37:09','2026-04-04 05:37:09'),
(382,20,'price_changed','Product pricing updated',4,'{\"old_prices\":{\"cost_price\":\"23.00\",\"selling_price\":\"30.00\",\"discount_price\":null},\"new_prices\":{\"cost_price\":\"25.00\",\"selling_price\":\"35.00\",\"discount_price\":null}}','31.223.84.115','Mozilla/5.0 (X11; Linux x86_64) AppleWebKit/537.36 (KHTML, like Gecko) Chrome/146.0.0.0 Safari/537.36','2026-04-04 05:38:37','2026-04-04 05:38:37'),
(383,20,'updated','Product updated',4,'{\"name\":{\"old\":\"HS\",\"new\":\"Pro max 6\"},\"description\":{\"old\":\"10X41  15X42  15X43  5X44  5X45\\r\\n\\r\\nMikro Taban\",\"new\":null},\"cost_price\":{\"old\":\"23.00\",\"new\":\"25\"},\"selling_price\":{\"old\":\"30.00\",\"new\":\"35\"},\"is_active\":{\"old\":false,\"new\":true},\"image\":{\"old\":\"products\\/1768662519_HIGTNHo3RS.jpeg\",\"new\":\"products\\/1775291917_Qcf1fstUIs.jpg\"}}','31.223.84.115','Mozilla/5.0 (X11; Linux x86_64) AppleWebKit/537.36 (KHTML, like Gecko) Chrome/146.0.0.0 Safari/537.36','2026-04-04 05:38:37','2026-04-04 05:38:37'),
(384,20,'status_changed','Product deactivated',4,'{\"old_status\":true,\"new_status\":false}','31.223.84.115','Mozilla/5.0 (X11; Linux x86_64) AppleWebKit/537.36 (KHTML, like Gecko) Chrome/146.0.0.0 Safari/537.36','2026-04-04 05:38:41','2026-04-04 05:38:41'),
(385,20,'status_changed','Product activated',4,'{\"old_status\":false,\"new_status\":true}','31.223.84.115','Mozilla/5.0 (X11; Linux x86_64) AppleWebKit/537.36 (KHTML, like Gecko) Chrome/146.0.0.0 Safari/537.36','2026-04-04 05:38:46','2026-04-04 05:38:46'),
(386,20,'stock_added','Added 9 units - Manual adjustment',4,'{\"quantity\":9,\"reason\":\"Manual adjustment\",\"previous_stock\":1,\"new_stock\":10,\"notes\":null}','31.223.84.115','Mozilla/5.0 (X11; Linux x86_64) AppleWebKit/537.36 (KHTML, like Gecko) Chrome/146.0.0.0 Safari/537.36','2026-04-04 05:40:07','2026-04-04 05:40:07'),
(387,17,'price_changed','Product pricing updated',4,'{\"old_prices\":{\"cost_price\":\"21.00\",\"selling_price\":\"30.00\",\"discount_price\":null},\"new_prices\":{\"cost_price\":\"25.00\",\"selling_price\":\"35.00\",\"discount_price\":null}}','31.223.84.115','Mozilla/5.0 (X11; Linux x86_64) AppleWebKit/537.36 (KHTML, like Gecko) Chrome/146.0.0.0 Safari/537.36','2026-04-04 05:43:40','2026-04-04 05:43:40'),
(388,17,'updated','Product updated',4,'{\"name\":{\"old\":\"FB2-T\",\"new\":\"Pro max 7\"},\"description\":{\"old\":\"2X41\\r\\n1X42\\r\\n2X43\\r\\n2X44\\r\\n2X45\",\"new\":null},\"cost_price\":{\"old\":\"21.00\",\"new\":\"25\"},\"selling_price\":{\"old\":\"30.00\",\"new\":\"35\"}}','31.223.84.115','Mozilla/5.0 (X11; Linux x86_64) AppleWebKit/537.36 (KHTML, like Gecko) Chrome/146.0.0.0 Safari/537.36','2026-04-04 05:43:40','2026-04-04 05:43:40'),
(389,17,'stock_added','Added 13 units - Manual adjustment',4,'{\"quantity\":13,\"reason\":\"Manual adjustment\",\"previous_stock\":0,\"new_stock\":13,\"notes\":null}','31.223.84.115','Mozilla/5.0 (X11; Linux x86_64) AppleWebKit/537.36 (KHTML, like Gecko) Chrome/146.0.0.0 Safari/537.36','2026-04-04 05:46:25','2026-04-04 05:46:25'),
(390,17,'updated','Product updated',4,'{\"image\":{\"old\":\"products\\/1768660585_Ms3ABsaHic.jpeg\",\"new\":\"products\\/1775292503_DeqthJKpgF.jpg\"}}','31.223.84.115','Mozilla/5.0 (X11; Linux x86_64) AppleWebKit/537.36 (KHTML, like Gecko) Chrome/146.0.0.0 Safari/537.36','2026-04-04 05:48:23','2026-04-04 05:48:23'),
(391,16,'price_changed','Product pricing updated',4,'{\"old_prices\":{\"cost_price\":\"21.00\",\"selling_price\":\"30.00\",\"discount_price\":null},\"new_prices\":{\"cost_price\":\"25.00\",\"selling_price\":\"35.00\",\"discount_price\":null}}','31.223.84.115','Mozilla/5.0 (X11; Linux x86_64) AppleWebKit/537.36 (KHTML, like Gecko) Chrome/146.0.0.0 Safari/537.36','2026-04-04 05:50:00','2026-04-04 05:50:00'),
(392,16,'updated','Product updated',4,'{\"name\":{\"old\":\"FB10-T\",\"new\":\"Pro max 8\"},\"description\":{\"old\":\"1X41\\r\\n1X42\\r\\n3X43\\r\\n2X44\\r\\n3X45\",\"new\":null},\"cost_price\":{\"old\":\"21.00\",\"new\":\"25\"},\"selling_price\":{\"old\":\"30.00\",\"new\":\"35\"},\"image\":{\"old\":\"products\\/1768660418_2aSx1540z4.jpeg\",\"new\":\"products\\/1775292600_1MpCDfLS5c.jpg\"}}','31.223.84.115','Mozilla/5.0 (X11; Linux x86_64) AppleWebKit/537.36 (KHTML, like Gecko) Chrome/146.0.0.0 Safari/537.36','2026-04-04 05:50:00','2026-04-04 05:50:00'),
(393,16,'stock_added','Added 7 units - Manual adjustment',4,'{\"quantity\":7,\"reason\":\"Manual adjustment\",\"previous_stock\":0,\"new_stock\":7,\"notes\":null}','31.223.84.115','Mozilla/5.0 (X11; Linux x86_64) AppleWebKit/537.36 (KHTML, like Gecko) Chrome/146.0.0.0 Safari/537.36','2026-04-04 05:51:14','2026-04-04 05:51:14'),
(394,15,'price_changed','Product pricing updated',4,'{\"old_prices\":{\"cost_price\":\"21.00\",\"selling_price\":\"30.00\",\"discount_price\":null},\"new_prices\":{\"cost_price\":\"25.00\",\"selling_price\":\"35.00\",\"discount_price\":null}}','31.223.84.115','Mozilla/5.0 (X11; Linux x86_64) AppleWebKit/537.36 (KHTML, like Gecko) Chrome/146.0.0.0 Safari/537.36','2026-04-04 05:54:02','2026-04-04 05:54:02'),
(395,15,'updated','Product updated',4,'{\"name\":{\"old\":\"H-FB15-S\",\"new\":\"Pro max 9\"},\"description\":{\"old\":\"2X41\\r\\n5X42\\r\\n7X43\\r\\n6X44\\r\\n1X45\",\"new\":null},\"cost_price\":{\"old\":\"21.00\",\"new\":\"25\"},\"selling_price\":{\"old\":\"30.00\",\"new\":\"35\"},\"image\":{\"old\":\"products\\/1768660385_KTW4x1O5BH.jpeg\",\"new\":\"products\\/1775292842_HZvO8NMg15.jpg\"}}','31.223.84.115','Mozilla/5.0 (X11; Linux x86_64) AppleWebKit/537.36 (KHTML, like Gecko) Chrome/146.0.0.0 Safari/537.36','2026-04-04 05:54:02','2026-04-04 05:54:02'),
(396,15,'stock_added','Added 2 units - Manual adjustment',4,'{\"quantity\":2,\"reason\":\"Manual adjustment\",\"previous_stock\":0,\"new_stock\":2,\"notes\":null}','31.223.84.115','Mozilla/5.0 (X11; Linux x86_64) AppleWebKit/537.36 (KHTML, like Gecko) Chrome/146.0.0.0 Safari/537.36','2026-04-04 06:06:22','2026-04-04 06:06:22'),
(397,25,'stock_added','Added 8 units - Restock - New shipment',4,'{\"quantity\":8,\"reason\":\"Restock - New shipment\",\"previous_stock\":9,\"new_stock\":17,\"notes\":null}','31.223.84.115','Mozilla/5.0 (X11; Linux x86_64) AppleWebKit/537.36 (KHTML, like Gecko) Chrome/146.0.0.0 Safari/537.36','2026-04-04 06:09:29','2026-04-04 06:09:29'),
(398,16,'stock_removed','Removed 1 units - Sale',9,'{\"quantity\":1,\"reason\":\"Sale\",\"previous_stock\":7,\"new_stock\":6,\"sale_id\":123,\"sale_number\":\"HIL-0246\"}','31.223.84.115','Mozilla/5.0 (iPhone; CPU iPhone OS 18_7 like Mac OS X) AppleWebKit/605.1.15 (KHTML, like Gecko) Version/26.3 Mobile/15E148 Safari/604.1','2026-04-04 13:34:52','2026-04-04 13:34:52'),
(399,20,'stock_removed','Removed 1 units - Sale',9,'{\"quantity\":1,\"reason\":\"Sale\",\"previous_stock\":10,\"new_stock\":9,\"sale_id\":124,\"sale_number\":\"HIL-0247\"}','31.223.84.115','Mozilla/5.0 (iPhone; CPU iPhone OS 18_7 like Mac OS X) AppleWebKit/605.1.15 (KHTML, like Gecko) Version/26.3 Mobile/15E148 Safari/604.1','2026-04-07 12:22:16','2026-04-07 12:22:16'),
(400,27,'stock_removed','Removed 1 units - Sale',9,'{\"quantity\":1,\"reason\":\"Sale\",\"previous_stock\":8,\"new_stock\":7,\"sale_id\":124,\"sale_number\":\"HIL-0247\"}','31.223.84.115','Mozilla/5.0 (iPhone; CPU iPhone OS 18_7 like Mac OS X) AppleWebKit/605.1.15 (KHTML, like Gecko) Version/26.3 Mobile/15E148 Safari/604.1','2026-04-07 12:22:16','2026-04-07 12:22:16'),
(401,14,'price_changed','Product pricing updated',4,'{\"old_prices\":{\"cost_price\":\"21.00\",\"selling_price\":\"30.00\",\"discount_price\":null},\"new_prices\":{\"cost_price\":\"25.00\",\"selling_price\":\"35.00\",\"discount_price\":null}}','31.223.84.115','Mozilla/5.0 (X11; Linux x86_64) AppleWebKit/537.36 (KHTML, like Gecko) Chrome/146.0.0.0 Safari/537.36','2026-04-08 12:05:37','2026-04-08 12:05:37'),
(402,14,'updated','Product updated',4,'{\"name\":{\"old\":\"H-2000G\",\"new\":\"Pro max 10\"},\"description\":{\"old\":\"2X41\\r\\n3X42\\r\\n3X43\\r\\n2X44\\r\\n3X45\",\"new\":null},\"cost_price\":{\"old\":\"21.00\",\"new\":\"25\"},\"selling_price\":{\"old\":\"30.00\",\"new\":\"35\"},\"image\":{\"old\":\"products\\/1768661116_UsRhCUuLt4.jpeg\",\"new\":\"products\\/1775660736_Gjp2oyysEA.jpg\"}}','31.223.84.115','Mozilla/5.0 (X11; Linux x86_64) AppleWebKit/537.36 (KHTML, like Gecko) Chrome/146.0.0.0 Safari/537.36','2026-04-08 12:05:37','2026-04-08 12:05:37'),
(403,14,'stock_added','Added 50 units - Manual adjustment',4,'{\"quantity\":50,\"reason\":\"Manual adjustment\",\"previous_stock\":0,\"new_stock\":50,\"notes\":null}','31.223.84.115','Mozilla/5.0 (X11; Linux x86_64) AppleWebKit/537.36 (KHTML, like Gecko) Chrome/146.0.0.0 Safari/537.36','2026-04-08 12:05:52','2026-04-08 12:05:52'),
(404,13,'price_changed','Product pricing updated',4,'{\"old_prices\":{\"cost_price\":\"23.00\",\"selling_price\":\"30.00\",\"discount_price\":null},\"new_prices\":{\"cost_price\":\"25.00\",\"selling_price\":\"35.00\",\"discount_price\":null}}','31.223.84.115','Mozilla/5.0 (X11; Linux x86_64) AppleWebKit/537.36 (KHTML, like Gecko) Chrome/146.0.0.0 Safari/537.36','2026-04-08 12:08:19','2026-04-08 12:08:19'),
(405,13,'updated','Product updated',4,'{\"name\":{\"old\":\"HS\",\"new\":\"Pro max 11\"},\"description\":{\"old\":\"3X41  4X42  6X43  4X44  3X45\\r\\n\\r\\nMikro Taban\",\"new\":null},\"cost_price\":{\"old\":\"23.00\",\"new\":\"25\"},\"selling_price\":{\"old\":\"30.00\",\"new\":\"35\"},\"image\":{\"old\":\"products\\/1768661002_zzcBNHQe5s.jpeg\",\"new\":\"products\\/1775660899_Umx96oaqmo.jpg\"}}','31.223.84.115','Mozilla/5.0 (X11; Linux x86_64) AppleWebKit/537.36 (KHTML, like Gecko) Chrome/146.0.0.0 Safari/537.36','2026-04-08 12:08:19','2026-04-08 12:08:19'),
(406,13,'stock_added','Added 30 units - Manual adjustment',4,'{\"quantity\":30,\"reason\":\"Manual adjustment\",\"previous_stock\":0,\"new_stock\":30,\"notes\":null}','31.223.84.115','Mozilla/5.0 (X11; Linux x86_64) AppleWebKit/537.36 (KHTML, like Gecko) Chrome/146.0.0.0 Safari/537.36','2026-04-08 12:08:40','2026-04-08 12:08:40'),
(407,13,'stock_removed','Removed 4 units - Sale',9,'{\"quantity\":4,\"reason\":\"Sale\",\"previous_stock\":30,\"new_stock\":26,\"sale_id\":125,\"sale_number\":\"HIL-0248\"}','31.223.84.115','Mozilla/5.0 (iPhone; CPU iPhone OS 18_7 like Mac OS X) AppleWebKit/605.1.15 (KHTML, like Gecko) Version/26.3 Mobile/15E148 Safari/604.1','2026-04-08 12:11:45','2026-04-08 12:11:45'),
(408,14,'stock_removed','Removed 4 units - Sale',9,'{\"quantity\":4,\"reason\":\"Sale\",\"previous_stock\":50,\"new_stock\":46,\"sale_id\":125,\"sale_number\":\"HIL-0248\"}','31.223.84.115','Mozilla/5.0 (iPhone; CPU iPhone OS 18_7 like Mac OS X) AppleWebKit/605.1.15 (KHTML, like Gecko) Version/26.3 Mobile/15E148 Safari/604.1','2026-04-08 12:11:45','2026-04-08 12:11:45'),
(409,17,'stock_removed','Removed 5 units - Sale',9,'{\"quantity\":5,\"reason\":\"Sale\",\"previous_stock\":13,\"new_stock\":8,\"sale_id\":125,\"sale_number\":\"HIL-0248\"}','31.223.84.115','Mozilla/5.0 (iPhone; CPU iPhone OS 18_7 like Mac OS X) AppleWebKit/605.1.15 (KHTML, like Gecko) Version/26.3 Mobile/15E148 Safari/604.1','2026-04-08 12:11:45','2026-04-08 12:11:45'),
(410,20,'stock_removed','Removed 5 units - Sale',9,'{\"quantity\":5,\"reason\":\"Sale\",\"previous_stock\":9,\"new_stock\":4,\"sale_id\":125,\"sale_number\":\"HIL-0248\"}','31.223.84.115','Mozilla/5.0 (iPhone; CPU iPhone OS 18_7 like Mac OS X) AppleWebKit/605.1.15 (KHTML, like Gecko) Version/26.3 Mobile/15E148 Safari/604.1','2026-04-08 12:11:45','2026-04-08 12:11:45'),
(411,24,'stock_removed','Removed 4 units - Sale',9,'{\"quantity\":4,\"reason\":\"Sale\",\"previous_stock\":6,\"new_stock\":2,\"sale_id\":125,\"sale_number\":\"HIL-0248\"}','31.223.84.115','Mozilla/5.0 (iPhone; CPU iPhone OS 18_7 like Mac OS X) AppleWebKit/605.1.15 (KHTML, like Gecko) Version/26.3 Mobile/15E148 Safari/604.1','2026-04-08 12:11:45','2026-04-08 12:11:45'),
(412,26,'stock_removed','Removed 3 units - Sale',9,'{\"quantity\":3,\"reason\":\"Sale\",\"previous_stock\":12,\"new_stock\":9,\"sale_id\":125,\"sale_number\":\"HIL-0248\"}','31.223.84.115','Mozilla/5.0 (iPhone; CPU iPhone OS 18_7 like Mac OS X) AppleWebKit/605.1.15 (KHTML, like Gecko) Version/26.3 Mobile/15E148 Safari/604.1','2026-04-08 12:11:45','2026-04-08 12:11:45'),
(413,28,'stock_removed','Removed 5 units - Sale',9,'{\"quantity\":5,\"reason\":\"Sale\",\"previous_stock\":15,\"new_stock\":10,\"sale_id\":125,\"sale_number\":\"HIL-0248\"}','31.223.84.115','Mozilla/5.0 (iPhone; CPU iPhone OS 18_7 like Mac OS X) AppleWebKit/605.1.15 (KHTML, like Gecko) Version/26.3 Mobile/15E148 Safari/604.1','2026-04-08 12:11:45','2026-04-08 12:11:45'),
(414,13,'stock_removed','Removed 1 units - Sale',9,'{\"quantity\":1,\"reason\":\"Sale\",\"previous_stock\":26,\"new_stock\":25,\"sale_id\":126,\"sale_number\":\"HIL-0249\"}','31.223.84.115','Mozilla/5.0 (iPhone; CPU iPhone OS 18_7 like Mac OS X) AppleWebKit/605.1.15 (KHTML, like Gecko) Version/26.3 Mobile/15E148 Safari/604.1','2026-04-09 09:17:50','2026-04-09 09:17:50'),
(415,14,'stock_removed','Removed 1 units - Sale',9,'{\"quantity\":1,\"reason\":\"Sale\",\"previous_stock\":46,\"new_stock\":45,\"sale_id\":126,\"sale_number\":\"HIL-0249\"}','31.223.84.115','Mozilla/5.0 (iPhone; CPU iPhone OS 18_7 like Mac OS X) AppleWebKit/605.1.15 (KHTML, like Gecko) Version/26.3 Mobile/15E148 Safari/604.1','2026-04-09 09:17:50','2026-04-09 09:17:50'),
(416,17,'stock_removed','Removed 1 units - Sale',9,'{\"quantity\":1,\"reason\":\"Sale\",\"previous_stock\":8,\"new_stock\":7,\"sale_id\":126,\"sale_number\":\"HIL-0249\"}','31.223.84.115','Mozilla/5.0 (iPhone; CPU iPhone OS 18_7 like Mac OS X) AppleWebKit/605.1.15 (KHTML, like Gecko) Version/26.3 Mobile/15E148 Safari/604.1','2026-04-09 09:17:50','2026-04-09 09:17:50'),
(417,23,'stock_removed','Removed 1 units - Sale',9,'{\"quantity\":1,\"reason\":\"Sale\",\"previous_stock\":8,\"new_stock\":7,\"sale_id\":126,\"sale_number\":\"HIL-0249\"}','31.223.84.115','Mozilla/5.0 (iPhone; CPU iPhone OS 18_7 like Mac OS X) AppleWebKit/605.1.15 (KHTML, like Gecko) Version/26.3 Mobile/15E148 Safari/604.1','2026-04-09 09:17:50','2026-04-09 09:17:50'),
(418,24,'stock_removed','Removed 1 units - Sale',9,'{\"quantity\":1,\"reason\":\"Sale\",\"previous_stock\":2,\"new_stock\":1,\"sale_id\":126,\"sale_number\":\"HIL-0249\"}','31.223.84.115','Mozilla/5.0 (iPhone; CPU iPhone OS 18_7 like Mac OS X) AppleWebKit/605.1.15 (KHTML, like Gecko) Version/26.3 Mobile/15E148 Safari/604.1','2026-04-09 09:17:50','2026-04-09 09:17:50'),
(419,25,'stock_removed','Removed 1 units - Sale',9,'{\"quantity\":1,\"reason\":\"Sale\",\"previous_stock\":17,\"new_stock\":16,\"sale_id\":126,\"sale_number\":\"HIL-0249\"}','31.223.84.115','Mozilla/5.0 (iPhone; CPU iPhone OS 18_7 like Mac OS X) AppleWebKit/605.1.15 (KHTML, like Gecko) Version/26.3 Mobile/15E148 Safari/604.1','2026-04-09 09:17:50','2026-04-09 09:17:50'),
(420,14,'stock_removed','Removed 1 units - Sale',9,'{\"quantity\":1,\"reason\":\"Sale\",\"previous_stock\":45,\"new_stock\":44,\"sale_id\":127,\"sale_number\":\"HIL-0250\"}','31.223.84.115','Mozilla/5.0 (iPhone; CPU iPhone OS 18_7 like Mac OS X) AppleWebKit/605.1.15 (KHTML, like Gecko) Version/26.3 Mobile/15E148 Safari/604.1','2026-04-09 09:18:47','2026-04-09 09:18:47'),
(421,25,'stock_removed','Removed 1 units - Sale',9,'{\"quantity\":1,\"reason\":\"Sale\",\"previous_stock\":16,\"new_stock\":15,\"sale_id\":127,\"sale_number\":\"HIL-0250\"}','31.223.84.115','Mozilla/5.0 (iPhone; CPU iPhone OS 18_7 like Mac OS X) AppleWebKit/605.1.15 (KHTML, like Gecko) Version/26.3 Mobile/15E148 Safari/604.1','2026-04-09 09:18:47','2026-04-09 09:18:47'),
(422,28,'stock_removed','Removed 1 units - Sale',9,'{\"quantity\":1,\"reason\":\"Sale\",\"previous_stock\":10,\"new_stock\":9,\"sale_id\":127,\"sale_number\":\"HIL-0250\"}','31.223.84.115','Mozilla/5.0 (iPhone; CPU iPhone OS 18_7 like Mac OS X) AppleWebKit/605.1.15 (KHTML, like Gecko) Version/26.3 Mobile/15E148 Safari/604.1','2026-04-09 09:18:47','2026-04-09 09:18:47'),
(423,25,'stock_removed','Removed 1 units - Sale',9,'{\"quantity\":1,\"reason\":\"Sale\",\"previous_stock\":15,\"new_stock\":14,\"sale_id\":128,\"sale_number\":\"HIL-0251\"}','31.223.84.115','Mozilla/5.0 (iPhone; CPU iPhone OS 18_7 like Mac OS X) AppleWebKit/605.1.15 (KHTML, like Gecko) Version/26.3 Mobile/15E148 Safari/604.1','2026-04-09 10:44:50','2026-04-09 10:44:50'),
(424,27,'stock_removed','Removed 1 units - Sale',9,'{\"quantity\":1,\"reason\":\"Sale\",\"previous_stock\":7,\"new_stock\":6,\"sale_id\":128,\"sale_number\":\"HIL-0251\"}','31.223.84.115','Mozilla/5.0 (iPhone; CPU iPhone OS 18_7 like Mac OS X) AppleWebKit/605.1.15 (KHTML, like Gecko) Version/26.3 Mobile/15E148 Safari/604.1','2026-04-09 10:44:50','2026-04-09 10:44:50'),
(425,28,'stock_removed','Removed 1 units - Sale',9,'{\"quantity\":1,\"reason\":\"Sale\",\"previous_stock\":9,\"new_stock\":8,\"sale_id\":128,\"sale_number\":\"HIL-0251\"}','31.223.84.115','Mozilla/5.0 (iPhone; CPU iPhone OS 18_7 like Mac OS X) AppleWebKit/605.1.15 (KHTML, like Gecko) Version/26.3 Mobile/15E148 Safari/604.1','2026-04-09 10:44:50','2026-04-09 10:44:50'),
(426,17,'stock_removed','Removed 1 units - Sale',9,'{\"quantity\":1,\"reason\":\"Sale\",\"previous_stock\":7,\"new_stock\":6,\"sale_id\":129,\"sale_number\":\"HIL-0252\"}','31.223.84.115','Mozilla/5.0 (iPhone; CPU iPhone OS 18_7 like Mac OS X) AppleWebKit/605.1.15 (KHTML, like Gecko) Version/26.3 Mobile/15E148 Safari/604.1','2026-04-11 10:31:47','2026-04-11 10:31:47'),
(427,23,'stock_removed','Removed 1 units - Sale',9,'{\"quantity\":1,\"reason\":\"Sale\",\"previous_stock\":7,\"new_stock\":6,\"sale_id\":129,\"sale_number\":\"HIL-0252\"}','31.223.84.115','Mozilla/5.0 (iPhone; CPU iPhone OS 18_7 like Mac OS X) AppleWebKit/605.1.15 (KHTML, like Gecko) Version/26.3 Mobile/15E148 Safari/604.1','2026-04-11 10:31:47','2026-04-11 10:31:47'),
(428,27,'stock_removed','Removed 1 units - Sale',9,'{\"quantity\":1,\"reason\":\"Sale\",\"previous_stock\":6,\"new_stock\":5,\"sale_id\":129,\"sale_number\":\"HIL-0252\"}','31.223.84.115','Mozilla/5.0 (iPhone; CPU iPhone OS 18_7 like Mac OS X) AppleWebKit/605.1.15 (KHTML, like Gecko) Version/26.3 Mobile/15E148 Safari/604.1','2026-04-11 10:31:47','2026-04-11 10:31:47'),
(429,17,'stock_removed','Removed 1 units - Sale',9,'{\"quantity\":1,\"reason\":\"Sale\",\"previous_stock\":6,\"new_stock\":5,\"sale_id\":130,\"sale_number\":\"HIL-0253\"}','31.223.84.115','Mozilla/5.0 (iPhone; CPU iPhone OS 18_7 like Mac OS X) AppleWebKit/605.1.15 (KHTML, like Gecko) Version/26.3 Mobile/15E148 Safari/604.1','2026-04-11 10:33:01','2026-04-11 10:33:01'),
(430,27,'stock_removed','Removed 2 units - Sale',9,'{\"quantity\":2,\"reason\":\"Sale\",\"previous_stock\":5,\"new_stock\":3,\"sale_id\":130,\"sale_number\":\"HIL-0253\"}','31.223.84.115','Mozilla/5.0 (iPhone; CPU iPhone OS 18_7 like Mac OS X) AppleWebKit/605.1.15 (KHTML, like Gecko) Version/26.3 Mobile/15E148 Safari/604.1','2026-04-11 10:33:01','2026-04-11 10:33:01'),
(431,17,'stock_removed','Removed 1 units - Sale',9,'{\"quantity\":1,\"reason\":\"Sale\",\"previous_stock\":5,\"new_stock\":4,\"sale_id\":131,\"sale_number\":\"HIL-0254\"}','31.223.26.191','Mozilla/5.0 (iPhone; CPU iPhone OS 18_7 like Mac OS X) AppleWebKit/605.1.15 (KHTML, like Gecko) Version/26.3 Mobile/15E148 Safari/604.1','2026-04-14 10:56:02','2026-04-14 10:56:02'),
(432,23,'stock_removed','Removed 1 units - Sale',9,'{\"quantity\":1,\"reason\":\"Sale\",\"previous_stock\":6,\"new_stock\":5,\"sale_id\":131,\"sale_number\":\"HIL-0254\"}','31.223.26.191','Mozilla/5.0 (iPhone; CPU iPhone OS 18_7 like Mac OS X) AppleWebKit/605.1.15 (KHTML, like Gecko) Version/26.3 Mobile/15E148 Safari/604.1','2026-04-14 10:56:02','2026-04-14 10:56:02'),
(433,28,'stock_removed','Removed 1 units - Sale',9,'{\"quantity\":1,\"reason\":\"Sale\",\"previous_stock\":8,\"new_stock\":7,\"sale_id\":131,\"sale_number\":\"HIL-0254\"}','31.223.26.191','Mozilla/5.0 (iPhone; CPU iPhone OS 18_7 like Mac OS X) AppleWebKit/605.1.15 (KHTML, like Gecko) Version/26.3 Mobile/15E148 Safari/604.1','2026-04-14 10:56:03','2026-04-14 10:56:03'),
(434,17,'stock_removed','Removed 1 units - Sale',9,'{\"quantity\":1,\"reason\":\"Sale\",\"previous_stock\":4,\"new_stock\":3,\"sale_id\":132,\"sale_number\":\"HIL-0255\"}','31.223.26.191','Mozilla/5.0 (iPhone; CPU iPhone OS 18_7 like Mac OS X) AppleWebKit/605.1.15 (KHTML, like Gecko) Version/26.3 Mobile/15E148 Safari/604.1','2026-04-15 13:11:26','2026-04-15 13:11:26'),
(435,24,'stock_removed','Removed 1 units - Sale',9,'{\"quantity\":1,\"reason\":\"Sale\",\"previous_stock\":1,\"new_stock\":0,\"sale_id\":132,\"sale_number\":\"HIL-0255\"}','31.223.26.191','Mozilla/5.0 (iPhone; CPU iPhone OS 18_7 like Mac OS X) AppleWebKit/605.1.15 (KHTML, like Gecko) Version/26.3 Mobile/15E148 Safari/604.1','2026-04-15 13:11:26','2026-04-15 13:11:26'),
(436,16,'stock_removed','Removed 1 units - Sale',4,'{\"quantity\":1,\"reason\":\"Sale\",\"previous_stock\":6,\"new_stock\":5,\"sale_id\":133,\"sale_number\":\"HIL-0256\"}','149.140.120.121','Mozilla/5.0 (X11; Linux x86_64) AppleWebKit/537.36 (KHTML, like Gecko) Chrome/147.0.0.0 Safari/537.36','2026-04-16 16:21:42','2026-04-16 16:21:42'),
(437,15,'stock_removed','Removed 1 units - Sale',4,'{\"quantity\":1,\"reason\":\"Sale\",\"previous_stock\":2,\"new_stock\":1,\"sale_id\":133,\"sale_number\":\"HIL-0256\"}','149.140.120.121','Mozilla/5.0 (X11; Linux x86_64) AppleWebKit/537.36 (KHTML, like Gecko) Chrome/147.0.0.0 Safari/537.36','2026-04-16 16:21:42','2026-04-16 16:21:42'),
(438,26,'stock_removed','Removed 1 units - Sale',9,'{\"quantity\":1,\"reason\":\"Sale\",\"previous_stock\":9,\"new_stock\":8,\"sale_id\":134,\"sale_number\":\"HIL-0257\"}','31.223.3.177','Mozilla/5.0 (iPhone; CPU iPhone OS 18_7 like Mac OS X) AppleWebKit/605.1.15 (KHTML, like Gecko) Version/26.3 Mobile/15E148 Safari/604.1','2026-04-17 10:11:59','2026-04-17 10:11:59');

--
-- Table structure for table `product_inventories`
--

CREATE TABLE `product_inventories` (
  `id` bigint(20) unsigned NOT NULL AUTO_INCREMENT,
  `product_id` bigint(20) unsigned NOT NULL,
  `current_stock` int(11) NOT NULL DEFAULT 0,
  `reserved_stock` int(11) NOT NULL DEFAULT 0,
  `available_stock` int(11) NOT NULL DEFAULT 0,
  `last_stock_update` timestamp NULL DEFAULT NULL,
  `last_updated_by` bigint(20) unsigned DEFAULT NULL,
  `created_at` timestamp NULL DEFAULT NULL,
  `updated_at` timestamp NULL DEFAULT NULL,
  PRIMARY KEY (`id`),
  KEY `product_inventories_last_updated_by_foreign` (`last_updated_by`),
  KEY `product_inventories_product_id_index` (`product_id`),
  KEY `product_inventories_available_stock_index` (`available_stock`),
  CONSTRAINT `product_inventories_last_updated_by_foreign` FOREIGN KEY (`last_updated_by`) REFERENCES `users` (`id`),
  CONSTRAINT `product_inventories_product_id_foreign` FOREIGN KEY (`product_id`) REFERENCES `products` (`id`) ON DELETE CASCADE
) ENGINE=InnoDB AUTO_INCREMENT=29 DEFAULT CHARSET=utf8mb4 COLLATE=utf8mb4_unicode_ci;

--
-- Dumping data for table `product_inventories`
--

INSERT INTO `product_inventories` VALUES
(1,1,500,0,500,'2026-01-01 11:58:17',4,'2026-01-01 11:58:17','2026-01-01 11:58:17'),
(2,2,20,0,20,'2026-01-07 04:04:32',4,'2026-01-07 04:04:32','2026-01-07 04:04:32'),
(3,3,15,0,15,'2026-01-24 07:24:26',4,'2026-01-08 05:07:14','2026-01-24 07:24:26'),
(4,4,18,0,18,'2026-01-24 07:23:32',4,'2026-01-08 05:10:32','2026-01-24 07:23:32'),
(5,5,0,0,0,'2026-02-20 16:05:52',4,'2026-01-08 05:12:26','2026-02-20 16:05:52'),
(6,6,0,0,0,'2026-02-20 16:05:52',4,'2026-01-08 05:13:25','2026-02-20 16:05:52'),
(7,7,14,0,14,'2026-01-24 07:25:34',4,'2026-01-08 05:14:31','2026-01-24 07:25:34'),
(8,8,20,0,20,'2026-01-08 05:15:52',4,'2026-01-08 05:15:52','2026-01-08 05:15:52'),
(9,9,0,0,0,'2026-02-17 04:55:13',10,'2026-01-08 05:17:44','2026-02-17 04:55:13'),
(10,10,0,0,0,'2026-02-20 16:05:52',4,'2026-01-08 05:18:43','2026-02-20 16:05:52'),
(11,11,0,0,0,'2026-02-20 16:05:52',4,'2026-01-08 05:21:03','2026-02-20 16:05:52'),
(12,12,0,0,0,'2026-02-20 16:05:52',4,'2026-01-08 05:21:57','2026-02-20 16:05:52'),
(13,13,25,0,25,'2026-04-09 09:17:50',9,'2026-01-08 05:24:12','2026-04-09 09:17:50'),
(14,14,44,0,44,'2026-04-09 09:18:47',9,'2026-01-08 05:25:05','2026-04-09 09:18:47'),
(15,15,1,0,1,'2026-04-16 16:21:42',4,'2026-01-08 05:26:04','2026-04-16 16:21:42'),
(16,16,5,0,5,'2026-04-16 16:21:42',4,'2026-01-08 05:26:41','2026-04-16 16:21:42'),
(17,17,3,0,3,'2026-04-15 13:11:26',9,'2026-01-08 06:34:31','2026-04-15 13:11:26'),
(18,18,20,0,20,'2026-01-08 06:35:32',4,'2026-01-08 06:35:32','2026-01-08 06:35:32'),
(19,19,1,0,1,'2026-02-09 13:19:54',4,'2026-01-08 06:40:42','2026-02-09 13:19:54'),
(20,20,4,0,4,'2026-04-08 12:11:45',9,'2026-01-08 06:42:21','2026-04-08 12:11:45'),
(21,21,20,0,20,'2026-01-24 07:20:01',4,'2026-01-08 06:45:15','2026-01-24 07:20:01'),
(22,22,15,0,15,'2026-01-24 07:22:27',4,'2026-01-08 06:47:45','2026-01-24 07:22:27'),
(23,23,5,0,5,'2026-04-14 10:56:02',9,'2026-01-08 06:49:51','2026-04-14 10:56:02'),
(24,24,0,0,0,'2026-04-15 13:11:26',9,'2026-01-10 07:44:21','2026-04-15 13:11:26'),
(25,25,14,0,14,'2026-04-09 10:44:49',9,'2026-01-10 07:48:42','2026-04-09 10:44:49'),
(26,26,8,0,8,'2026-04-17 10:11:59',9,'2026-01-10 07:52:38','2026-04-17 10:11:59'),
(27,27,3,0,3,'2026-04-11 10:33:01',9,'2026-01-17 09:47:06','2026-04-11 10:33:01'),
(28,28,7,0,7,'2026-04-14 10:56:03',9,'2026-03-09 07:00:42','2026-04-14 10:56:03');

--
-- Table structure for table `product_variants`
--

CREATE TABLE `product_variants` (
  `id` bigint(20) unsigned NOT NULL AUTO_INCREMENT,
  `product_id` bigint(20) unsigned NOT NULL,
  `name` varchar(255) NOT NULL,
  `value` varchar(255) NOT NULL,
  `sku` varchar(255) NOT NULL,
  `price_adjustment` decimal(8,2) NOT NULL DEFAULT 0.00,
  `stock_quantity` int(11) NOT NULL DEFAULT 0,
  `is_active` tinyint(1) NOT NULL DEFAULT 1,
  `created_at` timestamp NULL DEFAULT NULL,
  `updated_at` timestamp NULL DEFAULT NULL,
  PRIMARY KEY (`id`),
  UNIQUE KEY `product_variants_sku_unique` (`sku`),
  KEY `product_variants_product_id_is_active_index` (`product_id`,`is_active`),
  CONSTRAINT `product_variants_product_id_foreign` FOREIGN KEY (`product_id`) REFERENCES `products` (`id`) ON DELETE CASCADE
) ENGINE=InnoDB DEFAULT CHARSET=utf8mb4 COLLATE=utf8mb4_unicode_ci;

--
-- Dumping data for table `product_variants`
--


--
-- Table structure for table `products`
--

CREATE TABLE `products` (
  `id` bigint(20) unsigned NOT NULL AUTO_INCREMENT,
  `name` varchar(255) NOT NULL,
  `description` text DEFAULT NULL,
  `barcode` varchar(255) DEFAULT NULL,
  `category_id` bigint(20) unsigned NOT NULL,
  `product_type` enum('market','store') NOT NULL,
  `unit` varchar(50) NOT NULL,
  `alert_quantity` int(11) NOT NULL DEFAULT 1,
  `cost_price` decimal(10,2) NOT NULL,
  `selling_price` decimal(10,2) NOT NULL,
  `discount_price` decimal(10,2) DEFAULT NULL,
  `image` varchar(255) DEFAULT NULL,
  `expiry_date` date DEFAULT NULL,
  `is_active` tinyint(1) NOT NULL DEFAULT 1,
  `weight` decimal(8,3) DEFAULT NULL,
  `length` decimal(8,2) DEFAULT NULL,
  `width` decimal(8,2) DEFAULT NULL,
  `height` decimal(8,2) DEFAULT NULL,
  `created_at` timestamp NULL DEFAULT NULL,
  `updated_at` timestamp NULL DEFAULT NULL,
  `deleted_at` timestamp NULL DEFAULT NULL,
  PRIMARY KEY (`id`),
  UNIQUE KEY `products_barcode_unique` (`barcode`),
  KEY `products_product_type_is_active_index` (`product_type`,`is_active`),
  KEY `products_category_id_is_active_index` (`category_id`,`is_active`),
  KEY `products_barcode_index` (`barcode`),
  KEY `products_is_active_index` (`is_active`),
  KEY `products_expiry_date_index` (`expiry_date`),
  KEY `products_product_type_index` (`product_type`),
  CONSTRAINT `products_category_id_foreign` FOREIGN KEY (`category_id`) REFERENCES `categories` (`id`)
) ENGINE=InnoDB AUTO_INCREMENT=29 DEFAULT CHARSET=utf8mb4 COLLATE=utf8mb4_unicode_ci;

--
-- Dumping data for table `products`
--

INSERT INTO `products` VALUES
(1,'H-0014','Tabanı mikrolayit','PRD721626',1,'market','pcs',5,19.00,20.00,NULL,'products/1767280947_KjJYi7L1PX.jpeg',NULL,1,NULL,NULL,NULL,NULL,'2026-01-01 11:58:17','2026-01-08 05:22:24','2026-01-08 05:22:24'),
(2,'Hilal',NULL,'PRD284597',1,'store','pcs',5,19.00,20.00,NULL,'products/1767769471_UrEdUn6ZyF.jpeg',NULL,1,NULL,NULL,NULL,NULL,'2026-01-07 04:04:32','2026-01-08 05:23:25','2026-01-08 05:23:25'),
(3,'HB','3X41  4X42  6X43  4X44  3X45\r\n\r\nMikro Taban','PRD277541',2,'store','pcs',5,19.00,20.00,NULL,'products/1767859633_sGMQpE9ABU.jpeg',NULL,1,NULL,NULL,NULL,NULL,'2026-01-08 05:07:14','2026-02-09 13:22:17','2026-02-09 13:22:17'),
(4,'HB','3X41  4X42  6X43  4X44  3X45\r\n\r\nMikro Taban','PRD192143',2,'store','pcs',5,19.00,20.00,NULL,'products/1767859832_apKGcMAnjY.jpeg',NULL,1,NULL,NULL,NULL,NULL,'2026-01-08 05:10:32','2026-02-09 13:21:29','2026-02-09 13:21:29'),
(5,'H-0033SG','1X43\r\n2X44\r\n1X45','PRD383662',1,'market','pcs',5,21.00,30.00,NULL,'products/1768660548_6HDh9nqn0t.jpeg',NULL,1,NULL,NULL,NULL,NULL,'2026-01-08 05:12:26','2026-02-09 13:09:47',NULL),
(6,'HS-23','3X41\r\n2X42\r\n4X43\r\n4X44\r\n3X45','PRD781734',1,'market','pcs',5,21.00,30.00,NULL,'products/1767860005_XYU4S94J2L.jpeg',NULL,1,NULL,NULL,NULL,NULL,'2026-01-08 05:13:25','2026-02-09 12:46:22',NULL),
(7,'HB','3X41  4X42  6X43  4X44  3X45\r\n\r\nMikro Taban','PRD174648',2,'store','pcs',5,19.00,20.00,NULL,'products/1767860071_GdSrgOOwRj.jpeg',NULL,1,NULL,NULL,NULL,NULL,'2026-01-08 05:14:31','2026-02-09 13:22:35','2026-02-09 13:22:35'),
(8,'HS','3X41  4X42  6X43  4X44  3X45\r\n\r\nMikro Taban','PRD451855',1,'market','pcs',5,23.00,30.00,NULL,'products/1767860152_20BDpRa1bA.jpeg',NULL,1,NULL,NULL,NULL,NULL,'2026-01-08 05:15:52','2026-02-09 12:44:56','2026-02-09 12:44:56'),
(9,'FB1','1X43\r\n1X44\r\n1X45','PRD762687',1,'market','pcs',5,21.00,30.00,NULL,'products/1768660506_7wlkrwU1WR.jpeg',NULL,1,NULL,NULL,NULL,NULL,'2026-01-08 05:17:44','2026-02-09 12:58:14',NULL),
(10,'FB3-S','2X41\r\n4X42\r\n6X43\r\n4X44\r\n3X45','PRD365875',1,'market','pcs',5,21.00,30.00,NULL,'products/1768660204_GMPy70bpwl.jpeg',NULL,1,NULL,NULL,NULL,NULL,'2026-01-08 05:18:43','2026-02-09 12:04:26',NULL),
(11,'FB9-B','4X43\r\n1X45','PRD789000',1,'market','pcs',5,21.00,30.00,NULL,'products/1768660137_10LeXfOIgp.jpeg',NULL,1,NULL,NULL,NULL,NULL,'2026-01-08 05:21:03','2026-02-09 13:12:00',NULL),
(12,'FB10-S 3024','3X41\r\n3X42\r\n4X43\r\n4X44\r\n4X45\r\n1X46','PRD105357',1,'market','pcs',5,21.00,30.00,NULL,'products/1768660459_aoIfh0SFx6.jpeg',NULL,1,NULL,NULL,NULL,NULL,'2026-01-08 05:21:57','2026-02-09 12:02:03',NULL),
(13,'Pro max 11',NULL,'PRD562093',1,'market','pcs',5,25.00,35.00,NULL,'products/1775660899_Umx96oaqmo.jpg',NULL,1,NULL,NULL,NULL,NULL,'2026-01-08 05:24:11','2026-04-08 12:08:19',NULL),
(14,'Pro max 10',NULL,'PRD699966',1,'market','pcs',5,25.00,35.00,NULL,'products/1775660736_Gjp2oyysEA.jpg',NULL,1,NULL,NULL,NULL,NULL,'2026-01-08 05:25:05','2026-04-08 12:05:37',NULL),
(15,'Pro max 9',NULL,'PRD441823',1,'market','pcs',5,25.00,35.00,NULL,'products/1775292842_HZvO8NMg15.jpg',NULL,1,NULL,NULL,NULL,NULL,'2026-01-08 05:26:04','2026-04-04 05:54:02',NULL),
(16,'Pro max 8',NULL,'PRD614598',1,'market','pcs',5,25.00,35.00,NULL,'products/1775292600_1MpCDfLS5c.jpg',NULL,1,NULL,NULL,NULL,NULL,'2026-01-08 05:26:41','2026-04-04 05:50:00',NULL),
(17,'Pro max 7',NULL,'PRD126827',1,'market','pcs',5,25.00,35.00,NULL,'products/1775292503_DeqthJKpgF.jpg',NULL,1,NULL,NULL,NULL,NULL,'2026-01-08 06:34:31','2026-04-04 05:48:23',NULL),
(18,'HS','3X41  4X42  6X43  4X44  3X45\r\n\r\nMikro Taban','PRD200652',1,'market','pcs',5,23.00,30.00,NULL,'products/1767864932_wvdQH6jNor.jpeg',NULL,1,NULL,NULL,NULL,NULL,'2026-01-08 06:35:32','2026-02-09 13:19:36','2026-02-09 13:19:36'),
(19,'HB','10X41   15X42   15X43   5X44   5X45\r\n\r\nMikro Taban','PRD583104',2,'store','pcs',5,19.00,20.00,NULL,'products/1767865241_rogD0NTnpg.jpeg',NULL,1,NULL,NULL,NULL,NULL,'2026-01-08 06:40:41','2026-02-09 13:23:22','2026-02-09 13:23:22'),
(20,'Pro max 6',NULL,'PRD860567',1,'market','pcs',5,25.00,35.00,NULL,'products/1775291917_Qcf1fstUIs.jpg',NULL,1,NULL,NULL,NULL,NULL,'2026-01-08 06:42:21','2026-04-04 05:38:46',NULL),
(21,'HB','6X41   8X42   8X43   4X44   4X45\r\n\r\nMikro Taban','PRD752776',2,'store','pcs',5,19.00,20.00,NULL,'products/1767865515_kYYm20zZx2.jpeg',NULL,1,NULL,NULL,NULL,NULL,'2026-01-08 06:45:15','2026-02-09 13:23:08','2026-02-09 13:23:08'),
(22,'HB','6x41   8x42    8x43    4x44    4x45\r\n\r\nMikro Taban','PRD802335',2,'store','pcs',5,19.00,20.00,NULL,'products/1767865665_uLYBKZk55F.jpeg',NULL,1,NULL,NULL,NULL,NULL,'2026-01-08 06:47:45','2026-02-09 13:20:52','2026-02-09 13:20:52'),
(23,'Pro max 5',NULL,'PRD015133',1,'market','pcs',5,25.00,35.00,NULL,'products/1775291780_A8l2Sv1m2n.jpg',NULL,1,NULL,NULL,NULL,NULL,'2026-01-08 06:49:51','2026-04-04 05:36:20',NULL),
(24,'Pro max 4',NULL,'PRD418332',1,'market','pcs',5,25.00,35.00,NULL,'products/1775291649_bn8NPkrvHA.jpg',NULL,1,NULL,NULL,NULL,NULL,'2026-01-10 07:44:21','2026-04-04 05:34:09',NULL),
(25,'Pro max 3',NULL,'PRD955183',1,'market','pcs',5,25.00,35.00,NULL,'products/1775291474_8hlOwU8AqR.jpg',NULL,1,NULL,NULL,NULL,NULL,'2026-01-10 07:48:42','2026-04-04 05:31:14',NULL),
(26,'Pro max 2',NULL,'PRD690795',1,'market','pcs',5,25.00,35.00,NULL,'products/1775291133_qSvrDzGnU5.jpg',NULL,1,NULL,NULL,NULL,NULL,'2026-01-10 07:52:38','2026-04-04 05:25:33',NULL),
(27,'WİNNEX',NULL,'PRD311860',1,'market','pcs',5,16.00,20.00,NULL,'products/1768654025_GCxDmtPe2Y.jpeg',NULL,1,NULL,NULL,NULL,NULL,'2026-01-17 09:47:06','2026-02-09 13:24:41',NULL),
(28,'Pro max 1',NULL,'PRD163554',1,'market','pcs',5,25.00,35.00,NULL,'products/1775289327_JoKsa4sDi9.jpg',NULL,1,NULL,NULL,NULL,NULL,'2026-03-09 07:00:42','2026-04-04 04:55:29',NULL);

--
-- Table structure for table `proforma_items`
--

CREATE TABLE `proforma_items` (
  `id` bigint(20) unsigned NOT NULL AUTO_INCREMENT,
  `proforma_id` bigint(20) unsigned NOT NULL,
  `product_id` bigint(20) unsigned NOT NULL,
  `product_name` varchar(255) NOT NULL,
  `product_barcode` varchar(255) DEFAULT NULL,
  `quantity` int(11) NOT NULL,
  `unit_price` decimal(10,2) NOT NULL,
  `tax_rate` decimal(5,2) NOT NULL DEFAULT 0.00,
  `tax_amount` decimal(10,2) NOT NULL DEFAULT 0.00,
  `discount_amount` decimal(10,2) NOT NULL DEFAULT 0.00,
  `total_amount` decimal(10,2) NOT NULL,
  `created_at` timestamp NULL DEFAULT NULL,
  `updated_at` timestamp NULL DEFAULT NULL,
  PRIMARY KEY (`id`),
  KEY `proforma_items_proforma_id_index` (`proforma_id`),
  KEY `proforma_items_product_id_index` (`product_id`),
  CONSTRAINT `proforma_items_product_id_foreign` FOREIGN KEY (`product_id`) REFERENCES `products` (`id`),
  CONSTRAINT `proforma_items_proforma_id_foreign` FOREIGN KEY (`proforma_id`) REFERENCES `proformas` (`id`) ON DELETE CASCADE
) ENGINE=InnoDB AUTO_INCREMENT=73 DEFAULT CHARSET=utf8mb4 COLLATE=utf8mb4_unicode_ci;

--
-- Dumping data for table `proforma_items`
--

INSERT INTO `proforma_items` VALUES
(1,1,1,'H-0014','PRD721626',1,20.00,0.00,0.00,0.00,20.00,'2026-01-01 12:08:51','2026-01-01 12:08:51'),
(3,2,2,'Hilal','PRD284597',17,20.00,0.00,0.00,0.00,340.00,'2026-01-07 04:08:09','2026-01-07 04:08:09'),
(4,3,1,'H-0014','PRD721626',11,20.00,0.00,0.00,0.00,220.00,'2026-01-07 06:43:32','2026-01-07 06:43:32'),
(6,4,2,'Hilal','PRD284597',1,20.00,0.00,0.00,0.00,20.00,'2026-01-07 06:48:49','2026-01-07 06:48:49'),
(28,5,8,'HS','PRD451855',20,20.00,0.00,0.00,0.00,400.00,'2026-01-08 10:41:51','2026-01-08 10:41:51'),
(29,5,9,'HS','PRD762687',20,20.00,0.00,0.00,0.00,400.00,'2026-01-08 10:41:51','2026-01-08 10:41:51'),
(30,5,10,'HS','PRD365875',20,20.00,0.00,0.00,0.00,400.00,'2026-01-08 10:41:51','2026-01-08 10:41:51'),
(31,5,11,'HS','PRD789000',20,20.00,0.00,0.00,0.00,400.00,'2026-01-08 10:41:51','2026-01-08 10:41:51'),
(32,5,12,'HS','PRD105357',20,20.00,0.00,0.00,0.00,400.00,'2026-01-08 10:41:51','2026-01-08 10:41:51'),
(33,5,3,'HB','PRD277541',20,20.00,0.00,0.00,0.00,400.00,'2026-01-08 10:41:51','2026-01-08 10:41:51'),
(34,5,13,'HS','PRD562093',20,20.00,0.00,0.00,0.00,400.00,'2026-01-08 10:41:51','2026-01-08 10:41:51'),
(35,5,14,'HS','PRD699966',20,20.00,0.00,0.00,0.00,400.00,'2026-01-08 10:41:51','2026-01-08 10:41:51'),
(36,5,15,'HS','PRD441823',20,20.00,0.00,0.00,0.00,400.00,'2026-01-08 10:41:51','2026-01-08 10:41:51'),
(37,5,16,'HS','PRD614598',20,20.00,0.00,0.00,0.00,400.00,'2026-01-08 10:41:51','2026-01-08 10:41:51'),
(38,5,17,'HS','PRD126827',20,20.00,0.00,0.00,0.00,400.00,'2026-01-08 10:41:51','2026-01-08 10:41:51'),
(39,5,4,'HB','PRD192143',20,20.00,0.00,0.00,0.00,400.00,'2026-01-08 10:41:51','2026-01-08 10:41:51'),
(40,5,18,'HS','PRD200652',20,20.00,0.00,0.00,0.00,400.00,'2026-01-08 10:41:51','2026-01-08 10:41:51'),
(41,5,19,'HB','PRD583104',50,20.00,0.00,0.00,0.00,1000.00,'2026-01-08 10:41:51','2026-01-08 10:41:51'),
(42,5,20,'HS','PRD860567',50,20.00,0.00,0.00,0.00,1000.00,'2026-01-08 10:41:51','2026-01-08 10:41:51'),
(43,5,21,'HB','PRD752776',30,20.00,0.00,0.00,0.00,600.00,'2026-01-08 10:41:51','2026-01-08 10:41:51'),
(44,5,22,'HB','PRD802335',30,20.00,0.00,0.00,0.00,600.00,'2026-01-08 10:41:51','2026-01-08 10:41:51'),
(45,5,23,'HS','PRD015133',20,20.00,0.00,0.00,0.00,400.00,'2026-01-08 10:41:51','2026-01-08 10:41:51'),
(46,5,5,'HS','PRD383662',20,20.00,0.00,0.00,0.00,400.00,'2026-01-08 10:41:51','2026-01-08 10:41:51'),
(47,5,6,'HS','PRD781734',20,20.00,0.00,0.00,0.00,400.00,'2026-01-08 10:41:51','2026-01-08 10:41:51'),
(48,5,7,'HB','PRD174648',20,20.00,0.00,0.00,0.00,400.00,'2026-01-08 10:41:51','2026-01-08 10:41:51'),
(67,6,6,'HS','PRD781734',1,24.00,0.00,0.00,0.00,24.00,'2026-01-18 12:41:17','2026-01-18 12:41:17'),
(68,6,9,'HS','PRD762687',4,24.00,0.00,0.00,0.00,96.00,'2026-01-18 12:41:17','2026-01-18 12:41:17'),
(69,6,10,'HS','PRD365875',3,24.00,0.00,0.00,0.00,72.00,'2026-01-18 12:41:17','2026-01-18 12:41:17'),
(70,6,11,'HS','PRD789000',4,24.00,0.00,0.00,0.00,96.00,'2026-01-18 12:41:18','2026-01-18 12:41:18'),
(71,6,20,'HS','PRD860567',6,24.00,0.00,0.00,0.00,144.00,'2026-01-18 12:41:18','2026-01-18 12:41:18'),
(72,6,26,'IST STOK 1','PRD690795',32,24.00,0.00,0.00,0.00,768.00,'2026-01-18 12:41:18','2026-01-18 12:41:18');

--
-- Table structure for table `proformas`
--

CREATE TABLE `proformas` (
  `id` bigint(20) unsigned NOT NULL AUTO_INCREMENT,
  `proforma_number` varchar(255) NOT NULL,
  `proforma_type` enum('market','store') NOT NULL,
  `customer_name` varchar(255) DEFAULT NULL,
  `customer_phone` varchar(20) DEFAULT NULL,
  `customer_email` varchar(255) DEFAULT NULL,
  `subtotal` decimal(10,2) NOT NULL DEFAULT 0.00,
  `tax_amount` decimal(10,2) NOT NULL DEFAULT 0.00,
  `discount_amount` decimal(10,2) NOT NULL DEFAULT 0.00,
  `total_amount` decimal(10,2) NOT NULL,
  `status` enum('draft','sent','confirmed','expired','cancelled') NOT NULL DEFAULT 'draft',
  `notes` text DEFAULT NULL,
  `created_by` bigint(20) unsigned NOT NULL,
  `confirmed_by` bigint(20) unsigned DEFAULT NULL,
  `confirmed_at` timestamp NULL DEFAULT NULL,
  `sale_id` bigint(20) unsigned DEFAULT NULL,
  `expires_at` timestamp NULL DEFAULT NULL,
  `created_at` timestamp NULL DEFAULT NULL,
  `updated_at` timestamp NULL DEFAULT NULL,
  PRIMARY KEY (`id`),
  UNIQUE KEY `proformas_proforma_number_unique` (`proforma_number`),
  KEY `proformas_confirmed_by_foreign` (`confirmed_by`),
  KEY `proformas_sale_id_foreign` (`sale_id`),
  KEY `proformas_proforma_type_status_index` (`proforma_type`,`status`),
  KEY `proformas_created_at_index` (`created_at`),
  KEY `proformas_status_index` (`status`),
  KEY `proformas_created_by_index` (`created_by`),
  KEY `proformas_expires_at_index` (`expires_at`),
  CONSTRAINT `proformas_confirmed_by_foreign` FOREIGN KEY (`confirmed_by`) REFERENCES `users` (`id`),
  CONSTRAINT `proformas_created_by_foreign` FOREIGN KEY (`created_by`) REFERENCES `users` (`id`),
  CONSTRAINT `proformas_sale_id_foreign` FOREIGN KEY (`sale_id`) REFERENCES `sales` (`id`)
) ENGINE=InnoDB AUTO_INCREMENT=7 DEFAULT CHARSET=utf8mb4 COLLATE=utf8mb4_unicode_ci;

--
-- Dumping data for table `proformas`
--

INSERT INTO `proformas` VALUES
(1,'PRO-MARKET-20260101-0001','market','Ayouppe oumar ibin oumar','99 96 14 18',NULL,20.00,0.00,0.00,20.00,'sent',NULL,4,NULL,NULL,NULL,'2026-01-30 21:00:00','2026-01-01 12:08:51','2026-01-01 12:08:51'),
(2,'PRO-STORE-20260107-0001','store',NULL,NULL,NULL,340.00,0.00,0.00,340.00,'draft',NULL,4,NULL,NULL,NULL,'2026-02-05 21:00:00','2026-01-07 04:06:41','2026-01-07 04:08:09'),
(3,'PRO-MARKET-20260107-0001','market',NULL,NULL,NULL,220.00,0.00,0.00,220.00,'draft',NULL,4,NULL,NULL,NULL,'2026-02-05 21:00:00','2026-01-07 06:43:32','2026-01-07 06:43:32'),
(4,'PRO-STORE-20260107-0002','store','MERYEM','5422871526','djibmhtdjib99@gmail.com',20.00,0.00,0.00,20.00,'cancelled','\n\nCancelled: deneme',4,NULL,NULL,NULL,'2026-02-05 21:00:00','2026-01-07 06:46:23','2026-01-10 05:00:57'),
(5,'PRO-STORE-20260108-0001','store','Mr. ABATCHA','0552 608 80 17',NULL,10000.00,0.00,0.00,10000.00,'sent',NULL,4,NULL,NULL,NULL,'2026-01-13 21:00:00','2026-01-08 07:08:15','2026-01-08 10:41:51'),
(6,'PRO-MARKET-20260117-0001','market','HAMZA','66 49 07 87',NULL,1200.00,0.00,1200.00,0.00,'confirmed','41 42 43 44',4,4,'2026-01-18 12:43:25',1,'2026-01-18 21:00:00','2026-01-17 12:14:52','2026-01-18 12:43:25');

--
-- Table structure for table `role_has_permissions`
--

CREATE TABLE `role_has_permissions` (
  `permission_id` bigint(20) unsigned NOT NULL,
  `role_id` bigint(20) unsigned NOT NULL,
  PRIMARY KEY (`permission_id`,`role_id`),
  KEY `role_has_permissions_role_id_foreign` (`role_id`),
  CONSTRAINT `role_has_permissions_permission_id_foreign` FOREIGN KEY (`permission_id`) REFERENCES `permissions` (`id`) ON DELETE CASCADE,
  CONSTRAINT `role_has_permissions_role_id_foreign` FOREIGN KEY (`role_id`) REFERENCES `roles` (`id`) ON DELETE CASCADE
) ENGINE=InnoDB DEFAULT CHARSET=utf8mb4 COLLATE=utf8mb4_unicode_ci;

--
-- Dumping data for table `role_has_permissions`
--

INSERT INTO `role_has_permissions` VALUES
(1,1),
(1,2),
(1,3),
(1,4),
(1,5),
(2,1),
(2,2),
(2,3),
(2,5),
(3,1),
(3,2),
(3,3),
(3,5),
(4,1),
(4,2),
(5,1),
(5,2),
(6,1),
(6,2),
(7,1),
(7,2),
(8,1),
(8,2),
(9,1),
(9,2),
(10,1),
(10,2),
(11,1),
(11,2),
(12,1),
(12,2),
(13,1),
(13,2),
(13,4),
(14,1),
(14,2),
(15,1),
(15,2),
(16,1),
(16,2),
(17,1),
(17,2),
(18,1),
(18,2),
(18,4),
(18,5),
(19,1),
(19,2),
(19,5),
(20,1),
(20,2),
(20,5),
(21,1),
(21,2),
(21,5),
(22,1),
(22,2),
(22,4),
(22,5),
(23,1),
(23,2),
(23,5),
(24,1),
(24,2),
(24,3),
(24,4),
(24,5),
(25,1),
(25,2),
(25,3),
(25,4),
(25,5),
(26,1),
(26,2),
(26,3),
(26,5),
(27,1),
(27,2),
(27,3),
(27,4),
(27,5),
(28,1),
(28,2),
(28,3),
(28,4),
(28,5),
(29,1),
(29,2),
(29,3),
(29,5),
(30,1),
(30,2),
(30,3),
(30,4),
(30,5),
(31,1),
(31,2),
(31,3),
(31,5),
(32,1),
(32,2),
(32,3),
(32,5),
(33,1),
(33,2),
(33,4),
(34,1),
(34,2),
(35,1),
(35,2),
(36,1),
(36,2),
(36,3),
(37,1),
(37,2),
(37,3),
(38,1),
(38,2),
(39,1),
(39,2),
(40,1),
(40,2),
(41,1),
(41,2),
(42,1),
(42,2),
(43,1),
(43,2),
(43,3),
(43,4),
(43,5),
(44,1),
(44,2),
(44,3),
(44,4),
(44,5),
(45,1),
(45,2),
(45,3),
(45,5),
(46,1),
(46,2),
(46,4),
(47,1),
(47,2),
(47,4),
(48,1),
(48,2),
(48,4),
(49,1),
(49,2),
(49,4),
(50,1),
(50,4),
(51,1),
(51,4),
(52,1),
(52,2),
(52,3),
(52,4),
(52,5),
(53,1),
(53,2),
(53,3),
(53,4),
(53,5),
(54,1),
(54,2),
(54,3),
(54,5),
(55,1),
(55,2),
(55,3),
(55,5),
(56,1),
(56,2),
(56,3),
(56,4),
(56,5),
(57,1),
(57,2),
(57,4),
(58,1),
(58,2),
(59,1),
(59,2),
(60,1),
(60,2);

--
-- Table structure for table `roles`
--

CREATE TABLE `roles` (
  `id` bigint(20) unsigned NOT NULL AUTO_INCREMENT,
  `name` varchar(255) NOT NULL,
  `guard_name` varchar(255) NOT NULL,
  `created_at` timestamp NULL DEFAULT NULL,
  `updated_at` timestamp NULL DEFAULT NULL,
  PRIMARY KEY (`id`),
  UNIQUE KEY `roles_name_guard_name_unique` (`name`,`guard_name`)
) ENGINE=InnoDB AUTO_INCREMENT=6 DEFAULT CHARSET=utf8mb4 COLLATE=utf8mb4_unicode_ci;

--
-- Dumping data for table `roles`
--

INSERT INTO `roles` VALUES
(1,'Super Admin','web','2025-11-01 11:20:21','2025-11-01 11:20:21'),
(2,'Admin','web','2025-11-01 11:20:21','2025-11-01 11:20:21'),
(3,'Manager','web','2025-11-01 11:20:21','2025-11-01 11:20:21'),
(4,'Seller','web','2025-11-01 11:20:21','2025-11-01 11:20:21'),
(5,'Guestion','web','2025-11-17 09:50:40','2025-11-17 09:50:40');

--
-- Table structure for table `sale_histories`
--

CREATE TABLE `sale_histories` (
  `id` bigint(20) unsigned NOT NULL AUTO_INCREMENT,
  `sale_id` bigint(20) unsigned NOT NULL,
  `action` varchar(255) NOT NULL,
  `changes` longtext CHARACTER SET utf8mb4 COLLATE utf8mb4_bin DEFAULT NULL CHECK (json_valid(`changes`)),
  `old_values` longtext CHARACTER SET utf8mb4 COLLATE utf8mb4_bin DEFAULT NULL CHECK (json_valid(`old_values`)),
  `new_values` longtext CHARACTER SET utf8mb4 COLLATE utf8mb4_bin DEFAULT NULL CHECK (json_valid(`new_values`)),
  `reason` text DEFAULT NULL,
  `user_id` bigint(20) unsigned DEFAULT NULL,
  `user_name` varchar(255) DEFAULT NULL,
  `created_at` timestamp NULL DEFAULT NULL,
  `updated_at` timestamp NULL DEFAULT NULL,
  PRIMARY KEY (`id`),
  KEY `sale_histories_sale_id_created_at_index` (`sale_id`,`created_at`),
  KEY `sale_histories_action_index` (`action`),
  KEY `sale_histories_user_id_foreign` (`user_id`),
  CONSTRAINT `sale_histories_sale_id_foreign` FOREIGN KEY (`sale_id`) REFERENCES `sales` (`id`) ON DELETE CASCADE,
  CONSTRAINT `sale_histories_user_id_foreign` FOREIGN KEY (`user_id`) REFERENCES `users` (`id`) ON DELETE SET NULL
) ENGINE=InnoDB AUTO_INCREMENT=156 DEFAULT CHARSET=utf8mb4 COLLATE=utf8mb4_unicode_ci;

--
-- Dumping data for table `sale_histories`
--

INSERT INTO `sale_histories` VALUES
(1,2,'created',NULL,NULL,'{\"sale_number\":\"HIL-0127\",\"sale_type\":\"market\",\"customer_name\":\"AL ISSEL\",\"customer_phone\":\"0549 490 17 43\",\"customer_email\":null,\"subtotal\":\"60.00\",\"tax_amount\":\"0.00\",\"discount_amount\":\"0.00\",\"total_amount\":\"60.00\",\"paid_amount\":\"60.00\",\"change_amount\":\"0.00\",\"payment_method\":\"cash\",\"sale_status\":\"completed\",\"notes\":null,\"sale_date\":\"2026-01-19T14:23:08.000000Z\",\"cashier_id\":9,\"is_loan\":false,\"loan_amount\":\"0.00\",\"collected_amount\":\"60.00\",\"payment_status\":\"paid\",\"updated_at\":\"2026-01-19T14:23:08.000000Z\",\"created_at\":\"2026-01-19T14:23:08.000000Z\",\"id\":2}','Sale created through POS',9,'AL ISSEL','2026-01-19 11:23:08','2026-01-19 11:23:08'),
(2,3,'created',NULL,NULL,'{\"sale_number\":\"HIL-0128\",\"sale_type\":\"market\",\"customer_name\":\"Brahim kallimy\",\"customer_phone\":\"05512720825\",\"customer_email\":null,\"subtotal\":\"180.00\",\"tax_amount\":\"0.00\",\"discount_amount\":\"0.00\",\"total_amount\":\"180.00\",\"paid_amount\":\"180.00\",\"change_amount\":\"0.00\",\"payment_method\":\"cash\",\"sale_status\":\"completed\",\"notes\":null,\"sale_date\":\"2026-01-19T14:47:23.000000Z\",\"cashier_id\":9,\"is_loan\":false,\"loan_amount\":\"0.00\",\"collected_amount\":\"180.00\",\"payment_status\":\"paid\",\"updated_at\":\"2026-01-19T14:47:23.000000Z\",\"created_at\":\"2026-01-19T14:47:23.000000Z\",\"id\":3}','Sale created through POS',9,'AL ISSEL','2026-01-19 11:47:23','2026-01-19 11:47:23'),
(3,4,'created',NULL,NULL,'{\"sale_number\":\"HIL-0129\",\"sale_type\":\"market\",\"customer_name\":\"Brahim kallimiy\",\"customer_phone\":\"05512720825\",\"customer_email\":null,\"subtotal\":\"90.00\",\"tax_amount\":\"0.00\",\"discount_amount\":\"0.00\",\"total_amount\":\"90.00\",\"paid_amount\":\"90.00\",\"change_amount\":\"0.00\",\"payment_method\":\"cash\",\"sale_status\":\"completed\",\"notes\":null,\"sale_date\":\"2026-01-19T15:27:22.000000Z\",\"cashier_id\":9,\"is_loan\":false,\"loan_amount\":\"0.00\",\"collected_amount\":\"90.00\",\"payment_status\":\"paid\",\"updated_at\":\"2026-01-19T15:27:22.000000Z\",\"created_at\":\"2026-01-19T15:27:22.000000Z\",\"id\":4}','Sale created through POS',9,'AL ISSEL','2026-01-19 12:27:22','2026-01-19 12:27:22'),
(4,5,'created',NULL,NULL,'{\"sale_number\":\"HIL-0130\",\"sale_type\":\"market\",\"customer_name\":\"Wal nigeria\",\"customer_phone\":\"+234 901 212 5504\",\"customer_email\":null,\"subtotal\":\"108.00\",\"tax_amount\":\"0.00\",\"discount_amount\":\"0.00\",\"total_amount\":\"108.00\",\"paid_amount\":\"108.00\",\"change_amount\":\"0.00\",\"payment_method\":\"cash\",\"sale_status\":\"completed\",\"notes\":null,\"sale_date\":\"2026-01-20T14:20:51.000000Z\",\"cashier_id\":9,\"is_loan\":false,\"loan_amount\":\"0.00\",\"collected_amount\":\"108.00\",\"payment_status\":\"paid\",\"updated_at\":\"2026-01-20T14:20:51.000000Z\",\"created_at\":\"2026-01-20T14:20:51.000000Z\",\"id\":5}','Sale created through POS',9,'AL ISSEL','2026-01-20 11:20:51','2026-01-20 11:20:51'),
(5,6,'created',NULL,NULL,'{\"sale_number\":\"HIL-0131\",\"sale_type\":\"market\",\"customer_name\":\"Ahmat Issa\",\"customer_phone\":null,\"customer_email\":null,\"subtotal\":\"208.00\",\"tax_amount\":\"0.00\",\"discount_amount\":\"0.00\",\"total_amount\":\"208.00\",\"paid_amount\":\"208.00\",\"change_amount\":\"0.00\",\"payment_method\":\"cash\",\"sale_status\":\"completed\",\"notes\":null,\"sale_date\":\"2026-01-21T09:27:03.000000Z\",\"cashier_id\":4,\"is_loan\":false,\"loan_amount\":\"0.00\",\"collected_amount\":\"208.00\",\"payment_status\":\"paid\",\"updated_at\":\"2026-01-21T09:27:03.000000Z\",\"created_at\":\"2026-01-21T09:27:03.000000Z\",\"id\":6}','Sale created through POS',4,'admin','2026-01-21 06:27:03','2026-01-21 06:27:03'),
(6,7,'created',NULL,NULL,'{\"sale_number\":\"HIL-0132\",\"sale_type\":\"market\",\"customer_name\":\"Al issel\",\"customer_phone\":null,\"customer_email\":null,\"subtotal\":\"216.00\",\"tax_amount\":\"0.00\",\"discount_amount\":\"0.00\",\"total_amount\":\"216.00\",\"paid_amount\":\"216.00\",\"change_amount\":\"0.00\",\"payment_method\":\"cash\",\"sale_status\":\"completed\",\"notes\":null,\"sale_date\":\"2026-01-24T10:10:04.000000Z\",\"cashier_id\":4,\"is_loan\":false,\"loan_amount\":\"0.00\",\"collected_amount\":\"216.00\",\"payment_status\":\"paid\",\"updated_at\":\"2026-01-24T10:10:04.000000Z\",\"created_at\":\"2026-01-24T10:10:04.000000Z\",\"id\":7}','Sale created through POS',4,'admin','2026-01-24 07:10:04','2026-01-24 07:10:04'),
(7,8,'created',NULL,NULL,'{\"sale_number\":\"HIL-0133\",\"sale_type\":\"market\",\"customer_name\":null,\"customer_phone\":null,\"customer_email\":null,\"subtotal\":\"120.00\",\"tax_amount\":\"0.00\",\"discount_amount\":\"0.00\",\"total_amount\":\"120.00\",\"paid_amount\":\"120.00\",\"change_amount\":\"0.00\",\"payment_method\":\"cash\",\"sale_status\":\"completed\",\"notes\":null,\"sale_date\":\"2026-02-12T11:33:42.000000Z\",\"cashier_id\":4,\"is_loan\":false,\"loan_amount\":\"0.00\",\"collected_amount\":\"120.00\",\"payment_status\":\"paid\",\"updated_at\":\"2026-02-12T11:33:42.000000Z\",\"created_at\":\"2026-02-12T11:33:42.000000Z\",\"id\":8}','Sale created through POS',4,'admin','2026-02-12 08:33:43','2026-02-12 08:33:43'),
(8,9,'created',NULL,NULL,'{\"sale_number\":\"HIL-0134\",\"sale_type\":\"market\",\"customer_name\":null,\"customer_phone\":null,\"customer_email\":null,\"subtotal\":\"30.00\",\"tax_amount\":\"0.00\",\"discount_amount\":\"0.00\",\"total_amount\":\"30.00\",\"paid_amount\":\"30.00\",\"change_amount\":\"0.00\",\"payment_method\":\"cash\",\"sale_status\":\"completed\",\"notes\":null,\"sale_date\":\"2026-02-14T10:47:42.000000Z\",\"cashier_id\":4,\"is_loan\":false,\"loan_amount\":\"0.00\",\"collected_amount\":\"30.00\",\"payment_status\":\"paid\",\"updated_at\":\"2026-02-14T10:47:42.000000Z\",\"created_at\":\"2026-02-14T10:47:42.000000Z\",\"id\":9}','Sale created through POS',4,'admin','2026-02-14 07:47:42','2026-02-14 07:47:42'),
(9,10,'created',NULL,NULL,'{\"sale_number\":\"HIL-0135\",\"sale_type\":\"market\",\"customer_name\":null,\"customer_phone\":null,\"customer_email\":null,\"subtotal\":\"108.00\",\"tax_amount\":\"0.00\",\"discount_amount\":\"0.00\",\"total_amount\":\"108.00\",\"paid_amount\":\"108.00\",\"change_amount\":\"0.00\",\"payment_method\":\"cash\",\"sale_status\":\"completed\",\"notes\":null,\"sale_date\":\"2026-02-17T07:55:13.000000Z\",\"cashier_id\":10,\"is_loan\":false,\"loan_amount\":\"0.00\",\"collected_amount\":\"108.00\",\"payment_status\":\"paid\",\"updated_at\":\"2026-02-17T07:55:13.000000Z\",\"created_at\":\"2026-02-17T07:55:13.000000Z\",\"id\":10}','Sale created through POS',10,'HOUDEY','2026-02-17 04:55:13','2026-02-17 04:55:13'),
(10,11,'created',NULL,NULL,'{\"sale_number\":\"HIL-0136\",\"sale_type\":\"market\",\"customer_name\":null,\"customer_phone\":null,\"customer_email\":null,\"subtotal\":\"80.00\",\"tax_amount\":\"0.00\",\"discount_amount\":\"0.00\",\"total_amount\":\"80.00\",\"paid_amount\":\"80.00\",\"change_amount\":\"0.00\",\"payment_method\":\"cash\",\"sale_status\":\"completed\",\"notes\":null,\"sale_date\":\"2026-02-18T08:15:18.000000Z\",\"cashier_id\":10,\"is_loan\":false,\"loan_amount\":\"0.00\",\"collected_amount\":\"80.00\",\"payment_status\":\"paid\",\"updated_at\":\"2026-02-18T08:15:18.000000Z\",\"created_at\":\"2026-02-18T08:15:18.000000Z\",\"id\":11}','Sale created through POS',10,'HOUDEY','2026-02-18 05:15:18','2026-02-18 05:15:18'),
(11,12,'created',NULL,NULL,'{\"sale_number\":\"HIL-0137\",\"sale_type\":\"market\",\"customer_name\":\"Sg\",\"customer_phone\":null,\"customer_email\":null,\"subtotal\":\"150.00\",\"tax_amount\":\"0.00\",\"discount_amount\":\"0.00\",\"total_amount\":\"150.00\",\"paid_amount\":\"150.00\",\"change_amount\":\"0.00\",\"payment_method\":\"cash\",\"sale_status\":\"completed\",\"notes\":null,\"sale_date\":\"2026-02-18T12:35:31.000000Z\",\"cashier_id\":9,\"is_loan\":false,\"loan_amount\":\"0.00\",\"collected_amount\":\"150.00\",\"payment_status\":\"paid\",\"updated_at\":\"2026-02-18T12:35:31.000000Z\",\"created_at\":\"2026-02-18T12:35:31.000000Z\",\"id\":12}','Sale created through POS',9,'AL ISSEL','2026-02-18 09:35:31','2026-02-18 09:35:31'),
(12,13,'created',NULL,NULL,'{\"sale_number\":\"HIL-0138\",\"sale_type\":\"market\",\"customer_name\":\"JAK\",\"customer_phone\":\"5422871526\",\"customer_email\":null,\"subtotal\":\"30.00\",\"tax_amount\":\"0.00\",\"discount_amount\":\"0.00\",\"total_amount\":\"30.00\",\"paid_amount\":\"0.00\",\"change_amount\":\"0.00\",\"payment_method\":\"cash\",\"sale_status\":\"completed\",\"notes\":null,\"sale_date\":\"2026-02-19T07:21:05.000000Z\",\"cashier_id\":4,\"is_loan\":true,\"loan_amount\":\"30.00\",\"collected_amount\":\"0.00\",\"payment_status\":\"unpaid\",\"updated_at\":\"2026-02-19T07:21:05.000000Z\",\"created_at\":\"2026-02-19T07:21:05.000000Z\",\"id\":13}','Sale created through POS',4,'admin','2026-02-19 04:21:05','2026-02-19 04:21:05'),
(13,14,'created',NULL,NULL,'{\"sale_number\":\"HIL-0139\",\"sale_type\":\"market\",\"customer_name\":\"Fatime Jackilin maide\",\"customer_phone\":\"+23566280211\",\"customer_email\":null,\"subtotal\":\"594.00\",\"tax_amount\":\"0.00\",\"discount_amount\":\"0.00\",\"total_amount\":\"594.00\",\"paid_amount\":\"0.00\",\"change_amount\":\"0.00\",\"payment_method\":\"cash\",\"sale_status\":\"completed\",\"notes\":null,\"sale_date\":\"2026-02-19T07:29:45.000000Z\",\"cashier_id\":9,\"is_loan\":true,\"loan_amount\":\"594.00\",\"collected_amount\":\"0.00\",\"payment_status\":\"unpaid\",\"updated_at\":\"2026-02-19T07:29:45.000000Z\",\"created_at\":\"2026-02-19T07:29:45.000000Z\",\"id\":14}','Sale created through POS',9,'AL ISSEL','2026-02-19 04:29:45','2026-02-19 04:29:45'),
(14,15,'created',NULL,NULL,'{\"sale_number\":\"HIL-0140\",\"sale_type\":\"market\",\"customer_name\":\"Souleymane\",\"customer_phone\":\"5355064312\",\"customer_email\":null,\"subtotal\":\"252.00\",\"tax_amount\":\"0.00\",\"discount_amount\":\"0.00\",\"total_amount\":\"252.00\",\"paid_amount\":\"252.00\",\"change_amount\":\"0.00\",\"payment_method\":\"cash\",\"sale_status\":\"completed\",\"notes\":null,\"sale_date\":\"2026-02-19T09:59:22.000000Z\",\"cashier_id\":10,\"is_loan\":false,\"loan_amount\":\"0.00\",\"collected_amount\":\"252.00\",\"payment_status\":\"paid\",\"updated_at\":\"2026-02-19T09:59:22.000000Z\",\"created_at\":\"2026-02-19T09:59:22.000000Z\",\"id\":15}','Sale created through POS',10,'HOUDEY','2026-02-19 06:59:22','2026-02-19 06:59:22'),
(15,13,'cancelled','{\"sale_status\":{\"old\":\"completed\",\"new\":\"cancelled\"},\"payment_status\":{\"old\":\"unpaid\",\"new\":\"refunded\"}}',NULL,'{\"id\":13,\"sale_number\":\"HIL-0138\",\"sale_type\":\"market\",\"customer_name\":\"JAK\",\"customer_phone\":\"5422871526\",\"customer_email\":null,\"subtotal\":\"30.00\",\"tax_amount\":\"0.00\",\"discount_amount\":\"0.00\",\"total_amount\":\"30.00\",\"loan_amount\":\"30.00\",\"collected_amount\":\"0.00\",\"is_loan\":true,\"paid_amount\":\"0.00\",\"change_amount\":\"0.00\",\"payment_method\":\"cash\",\"payment_status\":\"refunded\",\"sale_status\":\"cancelled\",\"notes\":\"\\n\\nCancelled: ANNULE\",\"cashier_id\":\"4\",\"sale_date\":\"2026-02-19T07:21:05.000000Z\",\"created_at\":\"2026-02-19T07:21:05.000000Z\",\"updated_at\":\"2026-02-19T19:11:08.000000Z\",\"items\":[{\"id\":27,\"sale_id\":\"13\",\"product_id\":\"26\",\"product_name\":\"IST STOK 1\",\"product_barcode\":null,\"quantity\":1,\"unit_price\":\"30.00\",\"tax_rate\":\"0.00\",\"tax_amount\":\"0.00\",\"discount_amount\":\"0.00\",\"total_amount\":\"30.00\",\"created_at\":\"2026-02-19T07:21:05.000000Z\",\"updated_at\":\"2026-02-19T07:21:05.000000Z\",\"product\":{\"id\":26,\"name\":\"IST STOK 1\",\"description\":null,\"barcode\":\"PRD690795\",\"category_id\":\"1\",\"product_type\":\"market\",\"unit\":\"pcs\",\"alert_quantity\":5,\"cost_price\":\"21.00\",\"selling_price\":\"30.00\",\"discount_price\":null,\"image\":\"products\\/1768630482_bOSTopK0a7.jpg\",\"expiry_date\":null,\"is_active\":true,\"weight\":null,\"length\":null,\"width\":null,\"height\":null,\"created_at\":\"2026-01-10T10:52:38.000000Z\",\"updated_at\":\"2026-02-09T16:15:44.000000Z\",\"deleted_at\":null,\"inventory\":{\"id\":26,\"product_id\":\"26\",\"current_stock\":226,\"reserved_stock\":0,\"available_stock\":226,\"last_stock_update\":\"2026-02-19T19:11:08.000000Z\",\"last_updated_by\":4,\"created_at\":\"2026-01-10T10:52:38.000000Z\",\"updated_at\":\"2026-02-19T19:11:08.000000Z\"}}}],\"cashier\":{\"id\":4,\"name\":\"admin\",\"email\":\"admin@app.com\",\"user_type\":\"admin\",\"is_active\":true,\"preferred_language\":\"fr\",\"email_verified_at\":\"2025-11-17T12:16:10.000000Z\",\"two_factor_confirmed_at\":null,\"current_team_id\":null,\"profile_photo_path\":null,\"created_at\":\"2025-11-17T12:16:10.000000Z\",\"updated_at\":\"2025-12-15T19:59:48.000000Z\",\"profile_photo_url\":\"https:\\/\\/ui-avatars.com\\/api\\/?name=a&color=7F9CF5&background=EBF4FF\"}}','ANNULE',4,'admin','2026-02-19 16:11:08','2026-02-19 16:11:08'),
(16,11,'cancelled','{\"sale_status\":{\"old\":\"completed\",\"new\":\"cancelled\"},\"payment_status\":{\"old\":\"paid\",\"new\":\"refunded\"}}',NULL,'{\"id\":11,\"sale_number\":\"HIL-0136\",\"sale_type\":\"market\",\"customer_name\":null,\"customer_phone\":null,\"customer_email\":null,\"subtotal\":\"80.00\",\"tax_amount\":\"0.00\",\"discount_amount\":\"0.00\",\"total_amount\":\"80.00\",\"loan_amount\":\"0.00\",\"collected_amount\":\"80.00\",\"is_loan\":false,\"paid_amount\":\"80.00\",\"change_amount\":\"0.00\",\"payment_method\":\"cash\",\"payment_status\":\"refunded\",\"sale_status\":\"cancelled\",\"notes\":\"\\n\\nCancelled: YANLI\\u015e\",\"cashier_id\":\"10\",\"sale_date\":\"2026-02-18T08:15:18.000000Z\",\"created_at\":\"2026-02-18T08:15:18.000000Z\",\"updated_at\":\"2026-02-19T19:12:13.000000Z\",\"items\":[{\"id\":24,\"sale_id\":\"11\",\"product_id\":\"25\",\"product_name\":\"Hilal 2000S\",\"product_barcode\":null,\"quantity\":1,\"unit_price\":\"40.00\",\"tax_rate\":\"0.00\",\"tax_amount\":\"0.00\",\"discount_amount\":\"0.00\",\"total_amount\":\"40.00\",\"created_at\":\"2026-02-18T08:15:18.000000Z\",\"updated_at\":\"2026-02-18T08:15:18.000000Z\",\"product\":{\"id\":25,\"name\":\"Hilal 2000S\",\"description\":\"3X41\\r\\n3X42\\r\\n6X43\\r\\n4X44\\r\\n3X45\",\"barcode\":\"PRD955183\",\"category_id\":\"1\",\"product_type\":\"market\",\"unit\":\"pcs\",\"alert_quantity\":5,\"cost_price\":\"21.00\",\"selling_price\":\"30.00\",\"discount_price\":null,\"image\":\"products\\/1768042122_3Fj7pbyH84.jpeg\",\"expiry_date\":null,\"is_active\":true,\"weight\":null,\"length\":null,\"width\":null,\"height\":null,\"created_at\":\"2026-01-10T10:48:42.000000Z\",\"updated_at\":\"2026-02-09T14:48:22.000000Z\",\"deleted_at\":null,\"inventory\":{\"id\":25,\"product_id\":\"25\",\"current_stock\":19,\"reserved_stock\":0,\"available_stock\":19,\"last_stock_update\":\"2026-02-19T19:12:13.000000Z\",\"last_updated_by\":4,\"created_at\":\"2026-01-10T10:48:42.000000Z\",\"updated_at\":\"2026-02-19T19:12:13.000000Z\"}}},{\"id\":25,\"sale_id\":\"11\",\"product_id\":\"26\",\"product_name\":\"IST STOK 1\",\"product_barcode\":null,\"quantity\":1,\"unit_price\":\"40.00\",\"tax_rate\":\"0.00\",\"tax_amount\":\"0.00\",\"discount_amount\":\"0.00\",\"total_amount\":\"40.00\",\"created_at\":\"2026-02-18T08:15:18.000000Z\",\"updated_at\":\"2026-02-18T08:15:18.000000Z\",\"product\":{\"id\":26,\"name\":\"IST STOK 1\",\"description\":null,\"barcode\":\"PRD690795\",\"category_id\":\"1\",\"product_type\":\"market\",\"unit\":\"pcs\",\"alert_quantity\":5,\"cost_price\":\"21.00\",\"selling_price\":\"30.00\",\"discount_price\":null,\"image\":\"products\\/1768630482_bOSTopK0a7.jpg\",\"expiry_date\":null,\"is_active\":true,\"weight\":null,\"length\":null,\"width\":null,\"height\":null,\"created_at\":\"2026-01-10T10:52:38.000000Z\",\"updated_at\":\"2026-02-09T16:15:44.000000Z\",\"deleted_at\":null,\"inventory\":{\"id\":26,\"product_id\":\"26\",\"current_stock\":227,\"reserved_stock\":0,\"available_stock\":227,\"last_stock_update\":\"2026-02-19T19:12:13.000000Z\",\"last_updated_by\":4,\"created_at\":\"2026-01-10T10:52:38.000000Z\",\"updated_at\":\"2026-02-19T19:12:13.000000Z\"}}}],\"cashier\":{\"id\":10,\"name\":\"HOUDEY\",\"email\":\"houdeyhdyy@gmail.com\",\"user_type\":\"seller\",\"is_active\":true,\"preferred_language\":\"fr\",\"email_verified_at\":\"2026-01-19T09:32:00.000000Z\",\"two_factor_confirmed_at\":null,\"current_team_id\":null,\"profile_photo_path\":null,\"created_at\":\"2026-01-19T09:32:00.000000Z\",\"updated_at\":\"2026-01-20T14:29:18.000000Z\",\"profile_photo_url\":\"https:\\/\\/ui-avatars.com\\/api\\/?name=H&color=7F9CF5&background=EBF4FF\"}}','YANLIŞ',4,'admin','2026-02-19 16:12:13','2026-02-19 16:12:13'),
(17,16,'created',NULL,NULL,'{\"sale_number\":\"HIL-0141\",\"sale_type\":\"market\",\"customer_name\":\"Younous\",\"customer_phone\":\"05438272920\",\"customer_email\":null,\"subtotal\":\"806.00\",\"tax_amount\":\"0.00\",\"discount_amount\":\"0.00\",\"total_amount\":\"806.00\",\"paid_amount\":\"0.00\",\"change_amount\":\"0.00\",\"payment_method\":\"cash\",\"sale_status\":\"completed\",\"notes\":null,\"sale_date\":\"2026-02-20T08:54:55.000000Z\",\"cashier_id\":10,\"is_loan\":true,\"loan_amount\":\"806.00\",\"collected_amount\":\"0.00\",\"payment_status\":\"unpaid\",\"updated_at\":\"2026-02-20T08:54:55.000000Z\",\"created_at\":\"2026-02-20T08:54:55.000000Z\",\"id\":16}','Sale created through POS',10,'HOUDEY','2026-02-20 05:54:55','2026-02-20 05:54:55'),
(18,17,'created',NULL,NULL,'{\"sale_number\":\"HIL-0142\",\"sale_type\":\"market\",\"customer_name\":\"B\\u0130LLAH\",\"customer_phone\":\"66 24 71 74\",\"customer_email\":null,\"subtotal\":\"1800.00\",\"tax_amount\":\"0.00\",\"discount_amount\":\"240.00\",\"total_amount\":\"1560.00\",\"paid_amount\":\"1560.00\",\"change_amount\":\"0.00\",\"payment_method\":\"cash\",\"sale_status\":\"completed\",\"notes\":null,\"sale_date\":\"2026-02-20T19:05:52.000000Z\",\"cashier_id\":4,\"is_loan\":false,\"loan_amount\":\"0.00\",\"collected_amount\":\"1560.00\",\"payment_status\":\"paid\",\"updated_at\":\"2026-02-20T19:05:52.000000Z\",\"created_at\":\"2026-02-20T19:05:52.000000Z\",\"id\":17}','Sale created through POS',4,'admin','2026-02-20 16:05:52','2026-02-20 16:05:52'),
(19,18,'created',NULL,NULL,'{\"sale_number\":\"HIL-0143\",\"sale_type\":\"market\",\"customer_name\":\"SIDDICK\",\"customer_phone\":\"66 32 03 37\",\"customer_email\":null,\"subtotal\":\"2010.00\",\"tax_amount\":\"0.00\",\"discount_amount\":\"0.00\",\"total_amount\":\"2010.00\",\"paid_amount\":\"0.00\",\"change_amount\":\"0.00\",\"payment_method\":\"cash\",\"sale_status\":\"completed\",\"notes\":null,\"sale_date\":\"2026-02-20T19:11:06.000000Z\",\"cashier_id\":4,\"is_loan\":true,\"loan_amount\":\"2010.00\",\"collected_amount\":\"0.00\",\"payment_status\":\"unpaid\",\"updated_at\":\"2026-02-20T19:11:06.000000Z\",\"created_at\":\"2026-02-20T19:11:06.000000Z\",\"id\":18}','Sale created through POS',4,'admin','2026-02-20 16:11:06','2026-02-20 16:11:06'),
(20,19,'created',NULL,NULL,'{\"sale_number\":\"HIL-0144\",\"sale_type\":\"market\",\"customer_name\":\"Tahir mht hassan\",\"customer_phone\":\"5411014821\",\"customer_email\":null,\"subtotal\":\"30.00\",\"tax_amount\":\"0.00\",\"discount_amount\":\"0.00\",\"total_amount\":\"30.00\",\"paid_amount\":\"30.00\",\"change_amount\":\"0.00\",\"payment_method\":\"cash\",\"sale_status\":\"completed\",\"notes\":null,\"sale_date\":\"2026-02-21T08:34:02.000000Z\",\"cashier_id\":9,\"is_loan\":false,\"loan_amount\":\"0.00\",\"collected_amount\":\"30.00\",\"payment_status\":\"paid\",\"updated_at\":\"2026-02-21T08:34:02.000000Z\",\"created_at\":\"2026-02-21T08:34:02.000000Z\",\"id\":19}','Sale created through POS',9,'AL ISSEL','2026-02-21 05:34:02','2026-02-21 05:34:02'),
(21,20,'created',NULL,NULL,'{\"sale_number\":\"HIL-0145\",\"sale_type\":\"market\",\"customer_name\":null,\"customer_phone\":\"5377857596\",\"customer_email\":null,\"subtotal\":\"60.00\",\"tax_amount\":\"0.00\",\"discount_amount\":\"0.00\",\"total_amount\":\"60.00\",\"paid_amount\":\"60.00\",\"change_amount\":\"0.00\",\"payment_method\":\"cash\",\"sale_status\":\"completed\",\"notes\":null,\"sale_date\":\"2026-02-21T13:52:36.000000Z\",\"cashier_id\":9,\"is_loan\":false,\"loan_amount\":\"0.00\",\"collected_amount\":\"60.00\",\"payment_status\":\"paid\",\"updated_at\":\"2026-02-21T13:52:36.000000Z\",\"created_at\":\"2026-02-21T13:52:36.000000Z\",\"id\":20}','Sale created through POS',9,'AL ISSEL','2026-02-21 10:52:36','2026-02-21 10:52:36'),
(22,21,'created',NULL,NULL,'{\"sale_number\":\"HIL-0146\",\"sale_type\":\"market\",\"customer_name\":\"KHALID OUSMAN\",\"customer_phone\":\"68 51 61 69\",\"customer_email\":null,\"subtotal\":\"600.00\",\"tax_amount\":\"0.00\",\"discount_amount\":\"0.00\",\"total_amount\":\"600.00\",\"paid_amount\":\"600.00\",\"change_amount\":\"0.00\",\"payment_method\":\"cash\",\"sale_status\":\"completed\",\"notes\":null,\"sale_date\":\"2026-02-22T11:59:31.000000Z\",\"cashier_id\":4,\"is_loan\":false,\"loan_amount\":\"0.00\",\"collected_amount\":\"600.00\",\"payment_status\":\"paid\",\"updated_at\":\"2026-02-22T11:59:31.000000Z\",\"created_at\":\"2026-02-22T11:59:31.000000Z\",\"id\":21}','Sale created through POS',4,'admin','2026-02-22 08:59:31','2026-02-22 08:59:31'),
(23,22,'created',NULL,NULL,'{\"sale_number\":\"HIL-0147\",\"sale_type\":\"market\",\"customer_name\":\"Xx\",\"customer_phone\":null,\"customer_email\":null,\"subtotal\":\"60.00\",\"tax_amount\":\"0.00\",\"discount_amount\":\"0.00\",\"total_amount\":\"60.00\",\"paid_amount\":\"60.00\",\"change_amount\":\"0.00\",\"payment_method\":\"cash\",\"sale_status\":\"completed\",\"notes\":null,\"sale_date\":\"2026-02-23T09:55:12.000000Z\",\"cashier_id\":9,\"is_loan\":false,\"loan_amount\":\"0.00\",\"collected_amount\":\"60.00\",\"payment_status\":\"paid\",\"updated_at\":\"2026-02-23T09:55:12.000000Z\",\"created_at\":\"2026-02-23T09:55:12.000000Z\",\"id\":22}','Sale created through POS',9,'AL ISSEL','2026-02-23 06:55:12','2026-02-23 06:55:12'),
(24,23,'created',NULL,NULL,'{\"sale_number\":\"HIL-0148\",\"sale_type\":\"market\",\"customer_name\":\"Al Khazali\",\"customer_phone\":\"235 66167509\",\"customer_email\":null,\"subtotal\":\"168.00\",\"tax_amount\":\"0.00\",\"discount_amount\":\"168.00\",\"total_amount\":\"0.00\",\"paid_amount\":\"0.00\",\"change_amount\":\"0.00\",\"payment_method\":\"cash\",\"sale_status\":\"completed\",\"notes\":null,\"sale_date\":\"2026-02-24T10:41:52.000000Z\",\"cashier_id\":10,\"is_loan\":false,\"loan_amount\":\"0.00\",\"collected_amount\":\"0.00\",\"payment_status\":\"paid\",\"updated_at\":\"2026-02-24T10:41:52.000000Z\",\"created_at\":\"2026-02-24T10:41:52.000000Z\",\"id\":23}','Sale created through POS',10,'HOUDEY','2026-02-24 07:41:52','2026-02-24 07:41:52'),
(25,24,'created',NULL,NULL,'{\"sale_number\":\"HIL-0149\",\"sale_type\":\"market\",\"customer_name\":\"Yakhoub\",\"customer_phone\":\"+235 94 08 40 41\",\"customer_email\":null,\"subtotal\":\"56.00\",\"tax_amount\":\"0.00\",\"discount_amount\":\"0.00\",\"total_amount\":\"56.00\",\"paid_amount\":\"0.00\",\"change_amount\":\"0.00\",\"payment_method\":\"cash\",\"sale_status\":\"completed\",\"notes\":null,\"sale_date\":\"2026-02-24T11:19:41.000000Z\",\"cashier_id\":10,\"is_loan\":true,\"loan_amount\":\"56.00\",\"collected_amount\":\"0.00\",\"payment_status\":\"unpaid\",\"updated_at\":\"2026-02-24T11:19:41.000000Z\",\"created_at\":\"2026-02-24T11:19:41.000000Z\",\"id\":24}','Sale created through POS',10,'HOUDEY','2026-02-24 08:19:41','2026-02-24 08:19:41'),
(26,14,'payment_received','{\"payment_status\":{\"old\":\"unpaid\",\"new\":\"paid\"},\"loan_amount\":{\"old\":\"594.00\",\"new\":\"0.00\"},\"collected_amount\":{\"old\":\"0.00\",\"new\":\"594.00\"},\"is_loan\":{\"old\":true,\"new\":false}}',NULL,'{\"payment_amount\":594,\"payment_method\":\"cash\",\"payment_notes\":null,\"balance_after\":0}','Payment received: 594 CFA via Cash',4,'admin','2026-02-24 09:03:20','2026-02-24 09:03:20'),
(27,25,'created',NULL,NULL,'{\"sale_number\":\"HIL-0150\",\"sale_type\":\"market\",\"customer_name\":\"Mustafa\",\"customer_phone\":null,\"customer_email\":null,\"subtotal\":\"30.00\",\"tax_amount\":\"0.00\",\"discount_amount\":\"0.00\",\"total_amount\":\"30.00\",\"paid_amount\":\"30.00\",\"change_amount\":\"0.00\",\"payment_method\":\"cash\",\"sale_status\":\"completed\",\"notes\":null,\"sale_date\":\"2026-02-25T12:09:21.000000Z\",\"cashier_id\":9,\"is_loan\":false,\"loan_amount\":\"0.00\",\"collected_amount\":\"30.00\",\"payment_status\":\"paid\",\"updated_at\":\"2026-02-25T12:09:21.000000Z\",\"created_at\":\"2026-02-25T12:09:21.000000Z\",\"id\":25}','Sale created through POS',9,'AL ISSEL','2026-02-25 09:09:21','2026-02-25 09:09:21'),
(28,26,'created',NULL,NULL,'{\"sale_number\":\"HIL-0151\",\"sale_type\":\"market\",\"customer_name\":\"Mahamat djbrine Mahamat\",\"customer_phone\":\"05380173647\",\"customer_email\":null,\"subtotal\":\"112.00\",\"tax_amount\":\"0.00\",\"discount_amount\":\"56.00\",\"total_amount\":\"56.00\",\"paid_amount\":\"56.00\",\"change_amount\":\"0.00\",\"payment_method\":\"cash\",\"sale_status\":\"completed\",\"notes\":null,\"sale_date\":\"2026-02-25T12:23:44.000000Z\",\"cashier_id\":10,\"is_loan\":false,\"loan_amount\":\"0.00\",\"collected_amount\":\"56.00\",\"payment_status\":\"paid\",\"updated_at\":\"2026-02-25T12:23:44.000000Z\",\"created_at\":\"2026-02-25T12:23:44.000000Z\",\"id\":26}','Sale created through POS',10,'HOUDEY','2026-02-25 09:23:44','2026-02-25 09:23:44'),
(29,27,'created',NULL,NULL,'{\"sale_number\":\"HIL-0152\",\"sale_type\":\"market\",\"customer_name\":\"Moustapha\",\"customer_phone\":\"+90 545 780 42 69\",\"customer_email\":null,\"subtotal\":\"30.00\",\"tax_amount\":\"0.00\",\"discount_amount\":\"0.00\",\"total_amount\":\"30.00\",\"paid_amount\":\"30.00\",\"change_amount\":\"0.00\",\"payment_method\":\"cash\",\"sale_status\":\"completed\",\"notes\":null,\"sale_date\":\"2026-02-25T12:30:27.000000Z\",\"cashier_id\":10,\"is_loan\":false,\"loan_amount\":\"0.00\",\"collected_amount\":\"30.00\",\"payment_status\":\"paid\",\"updated_at\":\"2026-02-25T12:30:27.000000Z\",\"created_at\":\"2026-02-25T12:30:27.000000Z\",\"id\":27}','Sale created through POS',10,'HOUDEY','2026-02-25 09:30:28','2026-02-25 09:30:28'),
(30,28,'created',NULL,NULL,'{\"sale_number\":\"HIL-0153\",\"sale_type\":\"market\",\"customer_name\":\"Xxx\",\"customer_phone\":null,\"customer_email\":null,\"subtotal\":\"90.00\",\"tax_amount\":\"0.00\",\"discount_amount\":\"0.00\",\"total_amount\":\"90.00\",\"paid_amount\":\"90.00\",\"change_amount\":\"0.00\",\"payment_method\":\"cash\",\"sale_status\":\"completed\",\"notes\":null,\"sale_date\":\"2026-02-25T15:47:21.000000Z\",\"cashier_id\":9,\"is_loan\":false,\"loan_amount\":\"0.00\",\"collected_amount\":\"90.00\",\"payment_status\":\"paid\",\"updated_at\":\"2026-02-25T15:47:21.000000Z\",\"created_at\":\"2026-02-25T15:47:21.000000Z\",\"id\":28}','Sale created through POS',9,'AL ISSEL','2026-02-25 12:47:21','2026-02-25 12:47:21'),
(31,29,'created',NULL,NULL,'{\"sale_number\":\"HIL-0154\",\"sale_type\":\"market\",\"customer_name\":\"Oussama\",\"customer_phone\":\"+90 545 375 39 75\",\"customer_email\":null,\"subtotal\":\"324.00\",\"tax_amount\":\"0.00\",\"discount_amount\":\"324.00\",\"total_amount\":\"0.00\",\"paid_amount\":\"0.00\",\"change_amount\":\"0.00\",\"payment_method\":\"cash\",\"sale_status\":\"completed\",\"notes\":null,\"sale_date\":\"2026-02-26T11:04:39.000000Z\",\"cashier_id\":10,\"is_loan\":false,\"loan_amount\":\"0.00\",\"collected_amount\":\"0.00\",\"payment_status\":\"paid\",\"updated_at\":\"2026-02-26T11:04:39.000000Z\",\"created_at\":\"2026-02-26T11:04:39.000000Z\",\"id\":29}','Sale created through POS',10,'HOUDEY','2026-02-26 08:04:40','2026-02-26 08:04:40'),
(32,30,'created',NULL,NULL,'{\"sale_number\":\"HIL-0155\",\"sale_type\":\"market\",\"customer_name\":\"Abdallah bout\",\"customer_phone\":\"+235 66 02 20 80\",\"customer_email\":null,\"subtotal\":\"520.00\",\"tax_amount\":\"0.00\",\"discount_amount\":\"0.00\",\"total_amount\":\"520.00\",\"paid_amount\":\"520.00\",\"change_amount\":\"0.00\",\"payment_method\":\"cash\",\"sale_status\":\"completed\",\"notes\":null,\"sale_date\":\"2026-02-26T18:12:25.000000Z\",\"cashier_id\":9,\"is_loan\":false,\"loan_amount\":\"0.00\",\"collected_amount\":\"520.00\",\"payment_status\":\"paid\",\"updated_at\":\"2026-02-26T18:12:25.000000Z\",\"created_at\":\"2026-02-26T18:12:25.000000Z\",\"id\":30}','Sale created through POS',9,'AL ISSEL','2026-02-26 15:12:26','2026-02-26 15:12:26'),
(33,31,'created',NULL,NULL,'{\"sale_number\":\"HIL-0156\",\"sale_type\":\"market\",\"customer_name\":\"Cherif abi\",\"customer_phone\":\"+90 544 921 16 13\",\"customer_email\":null,\"subtotal\":\"104.00\",\"tax_amount\":\"0.00\",\"discount_amount\":\"0.00\",\"total_amount\":\"104.00\",\"paid_amount\":\"104.00\",\"change_amount\":\"0.00\",\"payment_method\":\"cash\",\"sale_status\":\"completed\",\"notes\":null,\"sale_date\":\"2026-02-26T18:14:22.000000Z\",\"cashier_id\":9,\"is_loan\":false,\"loan_amount\":\"0.00\",\"collected_amount\":\"104.00\",\"payment_status\":\"paid\",\"updated_at\":\"2026-02-26T18:14:22.000000Z\",\"created_at\":\"2026-02-26T18:14:22.000000Z\",\"id\":31}','Sale created through POS',9,'AL ISSEL','2026-02-26 15:14:22','2026-02-26 15:14:22'),
(34,32,'created',NULL,NULL,'{\"sale_number\":\"HIL-0157\",\"sale_type\":\"market\",\"customer_name\":\"Badur\",\"customer_phone\":\"+90 545 954 31 10\",\"customer_email\":null,\"subtotal\":\"288.00\",\"tax_amount\":\"0.00\",\"discount_amount\":\"0.00\",\"total_amount\":\"288.00\",\"paid_amount\":\"288.00\",\"change_amount\":\"0.00\",\"payment_method\":\"cash\",\"sale_status\":\"completed\",\"notes\":null,\"sale_date\":\"2026-02-26T18:16:22.000000Z\",\"cashier_id\":9,\"is_loan\":false,\"loan_amount\":\"0.00\",\"collected_amount\":\"288.00\",\"payment_status\":\"paid\",\"updated_at\":\"2026-02-26T18:16:22.000000Z\",\"created_at\":\"2026-02-26T18:16:22.000000Z\",\"id\":32}','Sale created through POS',9,'AL ISSEL','2026-02-26 15:16:22','2026-02-26 15:16:22'),
(35,33,'created',NULL,NULL,'{\"sale_number\":\"HIL-0158\",\"sale_type\":\"market\",\"customer_name\":\"Badur\",\"customer_phone\":\"+90 545 954 31 10\",\"customer_email\":null,\"subtotal\":\"312.00\",\"tax_amount\":\"0.00\",\"discount_amount\":\"0.00\",\"total_amount\":\"312.00\",\"paid_amount\":\"312.00\",\"change_amount\":\"0.00\",\"payment_method\":\"cash\",\"sale_status\":\"completed\",\"notes\":null,\"sale_date\":\"2026-02-26T18:17:01.000000Z\",\"cashier_id\":9,\"is_loan\":false,\"loan_amount\":\"0.00\",\"collected_amount\":\"312.00\",\"payment_status\":\"paid\",\"updated_at\":\"2026-02-26T18:17:01.000000Z\",\"created_at\":\"2026-02-26T18:17:01.000000Z\",\"id\":33}','Sale created through POS',9,'AL ISSEL','2026-02-26 15:17:01','2026-02-26 15:17:01'),
(36,34,'created',NULL,NULL,'{\"sale_number\":\"HIL-0159\",\"sale_type\":\"market\",\"customer_name\":\"Echatillon Yassir Arrafat\",\"customer_phone\":\"+90 544 141 71 60\",\"customer_email\":null,\"subtotal\":\"52.00\",\"tax_amount\":\"0.00\",\"discount_amount\":\"52.00\",\"total_amount\":\"0.00\",\"paid_amount\":\"0.00\",\"change_amount\":\"0.00\",\"payment_method\":\"cash\",\"sale_status\":\"completed\",\"notes\":null,\"sale_date\":\"2026-02-27T14:25:41.000000Z\",\"cashier_id\":10,\"is_loan\":false,\"loan_amount\":\"0.00\",\"collected_amount\":\"0.00\",\"payment_status\":\"paid\",\"updated_at\":\"2026-02-27T14:25:41.000000Z\",\"created_at\":\"2026-02-27T14:25:41.000000Z\",\"id\":34}','Sale created through POS',10,'HOUDEY','2026-02-27 11:25:41','2026-02-27 11:25:41'),
(37,35,'created',NULL,NULL,'{\"sale_number\":\"HIL-0160\",\"sale_type\":\"market\",\"customer_name\":\"Hamza\",\"customer_phone\":\"05525277478\",\"customer_email\":null,\"subtotal\":\"84.00\",\"tax_amount\":\"0.00\",\"discount_amount\":\"0.00\",\"total_amount\":\"84.00\",\"paid_amount\":\"84.00\",\"change_amount\":\"0.00\",\"payment_method\":\"cash\",\"sale_status\":\"completed\",\"notes\":null,\"sale_date\":\"2026-02-28T11:22:17.000000Z\",\"cashier_id\":10,\"is_loan\":false,\"loan_amount\":\"0.00\",\"collected_amount\":\"84.00\",\"payment_status\":\"paid\",\"updated_at\":\"2026-02-28T11:22:17.000000Z\",\"created_at\":\"2026-02-28T11:22:17.000000Z\",\"id\":35}','Sale created through POS',10,'HOUDEY','2026-02-28 08:22:17','2026-02-28 08:22:17'),
(38,36,'created',NULL,NULL,'{\"sale_number\":\"HIL-0161\",\"sale_type\":\"market\",\"customer_name\":\"Mht bahar\",\"customer_phone\":\"5015253992\",\"customer_email\":null,\"subtotal\":\"30.00\",\"tax_amount\":\"0.00\",\"discount_amount\":\"0.00\",\"total_amount\":\"30.00\",\"paid_amount\":\"30.00\",\"change_amount\":\"0.00\",\"payment_method\":\"cash\",\"sale_status\":\"completed\",\"notes\":null,\"sale_date\":\"2026-02-28T13:35:56.000000Z\",\"cashier_id\":9,\"is_loan\":false,\"loan_amount\":\"0.00\",\"collected_amount\":\"30.00\",\"payment_status\":\"paid\",\"updated_at\":\"2026-02-28T13:35:56.000000Z\",\"created_at\":\"2026-02-28T13:35:56.000000Z\",\"id\":36}','Sale created through POS',9,'AL ISSEL','2026-02-28 10:35:56','2026-02-28 10:35:56'),
(39,37,'created',NULL,NULL,'{\"sale_number\":\"HIL-0162\",\"sale_type\":\"market\",\"customer_name\":\"Mahamat Moussa\",\"customer_phone\":\"5539539360\",\"customer_email\":null,\"subtotal\":\"30.00\",\"tax_amount\":\"0.00\",\"discount_amount\":\"0.00\",\"total_amount\":\"30.00\",\"paid_amount\":\"30.00\",\"change_amount\":\"0.00\",\"payment_method\":\"cash\",\"sale_status\":\"completed\",\"notes\":null,\"sale_date\":\"2026-02-28T14:16:01.000000Z\",\"cashier_id\":10,\"is_loan\":false,\"loan_amount\":\"0.00\",\"collected_amount\":\"30.00\",\"payment_status\":\"paid\",\"updated_at\":\"2026-02-28T14:16:01.000000Z\",\"created_at\":\"2026-02-28T14:16:01.000000Z\",\"id\":37}','Sale created through POS',10,'HOUDEY','2026-02-28 11:16:01','2026-02-28 11:16:01'),
(40,38,'created',NULL,NULL,'{\"sale_number\":\"HIL-0163\",\"sale_type\":\"market\",\"customer_name\":\"Hassan Fortey\",\"customer_phone\":\"+90 536 519 70 77\",\"customer_email\":null,\"subtotal\":\"28.00\",\"tax_amount\":\"0.00\",\"discount_amount\":\"0.00\",\"total_amount\":\"28.00\",\"paid_amount\":\"28.00\",\"change_amount\":\"0.00\",\"payment_method\":\"cash\",\"sale_status\":\"completed\",\"notes\":null,\"sale_date\":\"2026-02-28T14:47:58.000000Z\",\"cashier_id\":10,\"is_loan\":false,\"loan_amount\":\"0.00\",\"collected_amount\":\"28.00\",\"payment_status\":\"paid\",\"updated_at\":\"2026-02-28T14:47:58.000000Z\",\"created_at\":\"2026-02-28T14:47:58.000000Z\",\"id\":38}','Sale created through POS',10,'HOUDEY','2026-02-28 11:47:58','2026-02-28 11:47:58'),
(41,39,'created',NULL,NULL,'{\"sale_number\":\"HIL-0164\",\"sale_type\":\"market\",\"customer_name\":\"Abdeldjabar\",\"customer_phone\":\"+90 534 055 30 96\",\"customer_email\":null,\"subtotal\":\"72.00\",\"tax_amount\":\"0.00\",\"discount_amount\":\"0.00\",\"total_amount\":\"72.00\",\"paid_amount\":\"0.00\",\"change_amount\":\"0.00\",\"payment_method\":\"cash\",\"sale_status\":\"completed\",\"notes\":null,\"sale_date\":\"2026-03-02T10:19:42.000000Z\",\"cashier_id\":9,\"is_loan\":true,\"loan_amount\":\"72.00\",\"collected_amount\":\"0.00\",\"payment_status\":\"unpaid\",\"updated_at\":\"2026-03-02T10:19:42.000000Z\",\"created_at\":\"2026-03-02T10:19:42.000000Z\",\"id\":39}','Sale created through POS',9,'AL ISSEL','2026-03-02 07:19:42','2026-03-02 07:19:42'),
(42,40,'created',NULL,NULL,'{\"sale_number\":\"HIL-0165\",\"sale_type\":\"market\",\"customer_name\":\"Hamat\",\"customer_phone\":\"66167544\",\"customer_email\":null,\"subtotal\":\"330.00\",\"tax_amount\":\"0.00\",\"discount_amount\":\"0.00\",\"total_amount\":\"330.00\",\"paid_amount\":\"0.00\",\"change_amount\":\"0.00\",\"payment_method\":\"cash\",\"sale_status\":\"completed\",\"notes\":null,\"sale_date\":\"2026-03-02T10:23:32.000000Z\",\"cashier_id\":9,\"is_loan\":true,\"loan_amount\":\"330.00\",\"collected_amount\":\"0.00\",\"payment_status\":\"unpaid\",\"updated_at\":\"2026-03-02T10:23:32.000000Z\",\"created_at\":\"2026-03-02T10:23:32.000000Z\",\"id\":40}','Sale created through POS',9,'AL ISSEL','2026-03-02 07:23:32','2026-03-02 07:23:32'),
(43,41,'created',NULL,NULL,'{\"sale_number\":\"HIL-0166\",\"sale_type\":\"market\",\"customer_name\":\"Hamat\",\"customer_phone\":\"66167544\",\"customer_email\":null,\"subtotal\":\"140.00\",\"tax_amount\":\"0.00\",\"discount_amount\":\"0.00\",\"total_amount\":\"140.00\",\"paid_amount\":\"0.00\",\"change_amount\":\"0.00\",\"payment_method\":\"cash\",\"sale_status\":\"completed\",\"notes\":null,\"sale_date\":\"2026-03-02T10:24:20.000000Z\",\"cashier_id\":9,\"is_loan\":true,\"loan_amount\":\"140.00\",\"collected_amount\":\"0.00\",\"payment_status\":\"unpaid\",\"updated_at\":\"2026-03-02T10:24:20.000000Z\",\"created_at\":\"2026-03-02T10:24:20.000000Z\",\"id\":41}','Sale created through POS',9,'AL ISSEL','2026-03-02 07:24:20','2026-03-02 07:24:20'),
(44,39,'payment_received','{\"payment_status\":{\"old\":\"unpaid\",\"new\":\"paid\"},\"loan_amount\":{\"old\":\"72.00\",\"new\":\"0.00\"},\"collected_amount\":{\"old\":\"0.00\",\"new\":\"72.00\"},\"is_loan\":{\"old\":true,\"new\":false}}',NULL,'{\"payment_amount\":72,\"payment_method\":\"cash\",\"payment_notes\":null,\"balance_after\":0}','Payment received: 72 CFA via Cash',9,'AL ISSEL','2026-03-02 07:27:29','2026-03-02 07:27:29'),
(45,42,'created',NULL,NULL,'{\"sale_number\":\"HIL-0167\",\"sale_type\":\"market\",\"customer_name\":\"Moubarak Niger\",\"customer_phone\":\"+237 6 91 08 33 85\",\"customer_email\":null,\"subtotal\":\"30.00\",\"tax_amount\":\"0.00\",\"discount_amount\":\"0.00\",\"total_amount\":\"30.00\",\"paid_amount\":\"30.00\",\"change_amount\":\"0.00\",\"payment_method\":\"cash\",\"sale_status\":\"completed\",\"notes\":null,\"sale_date\":\"2026-03-02T11:07:25.000000Z\",\"cashier_id\":10,\"is_loan\":false,\"loan_amount\":\"0.00\",\"collected_amount\":\"30.00\",\"payment_status\":\"paid\",\"updated_at\":\"2026-03-02T11:07:25.000000Z\",\"created_at\":\"2026-03-02T11:07:25.000000Z\",\"id\":42}','Sale created through POS',10,'HOUDEY','2026-03-02 08:07:25','2026-03-02 08:07:25'),
(46,43,'created',NULL,NULL,'{\"sale_number\":\"HIL-0168\",\"sale_type\":\"market\",\"customer_name\":\"MAHAMAT\",\"customer_phone\":\"0554 588 62 62\",\"customer_email\":null,\"subtotal\":\"154.00\",\"tax_amount\":\"0.00\",\"discount_amount\":\"4.00\",\"total_amount\":\"150.00\",\"paid_amount\":\"150.00\",\"change_amount\":\"0.00\",\"payment_method\":\"cash\",\"sale_status\":\"completed\",\"notes\":null,\"sale_date\":\"2026-03-02T14:55:13.000000Z\",\"cashier_id\":9,\"is_loan\":false,\"loan_amount\":\"0.00\",\"collected_amount\":\"150.00\",\"payment_status\":\"paid\",\"updated_at\":\"2026-03-02T14:55:13.000000Z\",\"created_at\":\"2026-03-02T14:55:13.000000Z\",\"id\":43}','Sale created through POS',9,'AL ISSEL','2026-03-02 11:55:13','2026-03-02 11:55:13'),
(47,44,'created',NULL,NULL,'{\"sale_number\":\"HIL-0169\",\"sale_type\":\"market\",\"customer_name\":\"DJIBRINE\",\"customer_phone\":\"+235 61 02 41 42\",\"customer_email\":null,\"subtotal\":\"642.00\",\"tax_amount\":\"0.00\",\"discount_amount\":\"0.00\",\"total_amount\":\"642.00\",\"paid_amount\":\"642.00\",\"change_amount\":\"0.00\",\"payment_method\":\"cash\",\"sale_status\":\"completed\",\"notes\":null,\"sale_date\":\"2026-03-02T16:09:36.000000Z\",\"cashier_id\":9,\"is_loan\":false,\"loan_amount\":\"0.00\",\"collected_amount\":\"642.00\",\"payment_status\":\"paid\",\"updated_at\":\"2026-03-02T16:09:36.000000Z\",\"created_at\":\"2026-03-02T16:09:36.000000Z\",\"id\":44}','Sale created through POS',9,'AL ISSEL','2026-03-02 13:09:36','2026-03-02 13:09:36'),
(48,45,'created',NULL,NULL,'{\"sale_number\":\"HIL-0170\",\"sale_type\":\"market\",\"customer_name\":\"Hemchi\",\"customer_phone\":null,\"customer_email\":null,\"subtotal\":\"84.00\",\"tax_amount\":\"0.00\",\"discount_amount\":\"0.00\",\"total_amount\":\"84.00\",\"paid_amount\":\"84.00\",\"change_amount\":\"0.00\",\"payment_method\":\"cash\",\"sale_status\":\"completed\",\"notes\":null,\"sale_date\":\"2026-03-03T14:31:31.000000Z\",\"cashier_id\":9,\"is_loan\":false,\"loan_amount\":\"0.00\",\"collected_amount\":\"84.00\",\"payment_status\":\"paid\",\"updated_at\":\"2026-03-03T14:31:31.000000Z\",\"created_at\":\"2026-03-03T14:31:31.000000Z\",\"id\":45}','Sale created through POS',9,'AL ISSEL','2026-03-03 11:31:31','2026-03-03 11:31:31'),
(49,46,'created',NULL,NULL,'{\"sale_number\":\"HIL-0171\",\"sale_type\":\"market\",\"customer_name\":\"Chadallah\",\"customer_phone\":null,\"customer_email\":null,\"subtotal\":\"53.00\",\"tax_amount\":\"0.00\",\"discount_amount\":\"0.00\",\"total_amount\":\"53.00\",\"paid_amount\":\"53.00\",\"change_amount\":\"0.00\",\"payment_method\":\"cash\",\"sale_status\":\"completed\",\"notes\":null,\"sale_date\":\"2026-03-04T08:04:39.000000Z\",\"cashier_id\":9,\"is_loan\":false,\"loan_amount\":\"0.00\",\"collected_amount\":\"53.00\",\"payment_status\":\"paid\",\"updated_at\":\"2026-03-04T08:04:39.000000Z\",\"created_at\":\"2026-03-04T08:04:39.000000Z\",\"id\":46}','Sale created through POS',9,'AL ISSEL','2026-03-04 05:04:39','2026-03-04 05:04:39'),
(50,47,'created',NULL,NULL,'{\"sale_number\":\"HIL-0172\",\"sale_type\":\"market\",\"customer_name\":\"Am barka\",\"customer_phone\":null,\"customer_email\":null,\"subtotal\":\"60.00\",\"tax_amount\":\"0.00\",\"discount_amount\":\"0.00\",\"total_amount\":\"60.00\",\"paid_amount\":\"60.00\",\"change_amount\":\"0.00\",\"payment_method\":\"cash\",\"sale_status\":\"completed\",\"notes\":null,\"sale_date\":\"2026-03-04T09:14:24.000000Z\",\"cashier_id\":9,\"is_loan\":false,\"loan_amount\":\"0.00\",\"collected_amount\":\"60.00\",\"payment_status\":\"paid\",\"updated_at\":\"2026-03-04T09:14:24.000000Z\",\"created_at\":\"2026-03-04T09:14:24.000000Z\",\"id\":47}','Sale created through POS',9,'AL ISSEL','2026-03-04 06:14:24','2026-03-04 06:14:24'),
(51,48,'created',NULL,NULL,'{\"sale_number\":\"HIL-0173\",\"sale_type\":\"market\",\"customer_name\":\"Fatime Abdelrahim\",\"customer_phone\":\"66063078\",\"customer_email\":null,\"subtotal\":\"90.00\",\"tax_amount\":\"0.00\",\"discount_amount\":\"0.00\",\"total_amount\":\"90.00\",\"paid_amount\":\"0.00\",\"change_amount\":\"0.00\",\"payment_method\":\"cash\",\"sale_status\":\"completed\",\"notes\":null,\"sale_date\":\"2026-03-04T10:28:37.000000Z\",\"cashier_id\":9,\"is_loan\":true,\"loan_amount\":\"90.00\",\"collected_amount\":\"0.00\",\"payment_status\":\"unpaid\",\"updated_at\":\"2026-03-04T10:28:37.000000Z\",\"created_at\":\"2026-03-04T10:28:37.000000Z\",\"id\":48}','Sale created through POS',9,'AL ISSEL','2026-03-04 07:28:37','2026-03-04 07:28:37'),
(52,49,'created',NULL,NULL,'{\"sale_number\":\"HIL-0174\",\"sale_type\":\"market\",\"customer_name\":\"Abdallah\",\"customer_phone\":\"66101347\",\"customer_email\":null,\"subtotal\":\"499.00\",\"tax_amount\":\"0.00\",\"discount_amount\":\"0.00\",\"total_amount\":\"499.00\",\"paid_amount\":\"499.00\",\"change_amount\":\"0.00\",\"payment_method\":\"cash\",\"sale_status\":\"completed\",\"notes\":null,\"sale_date\":\"2026-03-05T13:45:36.000000Z\",\"cashier_id\":9,\"is_loan\":false,\"loan_amount\":\"0.00\",\"collected_amount\":\"499.00\",\"payment_status\":\"paid\",\"updated_at\":\"2026-03-05T13:45:36.000000Z\",\"created_at\":\"2026-03-05T13:45:36.000000Z\",\"id\":49}','Sale created through POS',9,'AL ISSEL','2026-03-05 10:45:36','2026-03-05 10:45:36'),
(53,50,'created',NULL,NULL,'{\"sale_number\":\"HIL-0175\",\"sale_type\":\"market\",\"customer_name\":\"Charfadin k\\u00f6sele ve winex\",\"customer_phone\":\"\\u202a+235\\u00a066\\u00a005\\u00a005\\u00a076\\u202c\",\"customer_email\":null,\"subtotal\":\"610.00\",\"tax_amount\":\"0.00\",\"discount_amount\":\"0.00\",\"total_amount\":\"610.00\",\"paid_amount\":\"0.00\",\"change_amount\":\"0.00\",\"payment_method\":\"cash\",\"sale_status\":\"completed\",\"notes\":null,\"sale_date\":\"2026-03-05T13:48:58.000000Z\",\"cashier_id\":9,\"is_loan\":true,\"loan_amount\":\"610.00\",\"collected_amount\":\"0.00\",\"payment_status\":\"unpaid\",\"updated_at\":\"2026-03-05T13:48:58.000000Z\",\"created_at\":\"2026-03-05T13:48:58.000000Z\",\"id\":50}','Sale created through POS',9,'AL ISSEL','2026-03-05 10:48:58','2026-03-05 10:48:58'),
(54,51,'created',NULL,NULL,'{\"sale_number\":\"HIL-0176\",\"sale_type\":\"market\",\"customer_name\":\"Charfadin mikro\",\"customer_phone\":\"\\u202a+235\\u00a066\\u00a005\\u00a005\\u00a076\\u202c\",\"customer_email\":null,\"subtotal\":\"676.00\",\"tax_amount\":\"0.00\",\"discount_amount\":\"0.00\",\"total_amount\":\"676.00\",\"paid_amount\":\"0.00\",\"change_amount\":\"0.00\",\"payment_method\":\"cash\",\"sale_status\":\"completed\",\"notes\":null,\"sale_date\":\"2026-03-05T13:52:36.000000Z\",\"cashier_id\":9,\"is_loan\":true,\"loan_amount\":\"676.00\",\"collected_amount\":\"0.00\",\"payment_status\":\"unpaid\",\"updated_at\":\"2026-03-05T13:52:36.000000Z\",\"created_at\":\"2026-03-05T13:52:36.000000Z\",\"id\":51}','Sale created through POS',9,'AL ISSEL','2026-03-05 10:52:36','2026-03-05 10:52:36'),
(55,52,'created',NULL,NULL,'{\"sale_number\":\"HIL-0177\",\"sale_type\":\"market\",\"customer_name\":\"Aba cherif\",\"customer_phone\":\"+90 544 921 16 13\",\"customer_email\":null,\"subtotal\":\"52.00\",\"tax_amount\":\"0.00\",\"discount_amount\":\"0.00\",\"total_amount\":\"52.00\",\"paid_amount\":\"0.00\",\"change_amount\":\"0.00\",\"payment_method\":\"cash\",\"sale_status\":\"completed\",\"notes\":null,\"sale_date\":\"2026-03-05T14:12:30.000000Z\",\"cashier_id\":9,\"is_loan\":true,\"loan_amount\":\"52.00\",\"collected_amount\":\"0.00\",\"payment_status\":\"unpaid\",\"updated_at\":\"2026-03-05T14:12:30.000000Z\",\"created_at\":\"2026-03-05T14:12:30.000000Z\",\"id\":52}','Sale created through POS',9,'AL ISSEL','2026-03-05 11:12:30','2026-03-05 11:12:30'),
(56,53,'created',NULL,NULL,'{\"sale_number\":\"HIL-0178\",\"sale_type\":\"market\",\"customer_name\":\"Charfadin escallade\",\"customer_phone\":\"\\u202a+235\\u00a066\\u00a005\\u00a005\\u00a076\\u202c\",\"customer_email\":null,\"subtotal\":\"100.00\",\"tax_amount\":\"0.00\",\"discount_amount\":\"0.00\",\"total_amount\":\"100.00\",\"paid_amount\":\"0.00\",\"change_amount\":\"0.00\",\"payment_method\":\"cash\",\"sale_status\":\"completed\",\"notes\":null,\"sale_date\":\"2026-03-05T14:15:25.000000Z\",\"cashier_id\":9,\"is_loan\":true,\"loan_amount\":\"100.00\",\"collected_amount\":\"0.00\",\"payment_status\":\"unpaid\",\"updated_at\":\"2026-03-05T14:15:25.000000Z\",\"created_at\":\"2026-03-05T14:15:25.000000Z\",\"id\":53}','Sale created through POS',9,'AL ISSEL','2026-03-05 11:15:25','2026-03-05 11:15:25'),
(57,54,'created',NULL,NULL,'{\"sale_number\":\"HIL-0179\",\"sale_type\":\"market\",\"customer_name\":\"Mustafa\",\"customer_phone\":\"\\u202a+90\\u00a0537\\u00a0557\\u00a038\\u00a053\\u202c\",\"customer_email\":null,\"subtotal\":\"387.00\",\"tax_amount\":\"0.00\",\"discount_amount\":\"0.00\",\"total_amount\":\"387.00\",\"paid_amount\":\"387.00\",\"change_amount\":\"0.00\",\"payment_method\":\"cash\",\"sale_status\":\"completed\",\"notes\":null,\"sale_date\":\"2026-03-06T14:25:07.000000Z\",\"cashier_id\":9,\"is_loan\":false,\"loan_amount\":\"0.00\",\"collected_amount\":\"387.00\",\"payment_status\":\"paid\",\"updated_at\":\"2026-03-06T14:25:07.000000Z\",\"created_at\":\"2026-03-06T14:25:07.000000Z\",\"id\":54}','Sale created through POS',9,'AL ISSEL','2026-03-06 11:25:07','2026-03-06 11:25:07'),
(58,55,'created',NULL,NULL,'{\"sale_number\":\"HIL-0180\",\"sale_type\":\"market\",\"customer_name\":\"Aba ali\",\"customer_phone\":\"+235 66 10 97 98\",\"customer_email\":null,\"subtotal\":\"60.00\",\"tax_amount\":\"0.00\",\"discount_amount\":\"0.00\",\"total_amount\":\"60.00\",\"paid_amount\":\"60.00\",\"change_amount\":\"0.00\",\"payment_method\":\"cash\",\"sale_status\":\"completed\",\"notes\":null,\"sale_date\":\"2026-03-07T13:35:02.000000Z\",\"cashier_id\":9,\"is_loan\":false,\"loan_amount\":\"0.00\",\"collected_amount\":\"60.00\",\"payment_status\":\"paid\",\"updated_at\":\"2026-03-07T13:35:02.000000Z\",\"created_at\":\"2026-03-07T13:35:02.000000Z\",\"id\":55}','Sale created through POS',9,'AL ISSEL','2026-03-07 10:35:02','2026-03-07 10:35:02'),
(59,56,'created',NULL,NULL,'{\"sale_number\":\"HIL-0181\",\"sale_type\":\"market\",\"customer_name\":\"Mht saleh\",\"customer_phone\":null,\"customer_email\":null,\"subtotal\":\"50.00\",\"tax_amount\":\"0.00\",\"discount_amount\":\"0.00\",\"total_amount\":\"50.00\",\"paid_amount\":\"50.00\",\"change_amount\":\"0.00\",\"payment_method\":\"cash\",\"sale_status\":\"completed\",\"notes\":null,\"sale_date\":\"2026-03-07T13:37:54.000000Z\",\"cashier_id\":9,\"is_loan\":false,\"loan_amount\":\"0.00\",\"collected_amount\":\"50.00\",\"payment_status\":\"paid\",\"updated_at\":\"2026-03-07T13:37:54.000000Z\",\"created_at\":\"2026-03-07T13:37:54.000000Z\",\"id\":56}','Sale created through POS',9,'AL ISSEL','2026-03-07 10:37:54','2026-03-07 10:37:54'),
(60,57,'created',NULL,NULL,'{\"sale_number\":\"HIL-0182\",\"sale_type\":\"market\",\"customer_name\":null,\"customer_phone\":null,\"customer_email\":null,\"subtotal\":\"56.00\",\"tax_amount\":\"0.00\",\"discount_amount\":\"0.00\",\"total_amount\":\"56.00\",\"paid_amount\":\"56.00\",\"change_amount\":\"0.00\",\"payment_method\":\"cash\",\"sale_status\":\"completed\",\"notes\":null,\"sale_date\":\"2026-03-07T13:50:49.000000Z\",\"cashier_id\":9,\"is_loan\":false,\"loan_amount\":\"0.00\",\"collected_amount\":\"56.00\",\"payment_status\":\"paid\",\"updated_at\":\"2026-03-07T13:50:49.000000Z\",\"created_at\":\"2026-03-07T13:50:49.000000Z\",\"id\":57}','Sale created through POS',9,'AL ISSEL','2026-03-07 10:50:49','2026-03-07 10:50:49'),
(61,60,'created',NULL,NULL,'{\"sale_number\":\"HIL-0183\",\"sale_type\":\"market\",\"customer_name\":\"Djamal\",\"customer_phone\":null,\"customer_email\":null,\"subtotal\":\"278.00\",\"tax_amount\":\"0.00\",\"discount_amount\":\"0.00\",\"total_amount\":\"278.00\",\"paid_amount\":\"278.00\",\"change_amount\":\"0.00\",\"payment_method\":\"cash\",\"sale_status\":\"completed\",\"notes\":null,\"sale_date\":\"2026-03-07T14:50:26.000000Z\",\"cashier_id\":9,\"is_loan\":false,\"loan_amount\":\"0.00\",\"collected_amount\":\"278.00\",\"payment_status\":\"paid\",\"updated_at\":\"2026-03-07T14:50:26.000000Z\",\"created_at\":\"2026-03-07T14:50:26.000000Z\",\"id\":60}','Sale created through POS',9,'AL ISSEL','2026-03-07 11:50:27','2026-03-07 11:50:27'),
(62,41,'payment_received','{\"payment_status\":{\"old\":\"unpaid\",\"new\":\"paid\"},\"loan_amount\":{\"old\":\"140.00\",\"new\":\"0.00\"},\"collected_amount\":{\"old\":\"0.00\",\"new\":\"140.00\"},\"is_loan\":{\"old\":true,\"new\":false}}',NULL,'{\"payment_amount\":140,\"payment_method\":\"cash\",\"payment_notes\":null,\"balance_after\":0}','Payment received: 140 CFA via Cash',4,'admin','2026-03-09 04:42:39','2026-03-09 04:42:39'),
(63,40,'payment_received','{\"payment_status\":{\"old\":\"unpaid\",\"new\":\"paid\"},\"loan_amount\":{\"old\":\"330.00\",\"new\":\"0.00\"},\"collected_amount\":{\"old\":\"0.00\",\"new\":\"330.00\"},\"is_loan\":{\"old\":true,\"new\":false}}',NULL,'{\"payment_amount\":330,\"payment_method\":\"cash\",\"payment_notes\":null,\"balance_after\":0}','Payment received: 330 CFA via Cash',4,'admin','2026-03-09 04:43:23','2026-03-09 04:43:23'),
(64,61,'created',NULL,NULL,'{\"sale_number\":\"HIL-0184\",\"sale_type\":\"market\",\"customer_name\":\"Brahim\",\"customer_phone\":null,\"customer_email\":null,\"subtotal\":\"90.00\",\"tax_amount\":\"0.00\",\"discount_amount\":\"0.00\",\"total_amount\":\"90.00\",\"paid_amount\":\"90.00\",\"change_amount\":\"0.00\",\"payment_method\":\"cash\",\"sale_status\":\"completed\",\"notes\":null,\"sale_date\":\"2026-03-09T07:52:16.000000Z\",\"cashier_id\":9,\"is_loan\":false,\"loan_amount\":\"0.00\",\"collected_amount\":\"90.00\",\"payment_status\":\"paid\",\"updated_at\":\"2026-03-09T07:52:16.000000Z\",\"created_at\":\"2026-03-09T07:52:16.000000Z\",\"id\":61}','Sale created through POS',9,'AL ISSEL','2026-03-09 04:52:16','2026-03-09 04:52:16'),
(65,62,'created',NULL,NULL,'{\"sale_number\":\"HIL-0185\",\"sale_type\":\"market\",\"customer_name\":\"Mht ahmat isere\",\"customer_phone\":\"+90 545 954 31 10\",\"customer_email\":null,\"subtotal\":\"974.00\",\"tax_amount\":\"0.00\",\"discount_amount\":\"0.00\",\"total_amount\":\"974.00\",\"paid_amount\":\"974.00\",\"change_amount\":\"0.00\",\"payment_method\":\"cash\",\"sale_status\":\"completed\",\"notes\":null,\"sale_date\":\"2026-03-09T10:05:09.000000Z\",\"cashier_id\":9,\"is_loan\":false,\"loan_amount\":\"0.00\",\"collected_amount\":\"974.00\",\"payment_status\":\"paid\",\"updated_at\":\"2026-03-09T10:05:09.000000Z\",\"created_at\":\"2026-03-09T10:05:09.000000Z\",\"id\":62}','Sale created through POS',9,'AL ISSEL','2026-03-09 07:05:09','2026-03-09 07:05:09'),
(66,62,'cancelled','{\"sale_status\":{\"old\":\"completed\",\"new\":\"cancelled\"},\"payment_status\":{\"old\":\"paid\",\"new\":\"refunded\"}}',NULL,'{\"id\":62,\"sale_number\":\"HIL-0185\",\"sale_type\":\"market\",\"customer_name\":\"Mht ahmat isere\",\"customer_phone\":\"+90 545 954 31 10\",\"customer_email\":null,\"subtotal\":\"974.00\",\"tax_amount\":\"0.00\",\"discount_amount\":\"0.00\",\"total_amount\":\"974.00\",\"loan_amount\":\"0.00\",\"collected_amount\":\"974.00\",\"is_loan\":false,\"paid_amount\":\"974.00\",\"change_amount\":\"0.00\",\"payment_method\":\"cash\",\"payment_status\":\"refunded\",\"sale_status\":\"cancelled\",\"notes\":\"\\n\\nCancelled: YANLI\\u015e FATURA\",\"cashier_id\":\"9\",\"sale_date\":\"2026-03-09T10:05:09.000000Z\",\"created_at\":\"2026-03-09T10:05:09.000000Z\",\"updated_at\":\"2026-03-09T10:06:34.000000Z\",\"items\":[{\"id\":97,\"sale_id\":\"62\",\"product_id\":\"26\",\"product_name\":\"IST STOK 1\",\"product_barcode\":null,\"quantity\":18,\"unit_price\":\"24.00\",\"tax_rate\":\"0.00\",\"tax_amount\":\"0.00\",\"discount_amount\":\"0.00\",\"total_amount\":\"432.00\",\"created_at\":\"2026-03-09T10:05:09.000000Z\",\"updated_at\":\"2026-03-09T10:05:09.000000Z\",\"product\":{\"id\":26,\"name\":\"IST STOK 1\",\"description\":null,\"barcode\":\"PRD690795\",\"category_id\":\"1\",\"product_type\":\"market\",\"unit\":\"pcs\",\"alert_quantity\":5,\"cost_price\":\"21.00\",\"selling_price\":\"30.00\",\"discount_price\":null,\"image\":\"products\\/1768630482_bOSTopK0a7.jpg\",\"expiry_date\":null,\"is_active\":true,\"weight\":null,\"length\":null,\"width\":null,\"height\":null,\"created_at\":\"2026-01-10T10:52:38.000000Z\",\"updated_at\":\"2026-02-09T16:15:44.000000Z\",\"deleted_at\":null,\"inventory\":{\"id\":26,\"product_id\":\"26\",\"current_stock\":50,\"reserved_stock\":0,\"available_stock\":50,\"last_stock_update\":\"2026-03-09T10:06:34.000000Z\",\"last_updated_by\":4,\"created_at\":\"2026-01-10T10:52:38.000000Z\",\"updated_at\":\"2026-03-09T10:06:34.000000Z\"}}},{\"id\":98,\"sale_id\":\"62\",\"product_id\":\"27\",\"product_name\":\"W\\u0130NNEX\",\"product_barcode\":null,\"quantity\":2,\"unit_price\":\"26.00\",\"tax_rate\":\"0.00\",\"tax_amount\":\"0.00\",\"discount_amount\":\"0.00\",\"total_amount\":\"52.00\",\"created_at\":\"2026-03-09T10:05:09.000000Z\",\"updated_at\":\"2026-03-09T10:05:09.000000Z\",\"product\":{\"id\":27,\"name\":\"W\\u0130NNEX\",\"description\":null,\"barcode\":\"PRD311860\",\"category_id\":\"1\",\"product_type\":\"market\",\"unit\":\"pcs\",\"alert_quantity\":5,\"cost_price\":\"16.00\",\"selling_price\":\"20.00\",\"discount_price\":null,\"image\":\"products\\/1768654025_GCxDmtPe2Y.jpeg\",\"expiry_date\":null,\"is_active\":true,\"weight\":null,\"length\":null,\"width\":null,\"height\":null,\"created_at\":\"2026-01-17T12:47:06.000000Z\",\"updated_at\":\"2026-02-09T16:24:41.000000Z\",\"deleted_at\":null,\"inventory\":{\"id\":27,\"product_id\":\"27\",\"current_stock\":42,\"reserved_stock\":0,\"available_stock\":42,\"last_stock_update\":\"2026-03-09T10:06:34.000000Z\",\"last_updated_by\":4,\"created_at\":\"2026-01-17T12:47:06.000000Z\",\"updated_at\":\"2026-03-09T10:06:34.000000Z\"}}},{\"id\":99,\"sale_id\":\"62\",\"product_id\":\"28\",\"product_name\":\"CADILLAC\",\"product_barcode\":null,\"quantity\":14,\"unit_price\":\"35.00\",\"tax_rate\":\"0.00\",\"tax_amount\":\"0.00\",\"discount_amount\":\"0.00\",\"total_amount\":\"490.00\",\"created_at\":\"2026-03-09T10:05:09.000000Z\",\"updated_at\":\"2026-03-09T10:05:09.000000Z\",\"product\":{\"id\":28,\"name\":\"CADILLAC\",\"description\":null,\"barcode\":\"PRD163554\",\"category_id\":\"1\",\"product_type\":\"market\",\"unit\":\"pcs\",\"alert_quantity\":5,\"cost_price\":\"25.00\",\"selling_price\":\"50.00\",\"discount_price\":null,\"image\":null,\"expiry_date\":null,\"is_active\":true,\"weight\":null,\"length\":null,\"width\":null,\"height\":null,\"created_at\":\"2026-03-09T10:00:42.000000Z\",\"updated_at\":\"2026-03-09T10:00:42.000000Z\",\"deleted_at\":null,\"inventory\":{\"id\":28,\"product_id\":\"28\",\"current_stock\":50,\"reserved_stock\":0,\"available_stock\":50,\"last_stock_update\":\"2026-03-09T10:06:34.000000Z\",\"last_updated_by\":4,\"created_at\":\"2026-03-09T10:00:42.000000Z\",\"updated_at\":\"2026-03-09T10:06:34.000000Z\"}}}],\"cashier\":{\"id\":9,\"name\":\"AL ISSEL\",\"email\":\"alisseltahiralissel1@gmail.com\",\"user_type\":\"seller\",\"is_active\":true,\"preferred_language\":\"fr\",\"email_verified_at\":\"2026-01-19T09:12:28.000000Z\",\"two_factor_confirmed_at\":null,\"current_team_id\":null,\"profile_photo_path\":null,\"created_at\":\"2026-01-19T09:12:28.000000Z\",\"updated_at\":\"2026-01-19T09:15:02.000000Z\",\"profile_photo_url\":\"https:\\/\\/ui-avatars.com\\/api\\/?name=A+I&color=7F9CF5&background=EBF4FF\"}}','YANLIŞ FATURA',4,'admin','2026-03-09 07:06:34','2026-03-09 07:06:34'),
(67,63,'created',NULL,NULL,'{\"sale_number\":\"HIL-0186\",\"sale_type\":\"market\",\"customer_name\":\"Mht ahmat isere\",\"customer_phone\":\"+90 545 954 31 10\",\"customer_email\":null,\"subtotal\":\"974.00\",\"tax_amount\":\"0.00\",\"discount_amount\":\"0.00\",\"total_amount\":\"974.00\",\"paid_amount\":\"0.00\",\"change_amount\":\"0.00\",\"payment_method\":\"cash\",\"sale_status\":\"completed\",\"notes\":null,\"sale_date\":\"2026-03-09T10:08:11.000000Z\",\"cashier_id\":9,\"is_loan\":true,\"loan_amount\":\"974.00\",\"collected_amount\":\"0.00\",\"payment_status\":\"unpaid\",\"updated_at\":\"2026-03-09T10:08:11.000000Z\",\"created_at\":\"2026-03-09T10:08:11.000000Z\",\"id\":63}','Sale created through POS',9,'AL ISSEL','2026-03-09 07:08:11','2026-03-09 07:08:11'),
(68,64,'created',NULL,NULL,'{\"sale_number\":\"HIL-0187\",\"sale_type\":\"market\",\"customer_name\":\"Cherif abi\",\"customer_phone\":\"+90 544 921 16 13\",\"customer_email\":null,\"subtotal\":\"26.00\",\"tax_amount\":\"0.00\",\"discount_amount\":\"0.00\",\"total_amount\":\"26.00\",\"paid_amount\":\"0.00\",\"change_amount\":\"0.00\",\"payment_method\":\"cash\",\"sale_status\":\"completed\",\"notes\":null,\"sale_date\":\"2026-03-09T10:38:52.000000Z\",\"cashier_id\":9,\"is_loan\":true,\"loan_amount\":\"26.00\",\"collected_amount\":\"0.00\",\"payment_status\":\"unpaid\",\"updated_at\":\"2026-03-09T10:38:52.000000Z\",\"created_at\":\"2026-03-09T10:38:52.000000Z\",\"id\":64}','Sale created through POS',9,'AL ISSEL','2026-03-09 07:38:52','2026-03-09 07:38:52'),
(69,65,'created',NULL,NULL,'{\"sale_number\":\"HIL-0188\",\"sale_type\":\"market\",\"customer_name\":\"Annour\",\"customer_phone\":\"05354182025\",\"customer_email\":null,\"subtotal\":\"180.00\",\"tax_amount\":\"0.00\",\"discount_amount\":\"0.00\",\"total_amount\":\"180.00\",\"paid_amount\":\"180.00\",\"change_amount\":\"0.00\",\"payment_method\":\"cash\",\"sale_status\":\"completed\",\"notes\":null,\"sale_date\":\"2026-03-09T12:00:56.000000Z\",\"cashier_id\":10,\"is_loan\":false,\"loan_amount\":\"0.00\",\"collected_amount\":\"180.00\",\"payment_status\":\"paid\",\"updated_at\":\"2026-03-09T12:00:56.000000Z\",\"created_at\":\"2026-03-09T12:00:56.000000Z\",\"id\":65}','Sale created through POS',10,'HOUDEY','2026-03-09 09:00:56','2026-03-09 09:00:56'),
(70,66,'created',NULL,NULL,'{\"sale_number\":\"HIL-0189\",\"sale_type\":\"market\",\"customer_name\":\"Annour\",\"customer_phone\":\"05354182025\",\"customer_email\":null,\"subtotal\":\"45.00\",\"tax_amount\":\"0.00\",\"discount_amount\":\"0.00\",\"total_amount\":\"45.00\",\"paid_amount\":\"45.00\",\"change_amount\":\"0.00\",\"payment_method\":\"cash\",\"sale_status\":\"completed\",\"notes\":null,\"sale_date\":\"2026-03-09T12:06:02.000000Z\",\"cashier_id\":10,\"is_loan\":false,\"loan_amount\":\"0.00\",\"collected_amount\":\"45.00\",\"payment_status\":\"paid\",\"updated_at\":\"2026-03-09T12:06:02.000000Z\",\"created_at\":\"2026-03-09T12:06:02.000000Z\",\"id\":66}','Sale created through POS',10,'HOUDEY','2026-03-09 09:06:02','2026-03-09 09:06:02'),
(71,67,'created',NULL,NULL,'{\"sale_number\":\"HIL-0190\",\"sale_type\":\"market\",\"customer_name\":\"Alissel\",\"customer_phone\":\"05434901742\",\"customer_email\":null,\"subtotal\":\"360.00\",\"tax_amount\":\"0.00\",\"discount_amount\":\"0.00\",\"total_amount\":\"360.00\",\"paid_amount\":\"0.00\",\"change_amount\":\"0.00\",\"payment_method\":\"cash\",\"sale_status\":\"completed\",\"notes\":null,\"sale_date\":\"2026-03-09T12:14:40.000000Z\",\"cashier_id\":9,\"is_loan\":true,\"loan_amount\":\"360.00\",\"collected_amount\":\"0.00\",\"payment_status\":\"unpaid\",\"updated_at\":\"2026-03-09T12:14:40.000000Z\",\"created_at\":\"2026-03-09T12:14:40.000000Z\",\"id\":67}','Sale created through POS',9,'AL ISSEL','2026-03-09 09:14:40','2026-03-09 09:14:40'),
(72,68,'created',NULL,NULL,'{\"sale_number\":\"HIL-0191\",\"sale_type\":\"market\",\"customer_name\":\"Mht ahmat isere\",\"customer_phone\":\"05439543110\",\"customer_email\":null,\"subtotal\":\"168.00\",\"tax_amount\":\"0.00\",\"discount_amount\":\"0.00\",\"total_amount\":\"168.00\",\"paid_amount\":\"0.00\",\"change_amount\":\"0.00\",\"payment_method\":\"cash\",\"sale_status\":\"completed\",\"notes\":null,\"sale_date\":\"2026-03-09T13:29:43.000000Z\",\"cashier_id\":9,\"is_loan\":true,\"loan_amount\":\"168.00\",\"collected_amount\":\"0.00\",\"payment_status\":\"unpaid\",\"updated_at\":\"2026-03-09T13:29:43.000000Z\",\"created_at\":\"2026-03-09T13:29:43.000000Z\",\"id\":68}','Sale created through POS',9,'AL ISSEL','2026-03-09 10:29:43','2026-03-09 10:29:43'),
(73,69,'created',NULL,NULL,'{\"sale_number\":\"HIL-0192\",\"sale_type\":\"market\",\"customer_name\":\"NOURI INVESTEMENT\",\"customer_phone\":\"+23563002001\",\"customer_email\":null,\"subtotal\":\"135.00\",\"tax_amount\":\"0.00\",\"discount_amount\":\"0.00\",\"total_amount\":\"135.00\",\"paid_amount\":\"135.00\",\"change_amount\":\"0.00\",\"payment_method\":\"cash\",\"sale_status\":\"completed\",\"notes\":null,\"sale_date\":\"2026-03-09T13:35:47.000000Z\",\"cashier_id\":10,\"is_loan\":false,\"loan_amount\":\"0.00\",\"collected_amount\":\"135.00\",\"payment_status\":\"paid\",\"updated_at\":\"2026-03-09T13:35:47.000000Z\",\"created_at\":\"2026-03-09T13:35:47.000000Z\",\"id\":69}','Sale created through POS',10,'HOUDEY','2026-03-09 10:35:47','2026-03-09 10:35:47'),
(74,70,'created',NULL,NULL,'{\"sale_number\":\"HIL-0193\",\"sale_type\":\"market\",\"customer_name\":\"Idriss Abdramane\",\"customer_phone\":\"05013769259\",\"customer_email\":null,\"subtotal\":\"51.00\",\"tax_amount\":\"0.00\",\"discount_amount\":\"0.00\",\"total_amount\":\"51.00\",\"paid_amount\":\"51.00\",\"change_amount\":\"0.00\",\"payment_method\":\"cash\",\"sale_status\":\"completed\",\"notes\":null,\"sale_date\":\"2026-03-09T13:41:41.000000Z\",\"cashier_id\":10,\"is_loan\":false,\"loan_amount\":\"0.00\",\"collected_amount\":\"51.00\",\"payment_status\":\"paid\",\"updated_at\":\"2026-03-09T13:41:41.000000Z\",\"created_at\":\"2026-03-09T13:41:41.000000Z\",\"id\":70}','Sale created through POS',10,'HOUDEY','2026-03-09 10:41:41','2026-03-09 10:41:41'),
(75,71,'created',NULL,NULL,'{\"sale_number\":\"HIL-0194\",\"sale_type\":\"market\",\"customer_name\":\"Abdramane Ahmat Mahamat\",\"customer_phone\":\"\\u202a+90\\u00a0535\\u00a0936\\u00a011\\u00a058\\u202c\",\"customer_email\":null,\"subtotal\":\"291.00\",\"tax_amount\":\"0.00\",\"discount_amount\":\"0.00\",\"total_amount\":\"291.00\",\"paid_amount\":\"291.00\",\"change_amount\":\"0.00\",\"payment_method\":\"cash\",\"sale_status\":\"completed\",\"notes\":null,\"sale_date\":\"2026-03-09T15:18:11.000000Z\",\"cashier_id\":10,\"is_loan\":false,\"loan_amount\":\"0.00\",\"collected_amount\":\"291.00\",\"payment_status\":\"paid\",\"updated_at\":\"2026-03-09T15:18:11.000000Z\",\"created_at\":\"2026-03-09T15:18:11.000000Z\",\"id\":71}','Sale created through POS',10,'HOUDEY','2026-03-09 12:18:11','2026-03-09 12:18:11'),
(76,72,'created',NULL,NULL,'{\"sale_number\":\"HIL-0195\",\"sale_type\":\"market\",\"customer_name\":\"Abdelsalam\",\"customer_phone\":null,\"customer_email\":null,\"subtotal\":\"46.00\",\"tax_amount\":\"0.00\",\"discount_amount\":\"0.00\",\"total_amount\":\"46.00\",\"paid_amount\":\"46.00\",\"change_amount\":\"0.00\",\"payment_method\":\"cash\",\"sale_status\":\"completed\",\"notes\":null,\"sale_date\":\"2026-03-10T09:41:10.000000Z\",\"cashier_id\":9,\"is_loan\":false,\"loan_amount\":\"0.00\",\"collected_amount\":\"46.00\",\"payment_status\":\"paid\",\"updated_at\":\"2026-03-10T09:41:10.000000Z\",\"created_at\":\"2026-03-10T09:41:10.000000Z\",\"id\":72}','Sale created through POS',9,'AL ISSEL','2026-03-10 06:41:10','2026-03-10 06:41:10'),
(77,73,'created',NULL,NULL,'{\"sale_number\":\"HIL-0196\",\"sale_type\":\"market\",\"customer_name\":\"Nouren\",\"customer_phone\":null,\"customer_email\":null,\"subtotal\":\"30.00\",\"tax_amount\":\"0.00\",\"discount_amount\":\"0.00\",\"total_amount\":\"30.00\",\"paid_amount\":\"30.00\",\"change_amount\":\"0.00\",\"payment_method\":\"cash\",\"sale_status\":\"completed\",\"notes\":null,\"sale_date\":\"2026-03-10T10:51:53.000000Z\",\"cashier_id\":9,\"is_loan\":false,\"loan_amount\":\"0.00\",\"collected_amount\":\"30.00\",\"payment_status\":\"paid\",\"updated_at\":\"2026-03-10T10:51:53.000000Z\",\"created_at\":\"2026-03-10T10:51:53.000000Z\",\"id\":73}','Sale created through POS',9,'AL ISSEL','2026-03-10 07:51:53','2026-03-10 07:51:53'),
(78,74,'created',NULL,NULL,'{\"sale_number\":\"HIL-0197\",\"sale_type\":\"market\",\"customer_name\":null,\"customer_phone\":null,\"customer_email\":null,\"subtotal\":\"30.00\",\"tax_amount\":\"0.00\",\"discount_amount\":\"0.00\",\"total_amount\":\"30.00\",\"paid_amount\":\"30.00\",\"change_amount\":\"0.00\",\"payment_method\":\"cash\",\"sale_status\":\"completed\",\"notes\":null,\"sale_date\":\"2026-03-10T14:51:33.000000Z\",\"cashier_id\":9,\"is_loan\":false,\"loan_amount\":\"0.00\",\"collected_amount\":\"30.00\",\"payment_status\":\"paid\",\"updated_at\":\"2026-03-10T14:51:33.000000Z\",\"created_at\":\"2026-03-10T14:51:33.000000Z\",\"id\":74}','Sale created through POS',9,'AL ISSEL','2026-03-10 11:51:33','2026-03-10 11:51:33'),
(79,51,'payment_received','{\"payment_status\":{\"old\":\"unpaid\",\"new\":\"paid\"},\"loan_amount\":{\"old\":\"676.00\",\"new\":\"0.00\"},\"collected_amount\":{\"old\":\"0.00\",\"new\":\"676.00\"},\"is_loan\":{\"old\":true,\"new\":false}}',NULL,'{\"payment_amount\":676,\"payment_method\":\"cash\",\"payment_notes\":null,\"balance_after\":0}','Payment received: 676 CFA via Cash',4,'admin','2026-03-11 07:16:12','2026-03-11 07:16:12'),
(80,50,'payment_received','{\"payment_status\":{\"old\":\"unpaid\",\"new\":\"paid\"},\"loan_amount\":{\"old\":\"610.00\",\"new\":\"0.00\"},\"collected_amount\":{\"old\":\"0.00\",\"new\":\"610.00\"},\"is_loan\":{\"old\":true,\"new\":false}}',NULL,'{\"payment_amount\":610,\"payment_method\":\"cash\",\"payment_notes\":null,\"balance_after\":0}','Payment received: 610 CFA via Cash',4,'admin','2026-03-11 07:17:15','2026-03-11 07:17:15'),
(81,75,'created',NULL,NULL,'{\"sale_number\":\"HIL-0198\",\"sale_type\":\"market\",\"customer_name\":\"Abdel\",\"customer_phone\":null,\"customer_email\":null,\"subtotal\":\"78.00\",\"tax_amount\":\"0.00\",\"discount_amount\":\"0.00\",\"total_amount\":\"78.00\",\"paid_amount\":\"78.00\",\"change_amount\":\"0.00\",\"payment_method\":\"cash\",\"sale_status\":\"completed\",\"notes\":null,\"sale_date\":\"2026-03-11T10:31:11.000000Z\",\"cashier_id\":9,\"is_loan\":false,\"loan_amount\":\"0.00\",\"collected_amount\":\"78.00\",\"payment_status\":\"paid\",\"updated_at\":\"2026-03-11T10:31:11.000000Z\",\"created_at\":\"2026-03-11T10:31:11.000000Z\",\"id\":75}','Sale created through POS',9,'AL ISSEL','2026-03-11 07:31:11','2026-03-11 07:31:11'),
(82,76,'created',NULL,NULL,'{\"sale_number\":\"HIL-0199\",\"sale_type\":\"market\",\"customer_name\":\"Mahmout erobey\",\"customer_phone\":\"+90 546 107 01 87\",\"customer_email\":null,\"subtotal\":\"997.00\",\"tax_amount\":\"0.00\",\"discount_amount\":\"0.00\",\"total_amount\":\"997.00\",\"paid_amount\":\"997.00\",\"change_amount\":\"0.00\",\"payment_method\":\"cash\",\"sale_status\":\"completed\",\"notes\":null,\"sale_date\":\"2026-03-11T10:53:12.000000Z\",\"cashier_id\":9,\"is_loan\":false,\"loan_amount\":\"0.00\",\"collected_amount\":\"997.00\",\"payment_status\":\"paid\",\"updated_at\":\"2026-03-11T10:53:12.000000Z\",\"created_at\":\"2026-03-11T10:53:12.000000Z\",\"id\":76}','Sale created through POS',9,'AL ISSEL','2026-03-11 07:53:12','2026-03-11 07:53:12'),
(83,77,'created',NULL,NULL,'{\"sale_number\":\"HIL-0200\",\"sale_type\":\"market\",\"customer_name\":\"Ayoub\",\"customer_phone\":null,\"customer_email\":null,\"subtotal\":\"50.00\",\"tax_amount\":\"0.00\",\"discount_amount\":\"0.00\",\"total_amount\":\"50.00\",\"paid_amount\":\"50.00\",\"change_amount\":\"0.00\",\"payment_method\":\"cash\",\"sale_status\":\"completed\",\"notes\":null,\"sale_date\":\"2026-03-11T11:54:39.000000Z\",\"cashier_id\":9,\"is_loan\":false,\"loan_amount\":\"0.00\",\"collected_amount\":\"50.00\",\"payment_status\":\"paid\",\"updated_at\":\"2026-03-11T11:54:39.000000Z\",\"created_at\":\"2026-03-11T11:54:39.000000Z\",\"id\":77}','Sale created through POS',9,'AL ISSEL','2026-03-11 08:54:39','2026-03-11 08:54:39'),
(84,78,'created',NULL,NULL,'{\"sale_number\":\"HIL-0201\",\"sale_type\":\"market\",\"customer_name\":null,\"customer_phone\":null,\"customer_email\":null,\"subtotal\":\"30.00\",\"tax_amount\":\"0.00\",\"discount_amount\":\"0.00\",\"total_amount\":\"30.00\",\"paid_amount\":\"30.00\",\"change_amount\":\"0.00\",\"payment_method\":\"cash\",\"sale_status\":\"completed\",\"notes\":null,\"sale_date\":\"2026-03-11T11:58:38.000000Z\",\"cashier_id\":9,\"is_loan\":false,\"loan_amount\":\"0.00\",\"collected_amount\":\"30.00\",\"payment_status\":\"paid\",\"updated_at\":\"2026-03-11T11:58:38.000000Z\",\"created_at\":\"2026-03-11T11:58:38.000000Z\",\"id\":78}','Sale created through POS',9,'AL ISSEL','2026-03-11 08:58:38','2026-03-11 08:58:38'),
(85,79,'created',NULL,NULL,'{\"sale_number\":\"HIL-0202\",\"sale_type\":\"market\",\"customer_name\":\"Ayoub\",\"customer_phone\":null,\"customer_email\":null,\"subtotal\":\"50.00\",\"tax_amount\":\"0.00\",\"discount_amount\":\"0.00\",\"total_amount\":\"50.00\",\"paid_amount\":\"50.00\",\"change_amount\":\"0.00\",\"payment_method\":\"cash\",\"sale_status\":\"completed\",\"notes\":null,\"sale_date\":\"2026-03-11T12:31:21.000000Z\",\"cashier_id\":9,\"is_loan\":false,\"loan_amount\":\"0.00\",\"collected_amount\":\"50.00\",\"payment_status\":\"paid\",\"updated_at\":\"2026-03-11T12:31:21.000000Z\",\"created_at\":\"2026-03-11T12:31:21.000000Z\",\"id\":79}','Sale created through POS',9,'AL ISSEL','2026-03-11 09:31:21','2026-03-11 09:31:21'),
(86,80,'created',NULL,NULL,'{\"sale_number\":\"HIL-0203\",\"sale_type\":\"market\",\"customer_name\":\"Brahim abakar\",\"customer_phone\":\"+90 544 882 74 67\",\"customer_email\":null,\"subtotal\":\"150.00\",\"tax_amount\":\"0.00\",\"discount_amount\":\"0.00\",\"total_amount\":\"150.00\",\"paid_amount\":\"0.00\",\"change_amount\":\"0.00\",\"payment_method\":\"cash\",\"sale_status\":\"completed\",\"notes\":null,\"sale_date\":\"2026-03-11T12:45:07.000000Z\",\"cashier_id\":9,\"is_loan\":true,\"loan_amount\":\"150.00\",\"collected_amount\":\"0.00\",\"payment_status\":\"unpaid\",\"updated_at\":\"2026-03-11T12:45:07.000000Z\",\"created_at\":\"2026-03-11T12:45:07.000000Z\",\"id\":80}','Sale created through POS',9,'AL ISSEL','2026-03-11 09:45:07','2026-03-11 09:45:07'),
(87,81,'created',NULL,NULL,'{\"sale_number\":\"HIL-0204\",\"sale_type\":\"market\",\"customer_name\":\"Atteib\",\"customer_phone\":\"+90 552 626 28 40\",\"customer_email\":null,\"subtotal\":\"84.00\",\"tax_amount\":\"0.00\",\"discount_amount\":\"0.00\",\"total_amount\":\"84.00\",\"paid_amount\":\"84.00\",\"change_amount\":\"0.00\",\"payment_method\":\"cash\",\"sale_status\":\"completed\",\"notes\":null,\"sale_date\":\"2026-03-11T13:15:40.000000Z\",\"cashier_id\":9,\"is_loan\":false,\"loan_amount\":\"0.00\",\"collected_amount\":\"84.00\",\"payment_status\":\"paid\",\"updated_at\":\"2026-03-11T13:15:40.000000Z\",\"created_at\":\"2026-03-11T13:15:40.000000Z\",\"id\":81}','Sale created through POS',9,'AL ISSEL','2026-03-11 10:15:40','2026-03-11 10:15:40'),
(88,82,'created',NULL,NULL,'{\"sale_number\":\"HIL-0205\",\"sale_type\":\"market\",\"customer_name\":\"Yakhoub issa\",\"customer_phone\":\"+235 60 72 23 53\",\"customer_email\":null,\"subtotal\":\"108.00\",\"tax_amount\":\"0.00\",\"discount_amount\":\"0.00\",\"total_amount\":\"108.00\",\"paid_amount\":\"108.00\",\"change_amount\":\"0.00\",\"payment_method\":\"cash\",\"sale_status\":\"completed\",\"notes\":null,\"sale_date\":\"2026-03-11T14:23:39.000000Z\",\"cashier_id\":9,\"is_loan\":false,\"loan_amount\":\"0.00\",\"collected_amount\":\"108.00\",\"payment_status\":\"paid\",\"updated_at\":\"2026-03-11T14:23:39.000000Z\",\"created_at\":\"2026-03-11T14:23:39.000000Z\",\"id\":82}','Sale created through POS',9,'AL ISSEL','2026-03-11 11:23:39','2026-03-11 11:23:39'),
(89,83,'created',NULL,NULL,'{\"sale_number\":\"HIL-0206\",\"sale_type\":\"market\",\"customer_name\":\"Sousou\",\"customer_phone\":null,\"customer_email\":null,\"subtotal\":\"30.00\",\"tax_amount\":\"0.00\",\"discount_amount\":\"0.00\",\"total_amount\":\"30.00\",\"paid_amount\":\"30.00\",\"change_amount\":\"0.00\",\"payment_method\":\"cash\",\"sale_status\":\"completed\",\"notes\":null,\"sale_date\":\"2026-03-11T15:30:45.000000Z\",\"cashier_id\":9,\"is_loan\":false,\"loan_amount\":\"0.00\",\"collected_amount\":\"30.00\",\"payment_status\":\"paid\",\"updated_at\":\"2026-03-11T15:30:45.000000Z\",\"created_at\":\"2026-03-11T15:30:45.000000Z\",\"id\":83}','Sale created through POS',9,'AL ISSEL','2026-03-11 12:30:45','2026-03-11 12:30:45'),
(90,84,'created',NULL,NULL,'{\"sale_number\":\"HIL-0207\",\"sale_type\":\"market\",\"customer_name\":\"Ami de sousou\",\"customer_phone\":null,\"customer_email\":null,\"subtotal\":\"50.00\",\"tax_amount\":\"0.00\",\"discount_amount\":\"0.00\",\"total_amount\":\"50.00\",\"paid_amount\":\"50.00\",\"change_amount\":\"0.00\",\"payment_method\":\"cash\",\"sale_status\":\"completed\",\"notes\":null,\"sale_date\":\"2026-03-11T15:31:52.000000Z\",\"cashier_id\":9,\"is_loan\":false,\"loan_amount\":\"0.00\",\"collected_amount\":\"50.00\",\"payment_status\":\"paid\",\"updated_at\":\"2026-03-11T15:31:52.000000Z\",\"created_at\":\"2026-03-11T15:31:52.000000Z\",\"id\":84}','Sale created through POS',9,'AL ISSEL','2026-03-11 12:31:52','2026-03-11 12:31:52'),
(91,85,'created',NULL,NULL,'{\"sale_number\":\"HIL-0208\",\"sale_type\":\"market\",\"customer_name\":null,\"customer_phone\":null,\"customer_email\":null,\"subtotal\":\"30.00\",\"tax_amount\":\"0.00\",\"discount_amount\":\"0.00\",\"total_amount\":\"30.00\",\"paid_amount\":\"30.00\",\"change_amount\":\"0.00\",\"payment_method\":\"cash\",\"sale_status\":\"completed\",\"notes\":null,\"sale_date\":\"2026-03-11T15:32:18.000000Z\",\"cashier_id\":9,\"is_loan\":false,\"loan_amount\":\"0.00\",\"collected_amount\":\"30.00\",\"payment_status\":\"paid\",\"updated_at\":\"2026-03-11T15:32:18.000000Z\",\"created_at\":\"2026-03-11T15:32:18.000000Z\",\"id\":85}','Sale created through POS',9,'AL ISSEL','2026-03-11 12:32:18','2026-03-11 12:32:18'),
(92,86,'created',NULL,NULL,'{\"sale_number\":\"HIL-0209\",\"sale_type\":\"market\",\"customer_name\":\"Adam Afro\",\"customer_phone\":\"000000000000\",\"customer_email\":null,\"subtotal\":\"30.00\",\"tax_amount\":\"0.00\",\"discount_amount\":\"0.00\",\"total_amount\":\"30.00\",\"paid_amount\":\"30.00\",\"change_amount\":\"0.00\",\"payment_method\":\"cash\",\"sale_status\":\"completed\",\"notes\":null,\"sale_date\":\"2026-03-12T09:30:01.000000Z\",\"cashier_id\":10,\"is_loan\":false,\"loan_amount\":\"0.00\",\"collected_amount\":\"30.00\",\"payment_status\":\"paid\",\"updated_at\":\"2026-03-12T09:30:01.000000Z\",\"created_at\":\"2026-03-12T09:30:01.000000Z\",\"id\":86}','Sale created through POS',10,'HOUDEY','2026-03-12 06:30:01','2026-03-12 06:30:01'),
(93,87,'created',NULL,NULL,'{\"sale_number\":\"HIL-0210\",\"sale_type\":\"market\",\"customer_name\":\"Biney bartin\",\"customer_phone\":\"+90 541 149 20 41\",\"customer_email\":null,\"subtotal\":\"30.00\",\"tax_amount\":\"0.00\",\"discount_amount\":\"0.00\",\"total_amount\":\"30.00\",\"paid_amount\":\"30.00\",\"change_amount\":\"0.00\",\"payment_method\":\"cash\",\"sale_status\":\"completed\",\"notes\":null,\"sale_date\":\"2026-03-12T09:48:16.000000Z\",\"cashier_id\":9,\"is_loan\":false,\"loan_amount\":\"0.00\",\"collected_amount\":\"30.00\",\"payment_status\":\"paid\",\"updated_at\":\"2026-03-12T09:48:16.000000Z\",\"created_at\":\"2026-03-12T09:48:16.000000Z\",\"id\":87}','Sale created through POS',9,'AL ISSEL','2026-03-12 06:48:16','2026-03-12 06:48:16'),
(94,88,'created',NULL,NULL,'{\"sale_number\":\"HIL-0211\",\"sale_type\":\"market\",\"customer_name\":\"ALI ABDOULAYE\",\"customer_phone\":null,\"customer_email\":null,\"subtotal\":\"50.00\",\"tax_amount\":\"0.00\",\"discount_amount\":\"0.00\",\"total_amount\":\"50.00\",\"paid_amount\":\"50.00\",\"change_amount\":\"0.00\",\"payment_method\":\"cash\",\"sale_status\":\"completed\",\"notes\":null,\"sale_date\":\"2026-03-12T10:12:43.000000Z\",\"cashier_id\":4,\"is_loan\":false,\"loan_amount\":\"0.00\",\"collected_amount\":\"50.00\",\"payment_status\":\"paid\",\"updated_at\":\"2026-03-12T10:12:43.000000Z\",\"created_at\":\"2026-03-12T10:12:43.000000Z\",\"id\":88}','Sale created through POS',4,'admin','2026-03-12 07:12:43','2026-03-12 07:12:43'),
(95,88,'cancelled','{\"sale_status\":{\"old\":\"completed\",\"new\":\"cancelled\"},\"payment_status\":{\"old\":\"paid\",\"new\":\"refunded\"}}',NULL,'{\"id\":88,\"sale_number\":\"HIL-0211\",\"sale_type\":\"market\",\"customer_name\":\"ALI ABDOULAYE\",\"customer_phone\":null,\"customer_email\":null,\"subtotal\":\"50.00\",\"tax_amount\":\"0.00\",\"discount_amount\":\"0.00\",\"total_amount\":\"50.00\",\"loan_amount\":\"0.00\",\"collected_amount\":\"50.00\",\"is_loan\":false,\"paid_amount\":\"50.00\",\"change_amount\":\"0.00\",\"payment_method\":\"cash\",\"payment_status\":\"refunded\",\"sale_status\":\"cancelled\",\"notes\":\"\\n\\nCancelled: YANLI\\u015e\",\"cashier_id\":4,\"sale_date\":\"2026-03-12T10:12:43.000000Z\",\"created_at\":\"2026-03-12T10:12:43.000000Z\",\"updated_at\":\"2026-03-12T10:15:09.000000Z\",\"items\":[{\"id\":132,\"sale_id\":88,\"product_id\":28,\"product_name\":\"CADILLAC\",\"product_barcode\":null,\"quantity\":1,\"unit_price\":\"50.00\",\"tax_rate\":\"0.00\",\"tax_amount\":\"0.00\",\"discount_amount\":\"0.00\",\"total_amount\":\"50.00\",\"created_at\":\"2026-03-12T10:12:43.000000Z\",\"updated_at\":\"2026-03-12T10:12:43.000000Z\",\"product\":{\"id\":28,\"name\":\"CADILLAC\",\"description\":null,\"barcode\":\"PRD163554\",\"category_id\":1,\"product_type\":\"market\",\"unit\":\"pcs\",\"alert_quantity\":5,\"cost_price\":\"25.00\",\"selling_price\":\"50.00\",\"discount_price\":null,\"image\":null,\"expiry_date\":null,\"is_active\":true,\"weight\":null,\"length\":null,\"width\":null,\"height\":null,\"created_at\":\"2026-03-09T10:00:42.000000Z\",\"updated_at\":\"2026-03-09T10:00:42.000000Z\",\"deleted_at\":null,\"inventory\":{\"id\":28,\"product_id\":28,\"current_stock\":14,\"reserved_stock\":0,\"available_stock\":14,\"last_stock_update\":\"2026-03-12T10:15:09.000000Z\",\"last_updated_by\":4,\"created_at\":\"2026-03-09T10:00:42.000000Z\",\"updated_at\":\"2026-03-12T10:15:09.000000Z\"}}}],\"cashier\":{\"id\":4,\"name\":\"admin\",\"email\":\"admin@app.com\",\"user_type\":\"admin\",\"is_active\":true,\"preferred_language\":\"fr\",\"email_verified_at\":\"2025-11-17T12:16:10.000000Z\",\"two_factor_confirmed_at\":null,\"current_team_id\":null,\"profile_photo_path\":null,\"created_at\":\"2025-11-17T12:16:10.000000Z\",\"updated_at\":\"2025-12-15T19:59:48.000000Z\",\"profile_photo_url\":\"https:\\/\\/ui-avatars.com\\/api\\/?name=a&color=7F9CF5&background=EBF4FF\"}}','YANLIŞ',4,'admin','2026-03-12 07:15:09','2026-03-12 07:15:09'),
(96,89,'created',NULL,NULL,'{\"sale_number\":\"HIL-0212\",\"sale_type\":\"market\",\"customer_name\":\"ALI ABDOULAYE\",\"customer_phone\":\"546 642 32 80\",\"customer_email\":null,\"subtotal\":\"200.00\",\"tax_amount\":\"0.00\",\"discount_amount\":\"50.00\",\"total_amount\":\"150.00\",\"paid_amount\":\"100.00\",\"change_amount\":\"0.00\",\"payment_method\":\"cash\",\"sale_status\":\"completed\",\"notes\":null,\"sale_date\":\"2026-03-12T10:17:50.000000Z\",\"cashier_id\":4,\"is_loan\":true,\"loan_amount\":\"50.00\",\"collected_amount\":\"100.00\",\"payment_status\":\"partial\",\"updated_at\":\"2026-03-12T10:17:50.000000Z\",\"created_at\":\"2026-03-12T10:17:50.000000Z\",\"id\":89}','Sale created through POS',4,'admin','2026-03-12 07:17:50','2026-03-12 07:17:50'),
(97,90,'created',NULL,NULL,'{\"sale_number\":\"HIL-0213\",\"sale_type\":\"market\",\"customer_name\":\"Musa brahim\",\"customer_phone\":\"05071440836\",\"customer_email\":null,\"subtotal\":\"161.00\",\"tax_amount\":\"0.00\",\"discount_amount\":\"0.00\",\"total_amount\":\"161.00\",\"paid_amount\":\"161.00\",\"change_amount\":\"0.00\",\"payment_method\":\"cash\",\"sale_status\":\"completed\",\"notes\":null,\"sale_date\":\"2026-03-13T10:04:39.000000Z\",\"cashier_id\":9,\"is_loan\":false,\"loan_amount\":\"0.00\",\"collected_amount\":\"161.00\",\"payment_status\":\"paid\",\"updated_at\":\"2026-03-13T10:04:39.000000Z\",\"created_at\":\"2026-03-13T10:04:39.000000Z\",\"id\":90}','Sale created through POS',9,'AL ISSEL','2026-03-13 07:04:39','2026-03-13 07:04:39'),
(98,91,'created',NULL,NULL,'{\"sale_number\":\"HIL-0214\",\"sale_type\":\"market\",\"customer_name\":\"Ousman Abdoulaye\",\"customer_phone\":\"+235 66 72 83 70\",\"customer_email\":null,\"subtotal\":\"210.00\",\"tax_amount\":\"0.00\",\"discount_amount\":\"0.00\",\"total_amount\":\"210.00\",\"paid_amount\":\"210.00\",\"change_amount\":\"0.00\",\"payment_method\":\"cash\",\"sale_status\":\"completed\",\"notes\":null,\"sale_date\":\"2026-03-13T12:31:10.000000Z\",\"cashier_id\":10,\"is_loan\":false,\"loan_amount\":\"0.00\",\"collected_amount\":\"210.00\",\"payment_status\":\"paid\",\"updated_at\":\"2026-03-13T12:31:10.000000Z\",\"created_at\":\"2026-03-13T12:31:10.000000Z\",\"id\":91}','Sale created through POS',10,'HOUDEY','2026-03-13 09:31:10','2026-03-13 09:31:10'),
(99,92,'created',NULL,NULL,'{\"sale_number\":\"HIL-0215\",\"sale_type\":\"market\",\"customer_name\":\"Ami de houdey\",\"customer_phone\":null,\"customer_email\":null,\"subtotal\":\"189.00\",\"tax_amount\":\"0.00\",\"discount_amount\":\"0.00\",\"total_amount\":\"189.00\",\"paid_amount\":\"189.00\",\"change_amount\":\"0.00\",\"payment_method\":\"cash\",\"sale_status\":\"completed\",\"notes\":null,\"sale_date\":\"2026-03-13T13:58:48.000000Z\",\"cashier_id\":9,\"is_loan\":false,\"loan_amount\":\"0.00\",\"collected_amount\":\"189.00\",\"payment_status\":\"paid\",\"updated_at\":\"2026-03-13T13:58:48.000000Z\",\"created_at\":\"2026-03-13T13:58:48.000000Z\",\"id\":92}','Sale created through POS',9,'AL ISSEL','2026-03-13 10:58:49','2026-03-13 10:58:49'),
(100,93,'created',NULL,NULL,'{\"sale_number\":\"HIL-0216\",\"sale_type\":\"market\",\"customer_name\":null,\"customer_phone\":null,\"customer_email\":null,\"subtotal\":\"30.00\",\"tax_amount\":\"0.00\",\"discount_amount\":\"0.00\",\"total_amount\":\"30.00\",\"paid_amount\":\"30.00\",\"change_amount\":\"0.00\",\"payment_method\":\"cash\",\"sale_status\":\"completed\",\"notes\":null,\"sale_date\":\"2026-03-13T14:00:25.000000Z\",\"cashier_id\":9,\"is_loan\":false,\"loan_amount\":\"0.00\",\"collected_amount\":\"30.00\",\"payment_status\":\"paid\",\"updated_at\":\"2026-03-13T14:00:25.000000Z\",\"created_at\":\"2026-03-13T14:00:25.000000Z\",\"id\":93}','Sale created through POS',9,'AL ISSEL','2026-03-13 11:00:25','2026-03-13 11:00:25'),
(101,94,'created',NULL,NULL,'{\"sale_number\":\"HIL-0217\",\"sale_type\":\"market\",\"customer_name\":\"Daoud\",\"customer_phone\":\"+90 546 606 53 08\",\"customer_email\":null,\"subtotal\":\"200.00\",\"tax_amount\":\"0.00\",\"discount_amount\":\"0.00\",\"total_amount\":\"200.00\",\"paid_amount\":\"0.00\",\"change_amount\":\"0.00\",\"payment_method\":\"cash\",\"sale_status\":\"completed\",\"notes\":null,\"sale_date\":\"2026-03-13T14:09:27.000000Z\",\"cashier_id\":9,\"is_loan\":true,\"loan_amount\":\"200.00\",\"collected_amount\":\"0.00\",\"payment_status\":\"unpaid\",\"updated_at\":\"2026-03-13T14:09:27.000000Z\",\"created_at\":\"2026-03-13T14:09:27.000000Z\",\"id\":94}','Sale created through POS',9,'AL ISSEL','2026-03-13 11:09:27','2026-03-13 11:09:27'),
(102,95,'created',NULL,NULL,'{\"sale_number\":\"HIL-0218\",\"sale_type\":\"market\",\"customer_name\":null,\"customer_phone\":null,\"customer_email\":null,\"subtotal\":\"28.00\",\"tax_amount\":\"0.00\",\"discount_amount\":\"0.00\",\"total_amount\":\"28.00\",\"paid_amount\":\"28.00\",\"change_amount\":\"0.00\",\"payment_method\":\"cash\",\"sale_status\":\"completed\",\"notes\":null,\"sale_date\":\"2026-03-13T14:50:41.000000Z\",\"cashier_id\":9,\"is_loan\":false,\"loan_amount\":\"0.00\",\"collected_amount\":\"28.00\",\"payment_status\":\"paid\",\"updated_at\":\"2026-03-13T14:50:41.000000Z\",\"created_at\":\"2026-03-13T14:50:41.000000Z\",\"id\":95}','Sale created through POS',9,'AL ISSEL','2026-03-13 11:50:41','2026-03-13 11:50:41'),
(103,96,'created',NULL,NULL,'{\"sale_number\":\"HIL-0219\",\"sale_type\":\"market\",\"customer_name\":\"Amine askar\",\"customer_phone\":null,\"customer_email\":null,\"subtotal\":\"25.00\",\"tax_amount\":\"0.00\",\"discount_amount\":\"0.00\",\"total_amount\":\"25.00\",\"paid_amount\":\"25.00\",\"change_amount\":\"0.00\",\"payment_method\":\"cash\",\"sale_status\":\"completed\",\"notes\":null,\"sale_date\":\"2026-03-14T12:51:34.000000Z\",\"cashier_id\":9,\"is_loan\":false,\"loan_amount\":\"0.00\",\"collected_amount\":\"25.00\",\"payment_status\":\"paid\",\"updated_at\":\"2026-03-14T12:51:34.000000Z\",\"created_at\":\"2026-03-14T12:51:34.000000Z\",\"id\":96}','Sale created through POS',9,'AL ISSEL','2026-03-14 09:51:34','2026-03-14 09:51:34'),
(104,97,'created',NULL,NULL,'{\"sale_number\":\"HIL-0220\",\"sale_type\":\"market\",\"customer_name\":\"Alhadji nigerien\",\"customer_phone\":null,\"customer_email\":null,\"subtotal\":\"175.00\",\"tax_amount\":\"0.00\",\"discount_amount\":\"0.00\",\"total_amount\":\"175.00\",\"paid_amount\":\"175.00\",\"change_amount\":\"0.00\",\"payment_method\":\"cash\",\"sale_status\":\"completed\",\"notes\":null,\"sale_date\":\"2026-03-14T13:20:20.000000Z\",\"cashier_id\":9,\"is_loan\":false,\"loan_amount\":\"0.00\",\"collected_amount\":\"175.00\",\"payment_status\":\"paid\",\"updated_at\":\"2026-03-14T13:20:20.000000Z\",\"created_at\":\"2026-03-14T13:20:20.000000Z\",\"id\":97}','Sale created through POS',9,'AL ISSEL','2026-03-14 10:20:20','2026-03-14 10:20:20'),
(105,96,'cancelled','{\"sale_status\":{\"old\":\"completed\",\"new\":\"cancelled\"},\"payment_status\":{\"old\":\"paid\",\"new\":\"refunded\"}}',NULL,'{\"id\":96,\"sale_number\":\"HIL-0219\",\"sale_type\":\"market\",\"customer_name\":\"Amine askar\",\"customer_phone\":null,\"customer_email\":null,\"subtotal\":\"25.00\",\"tax_amount\":\"0.00\",\"discount_amount\":\"0.00\",\"total_amount\":\"25.00\",\"loan_amount\":\"0.00\",\"collected_amount\":\"25.00\",\"is_loan\":false,\"paid_amount\":\"25.00\",\"change_amount\":\"0.00\",\"payment_method\":\"cash\",\"payment_status\":\"refunded\",\"sale_status\":\"cancelled\",\"notes\":\"\\n\\nCancelled: De\\u011fi\\u015fim\",\"cashier_id\":9,\"sale_date\":\"2026-03-14T12:51:34.000000Z\",\"created_at\":\"2026-03-14T12:51:34.000000Z\",\"updated_at\":\"2026-03-14T13:37:00.000000Z\",\"items\":[{\"id\":141,\"sale_id\":96,\"product_id\":27,\"product_name\":\"W\\u0130NNEX\",\"product_barcode\":null,\"quantity\":1,\"unit_price\":\"25.00\",\"tax_rate\":\"0.00\",\"tax_amount\":\"0.00\",\"discount_amount\":\"0.00\",\"total_amount\":\"25.00\",\"created_at\":\"2026-03-14T12:51:34.000000Z\",\"updated_at\":\"2026-03-14T12:51:34.000000Z\",\"product\":{\"id\":27,\"name\":\"W\\u0130NNEX\",\"description\":null,\"barcode\":\"PRD311860\",\"category_id\":1,\"product_type\":\"market\",\"unit\":\"pcs\",\"alert_quantity\":5,\"cost_price\":\"16.00\",\"selling_price\":\"20.00\",\"discount_price\":null,\"image\":\"products\\/1768654025_GCxDmtPe2Y.jpeg\",\"expiry_date\":null,\"is_active\":true,\"weight\":null,\"length\":null,\"width\":null,\"height\":null,\"created_at\":\"2026-01-17T12:47:06.000000Z\",\"updated_at\":\"2026-02-09T16:24:41.000000Z\",\"deleted_at\":null,\"inventory\":{\"id\":27,\"product_id\":27,\"current_stock\":23,\"reserved_stock\":0,\"available_stock\":23,\"last_stock_update\":\"2026-03-14T13:37:00.000000Z\",\"last_updated_by\":4,\"created_at\":\"2026-01-17T12:47:06.000000Z\",\"updated_at\":\"2026-03-14T13:37:00.000000Z\"}}}],\"cashier\":{\"id\":9,\"name\":\"AL ISSEL\",\"email\":\"alisseltahiralissel1@gmail.com\",\"user_type\":\"seller\",\"is_active\":true,\"preferred_language\":\"fr\",\"email_verified_at\":\"2026-01-19T09:12:28.000000Z\",\"two_factor_confirmed_at\":null,\"current_team_id\":null,\"profile_photo_path\":null,\"created_at\":\"2026-01-19T09:12:28.000000Z\",\"updated_at\":\"2026-01-19T09:15:02.000000Z\",\"profile_photo_url\":\"https:\\/\\/ui-avatars.com\\/api\\/?name=A+I&color=7F9CF5&background=EBF4FF\"}}','Değişim',4,'admin','2026-03-14 10:37:00','2026-03-14 10:37:00'),
(106,89,'payment_received','{\"payment_status\":{\"old\":\"partial\",\"new\":\"paid\"},\"loan_amount\":{\"old\":\"50.00\",\"new\":\"0.00\"},\"collected_amount\":{\"old\":\"100.00\",\"new\":\"150.00\"},\"is_loan\":{\"old\":true,\"new\":false}}',NULL,'{\"payment_amount\":50,\"payment_method\":\"cash\",\"payment_notes\":null,\"balance_after\":0}','Payment received: 50 CFA via Cash',4,'admin','2026-03-14 10:39:54','2026-03-14 10:39:54'),
(107,98,'created',NULL,NULL,'{\"sale_number\":\"HIL-0221\",\"sale_type\":\"market\",\"customer_name\":null,\"customer_phone\":null,\"customer_email\":null,\"subtotal\":\"27.00\",\"tax_amount\":\"0.00\",\"discount_amount\":\"0.00\",\"total_amount\":\"27.00\",\"paid_amount\":\"27.00\",\"change_amount\":\"0.00\",\"payment_method\":\"cash\",\"sale_status\":\"completed\",\"notes\":null,\"sale_date\":\"2026-03-14T13:40:21.000000Z\",\"cashier_id\":9,\"is_loan\":false,\"loan_amount\":\"0.00\",\"collected_amount\":\"27.00\",\"payment_status\":\"paid\",\"updated_at\":\"2026-03-14T13:40:21.000000Z\",\"created_at\":\"2026-03-14T13:40:21.000000Z\",\"id\":98}','Sale created through POS',9,'AL ISSEL','2026-03-14 10:40:21','2026-03-14 10:40:21'),
(108,99,'created',NULL,NULL,'{\"sale_number\":\"HIL-0222\",\"sale_type\":\"market\",\"customer_name\":null,\"customer_phone\":null,\"customer_email\":null,\"subtotal\":\"50.00\",\"tax_amount\":\"0.00\",\"discount_amount\":\"0.00\",\"total_amount\":\"50.00\",\"paid_amount\":\"50.00\",\"change_amount\":\"0.00\",\"payment_method\":\"cash\",\"sale_status\":\"completed\",\"notes\":null,\"sale_date\":\"2026-03-14T13:47:21.000000Z\",\"cashier_id\":9,\"is_loan\":false,\"loan_amount\":\"0.00\",\"collected_amount\":\"50.00\",\"payment_status\":\"paid\",\"updated_at\":\"2026-03-14T13:47:21.000000Z\",\"created_at\":\"2026-03-14T13:47:21.000000Z\",\"id\":99}','Sale created through POS',9,'AL ISSEL','2026-03-14 10:47:21','2026-03-14 10:47:21'),
(109,100,'created',NULL,NULL,'{\"sale_number\":\"HIL-0223\",\"sale_type\":\"market\",\"customer_name\":\"Youssouf Nouri\",\"customer_phone\":\"000000000000\",\"customer_email\":null,\"subtotal\":\"45.00\",\"tax_amount\":\"0.00\",\"discount_amount\":\"0.00\",\"total_amount\":\"45.00\",\"paid_amount\":\"45.00\",\"change_amount\":\"0.00\",\"payment_method\":\"cash\",\"sale_status\":\"completed\",\"notes\":null,\"sale_date\":\"2026-03-14T14:30:11.000000Z\",\"cashier_id\":10,\"is_loan\":false,\"loan_amount\":\"0.00\",\"collected_amount\":\"45.00\",\"payment_status\":\"paid\",\"updated_at\":\"2026-03-14T14:30:11.000000Z\",\"created_at\":\"2026-03-14T14:30:11.000000Z\",\"id\":100}','Sale created through POS',10,'HOUDEY','2026-03-14 11:30:11','2026-03-14 11:30:11'),
(110,101,'created',NULL,NULL,'{\"sale_number\":\"HIL-0224\",\"sale_type\":\"market\",\"customer_name\":null,\"customer_phone\":null,\"customer_email\":null,\"subtotal\":\"30.00\",\"tax_amount\":\"0.00\",\"discount_amount\":\"0.00\",\"total_amount\":\"30.00\",\"paid_amount\":\"30.00\",\"change_amount\":\"0.00\",\"payment_method\":\"cash\",\"sale_status\":\"completed\",\"notes\":null,\"sale_date\":\"2026-03-14T14:32:56.000000Z\",\"cashier_id\":9,\"is_loan\":false,\"loan_amount\":\"0.00\",\"collected_amount\":\"30.00\",\"payment_status\":\"paid\",\"updated_at\":\"2026-03-14T14:32:56.000000Z\",\"created_at\":\"2026-03-14T14:32:56.000000Z\",\"id\":101}','Sale created through POS',9,'AL ISSEL','2026-03-14 11:32:56','2026-03-14 11:32:56'),
(111,80,'payment_received','{\"payment_status\":{\"old\":\"unpaid\",\"new\":\"paid\"},\"loan_amount\":{\"old\":\"150.00\",\"new\":\"0.00\"},\"collected_amount\":{\"old\":\"0.00\",\"new\":\"150.00\"},\"is_loan\":{\"old\":true,\"new\":false}}',NULL,'{\"payment_amount\":150,\"payment_method\":\"cash\",\"payment_notes\":null,\"balance_after\":0}','Payment received: 150 CFA via Cash',4,'admin','2026-03-15 09:42:10','2026-03-15 09:42:10'),
(112,16,'payment_received','{\"payment_status\":{\"old\":\"unpaid\",\"new\":\"paid\"},\"loan_amount\":{\"old\":\"806.00\",\"new\":\"0.00\"},\"collected_amount\":{\"old\":\"0.00\",\"new\":\"806.00\"},\"is_loan\":{\"old\":true,\"new\":false}}',NULL,'{\"payment_amount\":806,\"payment_method\":\"cash\",\"payment_notes\":null,\"balance_after\":0}','Payment received: 806 CFA via Cash',4,'admin','2026-03-15 09:44:25','2026-03-15 09:44:25'),
(113,63,'payment_received','{\"payment_status\":{\"old\":\"unpaid\",\"new\":\"paid\"},\"loan_amount\":{\"old\":\"974.00\",\"new\":\"0.00\"},\"collected_amount\":{\"old\":\"0.00\",\"new\":\"974.00\"},\"is_loan\":{\"old\":true,\"new\":false}}',NULL,'{\"payment_amount\":974,\"payment_method\":\"cash\",\"payment_notes\":null,\"balance_after\":0}','Payment received: 974 CFA via Cash',4,'admin','2026-03-15 09:50:55','2026-03-15 09:50:55'),
(114,68,'payment_received','{\"payment_status\":{\"old\":\"unpaid\",\"new\":\"paid\"},\"loan_amount\":{\"old\":\"168.00\",\"new\":\"0.00\"},\"collected_amount\":{\"old\":\"0.00\",\"new\":\"168.00\"},\"is_loan\":{\"old\":true,\"new\":false}}',NULL,'{\"payment_amount\":168,\"payment_method\":\"cash\",\"payment_notes\":null,\"balance_after\":0}','Payment received: 168 CFA via Cash',4,'admin','2026-03-15 09:51:24','2026-03-15 09:51:24'),
(115,102,'created',NULL,NULL,'{\"sale_number\":\"HIL-0225\",\"sale_type\":\"market\",\"customer_name\":\"Houdey\",\"customer_phone\":\"000000000\",\"customer_email\":null,\"subtotal\":\"202.00\",\"tax_amount\":\"0.00\",\"discount_amount\":\"0.00\",\"total_amount\":\"202.00\",\"paid_amount\":\"202.00\",\"change_amount\":\"0.00\",\"payment_method\":\"cash\",\"sale_status\":\"completed\",\"notes\":null,\"sale_date\":\"2026-03-15T13:38:29.000000Z\",\"cashier_id\":10,\"is_loan\":false,\"loan_amount\":\"0.00\",\"collected_amount\":\"202.00\",\"payment_status\":\"paid\",\"updated_at\":\"2026-03-15T13:38:29.000000Z\",\"created_at\":\"2026-03-15T13:38:29.000000Z\",\"id\":102}','Sale created through POS',10,'HOUDEY','2026-03-15 10:38:29','2026-03-15 10:38:29'),
(116,103,'created',NULL,NULL,'{\"sale_number\":\"HIL-0226\",\"sale_type\":\"market\",\"customer_name\":\"Houdey\",\"customer_phone\":\"0000000000\",\"customer_email\":null,\"subtotal\":\"104.00\",\"tax_amount\":\"0.00\",\"discount_amount\":\"0.00\",\"total_amount\":\"104.00\",\"paid_amount\":\"104.00\",\"change_amount\":\"0.00\",\"payment_method\":\"cash\",\"sale_status\":\"completed\",\"notes\":null,\"sale_date\":\"2026-03-15T13:40:15.000000Z\",\"cashier_id\":10,\"is_loan\":false,\"loan_amount\":\"0.00\",\"collected_amount\":\"104.00\",\"payment_status\":\"paid\",\"updated_at\":\"2026-03-15T13:40:15.000000Z\",\"created_at\":\"2026-03-15T13:40:15.000000Z\",\"id\":103}','Sale created through POS',10,'HOUDEY','2026-03-15 10:40:15','2026-03-15 10:40:15'),
(117,104,'created',NULL,NULL,'{\"sale_number\":\"HIL-0227\",\"sale_type\":\"market\",\"customer_name\":\"Abdourazakh\",\"customer_phone\":\"0000000000\",\"customer_email\":null,\"subtotal\":\"110.00\",\"tax_amount\":\"0.00\",\"discount_amount\":\"0.00\",\"total_amount\":\"110.00\",\"paid_amount\":\"110.00\",\"change_amount\":\"0.00\",\"payment_method\":\"cash\",\"sale_status\":\"completed\",\"notes\":null,\"sale_date\":\"2026-03-15T15:27:16.000000Z\",\"cashier_id\":10,\"is_loan\":false,\"loan_amount\":\"0.00\",\"collected_amount\":\"110.00\",\"payment_status\":\"paid\",\"updated_at\":\"2026-03-15T15:27:16.000000Z\",\"created_at\":\"2026-03-15T15:27:16.000000Z\",\"id\":104}','Sale created through POS',10,'HOUDEY','2026-03-15 12:27:16','2026-03-15 12:27:16'),
(118,105,'created',NULL,NULL,'{\"sale_number\":\"HIL-0228\",\"sale_type\":\"market\",\"customer_name\":\"Moussa cb\",\"customer_phone\":\"+235 66 63 47 86\",\"customer_email\":null,\"subtotal\":\"80.00\",\"tax_amount\":\"0.00\",\"discount_amount\":\"0.00\",\"total_amount\":\"80.00\",\"paid_amount\":\"0.00\",\"change_amount\":\"0.00\",\"payment_method\":\"cash\",\"sale_status\":\"completed\",\"notes\":null,\"sale_date\":\"2026-03-16T11:48:57.000000Z\",\"cashier_id\":9,\"is_loan\":true,\"loan_amount\":\"80.00\",\"collected_amount\":\"0.00\",\"payment_status\":\"unpaid\",\"updated_at\":\"2026-03-16T11:48:57.000000Z\",\"created_at\":\"2026-03-16T11:48:57.000000Z\",\"id\":105}','Sale created through POS',9,'AL ISSEL','2026-03-16 08:48:57','2026-03-16 08:48:57'),
(119,106,'created',NULL,NULL,'{\"sale_number\":\"HIL-0229\",\"sale_type\":\"market\",\"customer_name\":null,\"customer_phone\":null,\"customer_email\":null,\"subtotal\":\"90.00\",\"tax_amount\":\"0.00\",\"discount_amount\":\"0.00\",\"total_amount\":\"90.00\",\"paid_amount\":\"90.00\",\"change_amount\":\"0.00\",\"payment_method\":\"cash\",\"sale_status\":\"completed\",\"notes\":null,\"sale_date\":\"2026-03-16T12:08:03.000000Z\",\"cashier_id\":9,\"is_loan\":false,\"loan_amount\":\"0.00\",\"collected_amount\":\"90.00\",\"payment_status\":\"paid\",\"updated_at\":\"2026-03-16T12:08:03.000000Z\",\"created_at\":\"2026-03-16T12:08:03.000000Z\",\"id\":106}','Sale created through POS',9,'AL ISSEL','2026-03-16 09:08:03','2026-03-16 09:08:03'),
(120,94,'payment_received','{\"payment_status\":{\"old\":\"unpaid\",\"new\":\"paid\"},\"loan_amount\":{\"old\":\"200.00\",\"new\":\"0.00\"},\"collected_amount\":{\"old\":\"0.00\",\"new\":\"200.00\"},\"is_loan\":{\"old\":true,\"new\":false}}',NULL,'{\"payment_amount\":200,\"payment_method\":\"cash\",\"payment_notes\":null,\"balance_after\":0}','Payment received: 200 CFA via Cash',4,'admin','2026-03-16 10:28:44','2026-03-16 10:28:44'),
(121,105,'payment_received','{\"payment_status\":{\"old\":\"unpaid\",\"new\":\"paid\"},\"loan_amount\":{\"old\":\"80.00\",\"new\":\"0.00\"},\"collected_amount\":{\"old\":\"0.00\",\"new\":\"80.00\"},\"is_loan\":{\"old\":true,\"new\":false}}',NULL,'{\"payment_amount\":80,\"payment_method\":\"cash\",\"payment_notes\":null,\"balance_after\":0}','Payment received: 80 CFA via Cash',4,'admin','2026-03-16 10:29:03','2026-03-16 10:29:03'),
(122,107,'created',NULL,NULL,'{\"sale_number\":\"HIL-0230\",\"sale_type\":\"market\",\"customer_name\":null,\"customer_phone\":null,\"customer_email\":null,\"subtotal\":\"46.00\",\"tax_amount\":\"0.00\",\"discount_amount\":\"0.00\",\"total_amount\":\"46.00\",\"paid_amount\":\"46.00\",\"change_amount\":\"0.00\",\"payment_method\":\"cash\",\"sale_status\":\"completed\",\"notes\":null,\"sale_date\":\"2026-03-16T14:25:27.000000Z\",\"cashier_id\":9,\"is_loan\":false,\"loan_amount\":\"0.00\",\"collected_amount\":\"46.00\",\"payment_status\":\"paid\",\"updated_at\":\"2026-03-16T14:25:27.000000Z\",\"created_at\":\"2026-03-16T14:25:27.000000Z\",\"id\":107}','Sale created through POS',9,'AL ISSEL','2026-03-16 11:25:27','2026-03-16 11:25:27'),
(123,108,'created',NULL,NULL,'{\"sale_number\":\"HIL-0231\",\"sale_type\":\"market\",\"customer_name\":\"Mika\",\"customer_phone\":null,\"customer_email\":null,\"subtotal\":\"50.00\",\"tax_amount\":\"0.00\",\"discount_amount\":\"0.00\",\"total_amount\":\"50.00\",\"paid_amount\":\"50.00\",\"change_amount\":\"0.00\",\"payment_method\":\"cash\",\"sale_status\":\"completed\",\"notes\":null,\"sale_date\":\"2026-03-16T14:30:38.000000Z\",\"cashier_id\":9,\"is_loan\":false,\"loan_amount\":\"0.00\",\"collected_amount\":\"50.00\",\"payment_status\":\"paid\",\"updated_at\":\"2026-03-16T14:30:38.000000Z\",\"created_at\":\"2026-03-16T14:30:38.000000Z\",\"id\":108}','Sale created through POS',9,'AL ISSEL','2026-03-16 11:30:38','2026-03-16 11:30:38'),
(124,109,'created',NULL,NULL,'{\"sale_number\":\"HIL-0232\",\"sale_type\":\"market\",\"customer_name\":null,\"customer_phone\":null,\"customer_email\":null,\"subtotal\":\"120.00\",\"tax_amount\":\"0.00\",\"discount_amount\":\"0.00\",\"total_amount\":\"120.00\",\"paid_amount\":\"120.00\",\"change_amount\":\"0.00\",\"payment_method\":\"cash\",\"sale_status\":\"completed\",\"notes\":null,\"sale_date\":\"2026-03-16T16:00:44.000000Z\",\"cashier_id\":9,\"is_loan\":false,\"loan_amount\":\"0.00\",\"collected_amount\":\"120.00\",\"payment_status\":\"paid\",\"updated_at\":\"2026-03-16T16:00:44.000000Z\",\"created_at\":\"2026-03-16T16:00:44.000000Z\",\"id\":109}','Sale created through POS',9,'AL ISSEL','2026-03-16 13:00:45','2026-03-16 13:00:45'),
(125,110,'created',NULL,NULL,'{\"sale_number\":\"HIL-0233\",\"sale_type\":\"market\",\"customer_name\":\"Anour\",\"customer_phone\":null,\"customer_email\":null,\"subtotal\":\"52.00\",\"tax_amount\":\"0.00\",\"discount_amount\":\"0.00\",\"total_amount\":\"52.00\",\"paid_amount\":\"52.00\",\"change_amount\":\"0.00\",\"payment_method\":\"cash\",\"sale_status\":\"completed\",\"notes\":null,\"sale_date\":\"2026-03-17T11:40:02.000000Z\",\"cashier_id\":9,\"is_loan\":false,\"loan_amount\":\"0.00\",\"collected_amount\":\"52.00\",\"payment_status\":\"paid\",\"updated_at\":\"2026-03-17T11:40:02.000000Z\",\"created_at\":\"2026-03-17T11:40:02.000000Z\",\"id\":110}','Sale created through POS',9,'AL ISSEL','2026-03-17 08:40:02','2026-03-17 08:40:02'),
(126,111,'created',NULL,NULL,'{\"sale_number\":\"HIL-0234\",\"sale_type\":\"market\",\"customer_name\":\"Ali ousman\",\"customer_phone\":null,\"customer_email\":null,\"subtotal\":\"26.00\",\"tax_amount\":\"0.00\",\"discount_amount\":\"0.00\",\"total_amount\":\"26.00\",\"paid_amount\":\"26.00\",\"change_amount\":\"0.00\",\"payment_method\":\"cash\",\"sale_status\":\"completed\",\"notes\":null,\"sale_date\":\"2026-03-17T15:59:56.000000Z\",\"cashier_id\":9,\"is_loan\":false,\"loan_amount\":\"0.00\",\"collected_amount\":\"26.00\",\"payment_status\":\"paid\",\"updated_at\":\"2026-03-17T15:59:56.000000Z\",\"created_at\":\"2026-03-17T15:59:56.000000Z\",\"id\":111}','Sale created through POS',9,'AL ISSEL','2026-03-17 12:59:56','2026-03-17 12:59:56'),
(127,112,'created',NULL,NULL,'{\"sale_number\":\"HIL-0235\",\"sale_type\":\"market\",\"customer_name\":null,\"customer_phone\":null,\"customer_email\":null,\"subtotal\":\"1000.00\",\"tax_amount\":\"0.00\",\"discount_amount\":\"300.00\",\"total_amount\":\"700.00\",\"paid_amount\":\"700.00\",\"change_amount\":\"0.00\",\"payment_method\":\"cash\",\"sale_status\":\"completed\",\"notes\":null,\"sale_date\":\"2026-03-17T15:59:58.000000Z\",\"cashier_id\":4,\"is_loan\":false,\"loan_amount\":\"0.00\",\"collected_amount\":\"700.00\",\"payment_status\":\"paid\",\"updated_at\":\"2026-03-17T15:59:58.000000Z\",\"created_at\":\"2026-03-17T15:59:58.000000Z\",\"id\":112}','Sale created through POS',4,'admin','2026-03-17 12:59:58','2026-03-17 12:59:58'),
(128,113,'created',NULL,NULL,'{\"sale_number\":\"HIL-0236\",\"sale_type\":\"market\",\"customer_name\":\"Le geyant\",\"customer_phone\":null,\"customer_email\":null,\"subtotal\":\"43.00\",\"tax_amount\":\"0.00\",\"discount_amount\":\"0.00\",\"total_amount\":\"43.00\",\"paid_amount\":\"43.00\",\"change_amount\":\"0.00\",\"payment_method\":\"cash\",\"sale_status\":\"completed\",\"notes\":null,\"sale_date\":\"2026-03-17T16:01:04.000000Z\",\"cashier_id\":9,\"is_loan\":false,\"loan_amount\":\"0.00\",\"collected_amount\":\"43.00\",\"payment_status\":\"paid\",\"updated_at\":\"2026-03-17T16:01:04.000000Z\",\"created_at\":\"2026-03-17T16:01:04.000000Z\",\"id\":113}','Sale created through POS',9,'AL ISSEL','2026-03-17 13:01:04','2026-03-17 13:01:04'),
(129,114,'created',NULL,NULL,'{\"sale_number\":\"HIL-0237\",\"sale_type\":\"market\",\"customer_name\":null,\"customer_phone\":null,\"customer_email\":null,\"subtotal\":\"25.00\",\"tax_amount\":\"0.00\",\"discount_amount\":\"0.00\",\"total_amount\":\"25.00\",\"paid_amount\":\"25.00\",\"change_amount\":\"0.00\",\"payment_method\":\"cash\",\"sale_status\":\"completed\",\"notes\":null,\"sale_date\":\"2026-03-18T08:01:25.000000Z\",\"cashier_id\":9,\"is_loan\":false,\"loan_amount\":\"0.00\",\"collected_amount\":\"25.00\",\"payment_status\":\"paid\",\"updated_at\":\"2026-03-18T08:01:25.000000Z\",\"created_at\":\"2026-03-18T08:01:25.000000Z\",\"id\":114}','Sale created through POS',9,'AL ISSEL','2026-03-18 05:01:26','2026-03-18 05:01:26'),
(130,115,'created',NULL,NULL,'{\"sale_number\":\"HIL-0238\",\"sale_type\":\"market\",\"customer_name\":\"Sidal djalabiya\",\"customer_phone\":null,\"customer_email\":null,\"subtotal\":\"56.00\",\"tax_amount\":\"0.00\",\"discount_amount\":\"0.00\",\"total_amount\":\"56.00\",\"paid_amount\":\"56.00\",\"change_amount\":\"0.00\",\"payment_method\":\"cash\",\"sale_status\":\"completed\",\"notes\":null,\"sale_date\":\"2026-03-18T14:24:21.000000Z\",\"cashier_id\":9,\"is_loan\":false,\"loan_amount\":\"0.00\",\"collected_amount\":\"56.00\",\"payment_status\":\"paid\",\"updated_at\":\"2026-03-18T14:24:21.000000Z\",\"created_at\":\"2026-03-18T14:24:21.000000Z\",\"id\":115}','Sale created through POS',9,'AL ISSEL','2026-03-18 11:24:21','2026-03-18 11:24:21'),
(131,116,'created',NULL,NULL,'{\"sale_number\":\"HIL-0239\",\"sale_type\":\"market\",\"customer_name\":null,\"customer_phone\":null,\"customer_email\":null,\"subtotal\":\"25.00\",\"tax_amount\":\"0.00\",\"discount_amount\":\"0.00\",\"total_amount\":\"25.00\",\"paid_amount\":\"25.00\",\"change_amount\":\"0.00\",\"payment_method\":\"cash\",\"sale_status\":\"completed\",\"notes\":null,\"sale_date\":\"2026-03-19T10:45:37.000000Z\",\"cashier_id\":9,\"is_loan\":false,\"loan_amount\":\"0.00\",\"collected_amount\":\"25.00\",\"payment_status\":\"paid\",\"updated_at\":\"2026-03-19T10:45:37.000000Z\",\"created_at\":\"2026-03-19T10:45:37.000000Z\",\"id\":116}','Sale created through POS',9,'AL ISSEL','2026-03-19 07:45:37','2026-03-19 07:45:37'),
(132,117,'created',NULL,NULL,'{\"sale_number\":\"HIL-0240\",\"sale_type\":\"market\",\"customer_name\":null,\"customer_phone\":null,\"customer_email\":null,\"subtotal\":\"25.00\",\"tax_amount\":\"0.00\",\"discount_amount\":\"0.00\",\"total_amount\":\"25.00\",\"paid_amount\":\"25.00\",\"change_amount\":\"0.00\",\"payment_method\":\"cash\",\"sale_status\":\"completed\",\"notes\":null,\"sale_date\":\"2026-03-19T13:19:26.000000Z\",\"cashier_id\":9,\"is_loan\":false,\"loan_amount\":\"0.00\",\"collected_amount\":\"25.00\",\"payment_status\":\"paid\",\"updated_at\":\"2026-03-19T13:19:26.000000Z\",\"created_at\":\"2026-03-19T13:19:26.000000Z\",\"id\":117}','Sale created through POS',9,'AL ISSEL','2026-03-19 10:19:26','2026-03-19 10:19:26'),
(133,118,'created',NULL,NULL,'{\"sale_number\":\"HIL-0241\",\"sale_type\":\"market\",\"customer_name\":\"ABOU AMMAR\",\"customer_phone\":\"0506 134 96 10\",\"customer_email\":null,\"subtotal\":\"300.00\",\"tax_amount\":\"0.00\",\"discount_amount\":\"90.00\",\"total_amount\":\"210.00\",\"paid_amount\":\"210.00\",\"change_amount\":\"0.00\",\"payment_method\":\"cash\",\"sale_status\":\"completed\",\"notes\":null,\"sale_date\":\"2026-03-23T13:58:48.000000Z\",\"cashier_id\":4,\"is_loan\":false,\"loan_amount\":\"0.00\",\"collected_amount\":\"210.00\",\"payment_status\":\"paid\",\"updated_at\":\"2026-03-23T13:58:48.000000Z\",\"created_at\":\"2026-03-23T13:58:48.000000Z\",\"id\":118}','Sale created through POS',4,'admin','2026-03-23 10:58:48','2026-03-23 10:58:48'),
(134,119,'created',NULL,NULL,'{\"sale_number\":\"HIL-0242\",\"sale_type\":\"market\",\"customer_name\":\"Hamza\",\"customer_phone\":null,\"customer_email\":null,\"subtotal\":\"50.00\",\"tax_amount\":\"0.00\",\"discount_amount\":\"0.00\",\"total_amount\":\"50.00\",\"paid_amount\":\"50.00\",\"change_amount\":\"0.00\",\"payment_method\":\"cash\",\"sale_status\":\"completed\",\"notes\":null,\"sale_date\":\"2026-03-23T14:00:42.000000Z\",\"cashier_id\":9,\"is_loan\":false,\"loan_amount\":\"0.00\",\"collected_amount\":\"50.00\",\"payment_status\":\"paid\",\"updated_at\":\"2026-03-23T14:00:42.000000Z\",\"created_at\":\"2026-03-23T14:00:42.000000Z\",\"id\":119}','Sale created through POS',9,'AL ISSEL','2026-03-23 11:00:42','2026-03-23 11:00:42'),
(135,120,'created',NULL,NULL,'{\"sale_number\":\"HIL-0243\",\"sale_type\":\"market\",\"customer_name\":\"Attom\",\"customer_phone\":null,\"customer_email\":null,\"subtotal\":\"50.00\",\"tax_amount\":\"0.00\",\"discount_amount\":\"0.00\",\"total_amount\":\"50.00\",\"paid_amount\":\"50.00\",\"change_amount\":\"0.00\",\"payment_method\":\"cash\",\"sale_status\":\"completed\",\"notes\":null,\"sale_date\":\"2026-03-23T14:01:39.000000Z\",\"cashier_id\":9,\"is_loan\":false,\"loan_amount\":\"0.00\",\"collected_amount\":\"50.00\",\"payment_status\":\"paid\",\"updated_at\":\"2026-03-23T14:01:39.000000Z\",\"created_at\":\"2026-03-23T14:01:39.000000Z\",\"id\":120}','Sale created through POS',9,'AL ISSEL','2026-03-23 11:01:39','2026-03-23 11:01:39'),
(136,121,'created',NULL,NULL,'{\"sale_number\":\"HIL-0244\",\"sale_type\":\"market\",\"customer_name\":\"Abou ammar\",\"customer_phone\":null,\"customer_email\":null,\"subtotal\":\"35.00\",\"tax_amount\":\"0.00\",\"discount_amount\":\"0.00\",\"total_amount\":\"35.00\",\"paid_amount\":\"35.00\",\"change_amount\":\"0.00\",\"payment_method\":\"cash\",\"sale_status\":\"completed\",\"notes\":null,\"sale_date\":\"2026-03-24T12:41:31.000000Z\",\"cashier_id\":9,\"is_loan\":false,\"loan_amount\":\"0.00\",\"collected_amount\":\"35.00\",\"payment_status\":\"paid\",\"updated_at\":\"2026-03-24T12:41:31.000000Z\",\"created_at\":\"2026-03-24T12:41:31.000000Z\",\"id\":121}','Sale created through POS',9,'AL ISSEL','2026-03-24 09:41:31','2026-03-24 09:41:31'),
(137,122,'created',NULL,NULL,'{\"sale_number\":\"HIL-0245\",\"sale_type\":\"market\",\"customer_name\":\"Abou ammar\",\"customer_phone\":null,\"customer_email\":null,\"subtotal\":\"35.00\",\"tax_amount\":\"0.00\",\"discount_amount\":\"0.00\",\"total_amount\":\"35.00\",\"paid_amount\":\"35.00\",\"change_amount\":\"0.00\",\"payment_method\":\"cash\",\"sale_status\":\"completed\",\"notes\":null,\"sale_date\":\"2026-03-24T14:57:55.000000Z\",\"cashier_id\":9,\"is_loan\":false,\"loan_amount\":\"0.00\",\"collected_amount\":\"35.00\",\"payment_status\":\"paid\",\"updated_at\":\"2026-03-24T14:57:55.000000Z\",\"created_at\":\"2026-03-24T14:57:55.000000Z\",\"id\":122}','Sale created through POS',9,'AL ISSEL','2026-03-24 11:57:56','2026-03-24 11:57:56'),
(138,123,'created',NULL,NULL,'{\"sale_number\":\"HIL-0246\",\"sale_type\":\"market\",\"customer_name\":\"Adam zakaria\",\"customer_phone\":\"62148038\",\"customer_email\":null,\"subtotal\":\"35.00\",\"tax_amount\":\"0.00\",\"discount_amount\":\"0.00\",\"total_amount\":\"35.00\",\"paid_amount\":\"35.00\",\"change_amount\":\"0.00\",\"payment_method\":\"cash\",\"sale_status\":\"completed\",\"notes\":null,\"sale_date\":\"2026-04-04T16:34:52.000000Z\",\"cashier_id\":9,\"is_loan\":false,\"loan_amount\":\"0.00\",\"collected_amount\":\"35.00\",\"payment_status\":\"paid\",\"updated_at\":\"2026-04-04T16:34:52.000000Z\",\"created_at\":\"2026-04-04T16:34:52.000000Z\",\"id\":123}','Sale created through POS',9,'AL ISSEL','2026-04-04 13:34:52','2026-04-04 13:34:52'),
(139,124,'created',NULL,NULL,'{\"sale_number\":\"HIL-0247\",\"sale_type\":\"market\",\"customer_name\":\"\\u0130ser pour mahmoud coordo\",\"customer_phone\":null,\"customer_email\":null,\"subtotal\":\"60.00\",\"tax_amount\":\"0.00\",\"discount_amount\":\"0.00\",\"total_amount\":\"60.00\",\"paid_amount\":\"60.00\",\"change_amount\":\"0.00\",\"payment_method\":\"cash\",\"sale_status\":\"completed\",\"notes\":null,\"sale_date\":\"2026-04-07T15:22:16.000000Z\",\"cashier_id\":9,\"is_loan\":false,\"loan_amount\":\"0.00\",\"collected_amount\":\"60.00\",\"payment_status\":\"paid\",\"updated_at\":\"2026-04-07T15:22:16.000000Z\",\"created_at\":\"2026-04-07T15:22:16.000000Z\",\"id\":124}','Sale created through POS',9,'AL ISSEL','2026-04-07 12:22:16','2026-04-07 12:22:16'),
(140,125,'created',NULL,NULL,'{\"sale_number\":\"HIL-0248\",\"sale_type\":\"market\",\"customer_name\":\"\\u0130smail diop\",\"customer_phone\":\"+235 65 65 54 06\",\"customer_email\":null,\"subtotal\":\"1050.00\",\"tax_amount\":\"0.00\",\"discount_amount\":\"0.00\",\"total_amount\":\"1050.00\",\"paid_amount\":\"0.00\",\"change_amount\":\"0.00\",\"payment_method\":\"cash\",\"sale_status\":\"completed\",\"notes\":null,\"sale_date\":\"2026-04-08T15:11:45.000000Z\",\"cashier_id\":9,\"is_loan\":true,\"loan_amount\":\"1050.00\",\"collected_amount\":\"0.00\",\"payment_status\":\"unpaid\",\"updated_at\":\"2026-04-08T15:11:45.000000Z\",\"created_at\":\"2026-04-08T15:11:45.000000Z\",\"id\":125}','Sale created through POS',9,'AL ISSEL','2026-04-08 12:11:45','2026-04-08 12:11:45'),
(141,126,'created',NULL,NULL,'{\"sale_number\":\"HIL-0249\",\"sale_type\":\"market\",\"customer_name\":\"Alali\",\"customer_phone\":\"+90 546 642 32 80\",\"customer_email\":null,\"subtotal\":\"247.00\",\"tax_amount\":\"0.00\",\"discount_amount\":\"0.00\",\"total_amount\":\"247.00\",\"paid_amount\":\"0.00\",\"change_amount\":\"0.00\",\"payment_method\":\"cash\",\"sale_status\":\"completed\",\"notes\":null,\"sale_date\":\"2026-04-09T12:17:50.000000Z\",\"cashier_id\":9,\"is_loan\":true,\"loan_amount\":\"247.00\",\"collected_amount\":\"0.00\",\"payment_status\":\"unpaid\",\"updated_at\":\"2026-04-09T12:17:50.000000Z\",\"created_at\":\"2026-04-09T12:17:50.000000Z\",\"id\":126}','Sale created through POS',9,'AL ISSEL','2026-04-09 09:17:50','2026-04-09 09:17:50'),
(142,127,'created',NULL,NULL,'{\"sale_number\":\"HIL-0250\",\"sale_type\":\"market\",\"customer_name\":\"Ami de alali\",\"customer_phone\":\"+90 546 642 32 80\",\"customer_email\":null,\"subtotal\":\"105.00\",\"tax_amount\":\"0.00\",\"discount_amount\":\"0.00\",\"total_amount\":\"105.00\",\"paid_amount\":\"0.00\",\"change_amount\":\"0.00\",\"payment_method\":\"cash\",\"sale_status\":\"completed\",\"notes\":null,\"sale_date\":\"2026-04-09T12:18:47.000000Z\",\"cashier_id\":9,\"is_loan\":true,\"loan_amount\":\"105.00\",\"collected_amount\":\"0.00\",\"payment_status\":\"unpaid\",\"updated_at\":\"2026-04-09T12:18:47.000000Z\",\"created_at\":\"2026-04-09T12:18:47.000000Z\",\"id\":127}','Sale created through POS',9,'AL ISSEL','2026-04-09 09:18:47','2026-04-09 09:18:47'),
(143,128,'created',NULL,NULL,'{\"sale_number\":\"HIL-0251\",\"sale_type\":\"market\",\"customer_name\":\"Mht nour zakouma\",\"customer_phone\":null,\"customer_email\":null,\"subtotal\":\"100.00\",\"tax_amount\":\"0.00\",\"discount_amount\":\"0.00\",\"total_amount\":\"100.00\",\"paid_amount\":\"100.00\",\"change_amount\":\"0.00\",\"payment_method\":\"cash\",\"sale_status\":\"completed\",\"notes\":null,\"sale_date\":\"2026-04-09T13:44:49.000000Z\",\"cashier_id\":9,\"is_loan\":false,\"loan_amount\":\"0.00\",\"collected_amount\":\"100.00\",\"payment_status\":\"paid\",\"updated_at\":\"2026-04-09T13:44:49.000000Z\",\"created_at\":\"2026-04-09T13:44:49.000000Z\",\"id\":128}','Sale created through POS',9,'AL ISSEL','2026-04-09 10:44:50','2026-04-09 10:44:50'),
(144,129,'created',NULL,NULL,'{\"sale_number\":\"HIL-0252\",\"sale_type\":\"market\",\"customer_name\":\"Djelani\",\"customer_phone\":null,\"customer_email\":null,\"subtotal\":\"100.00\",\"tax_amount\":\"0.00\",\"discount_amount\":\"0.00\",\"total_amount\":\"100.00\",\"paid_amount\":\"100.00\",\"change_amount\":\"0.00\",\"payment_method\":\"cash\",\"sale_status\":\"completed\",\"notes\":null,\"sale_date\":\"2026-04-11T13:31:47.000000Z\",\"cashier_id\":9,\"is_loan\":false,\"loan_amount\":\"0.00\",\"collected_amount\":\"100.00\",\"payment_status\":\"paid\",\"updated_at\":\"2026-04-11T13:31:47.000000Z\",\"created_at\":\"2026-04-11T13:31:47.000000Z\",\"id\":129}','Sale created through POS',9,'AL ISSEL','2026-04-11 10:31:47','2026-04-11 10:31:47'),
(145,130,'created',NULL,NULL,'{\"sale_number\":\"HIL-0253\",\"sale_type\":\"market\",\"customer_name\":\"Ahmat\",\"customer_phone\":null,\"customer_email\":null,\"subtotal\":\"84.00\",\"tax_amount\":\"0.00\",\"discount_amount\":\"0.00\",\"total_amount\":\"84.00\",\"paid_amount\":\"84.00\",\"change_amount\":\"0.00\",\"payment_method\":\"cash\",\"sale_status\":\"completed\",\"notes\":null,\"sale_date\":\"2026-04-11T13:33:01.000000Z\",\"cashier_id\":9,\"is_loan\":false,\"loan_amount\":\"0.00\",\"collected_amount\":\"84.00\",\"payment_status\":\"paid\",\"updated_at\":\"2026-04-11T13:33:01.000000Z\",\"created_at\":\"2026-04-11T13:33:01.000000Z\",\"id\":130}','Sale created through POS',9,'AL ISSEL','2026-04-11 10:33:01','2026-04-11 10:33:01'),
(146,131,'created',NULL,NULL,'{\"sale_number\":\"HIL-0254\",\"sale_type\":\"market\",\"customer_name\":\"Djibrine\",\"customer_phone\":null,\"customer_email\":null,\"subtotal\":\"120.00\",\"tax_amount\":\"0.00\",\"discount_amount\":\"0.00\",\"total_amount\":\"120.00\",\"paid_amount\":\"120.00\",\"change_amount\":\"0.00\",\"payment_method\":\"cash\",\"sale_status\":\"completed\",\"notes\":null,\"sale_date\":\"2026-04-14T13:56:02.000000Z\",\"cashier_id\":9,\"is_loan\":false,\"loan_amount\":\"0.00\",\"collected_amount\":\"120.00\",\"payment_status\":\"paid\",\"updated_at\":\"2026-04-14T13:56:02.000000Z\",\"created_at\":\"2026-04-14T13:56:02.000000Z\",\"id\":131}','Sale created through POS',9,'AL ISSEL','2026-04-14 10:56:03','2026-04-14 10:56:03'),
(147,127,'payment_received','{\"payment_status\":{\"old\":\"unpaid\",\"new\":\"paid\"},\"loan_amount\":{\"old\":\"105.00\",\"new\":\"0.00\"},\"collected_amount\":{\"old\":\"0.00\",\"new\":\"105.00\"},\"is_loan\":{\"old\":true,\"new\":false}}',NULL,'{\"payment_amount\":105,\"payment_method\":\"cash\",\"payment_notes\":null,\"balance_after\":0}','Payment received: 105 CFA via Cash',4,'admin','2026-04-15 08:23:48','2026-04-15 08:23:48'),
(148,126,'payment_received','{\"payment_status\":{\"old\":\"unpaid\",\"new\":\"paid\"},\"loan_amount\":{\"old\":\"247.00\",\"new\":\"0.00\"},\"collected_amount\":{\"old\":\"0.00\",\"new\":\"247.00\"},\"is_loan\":{\"old\":true,\"new\":false}}',NULL,'{\"payment_amount\":247,\"payment_method\":\"cash\",\"payment_notes\":null,\"balance_after\":0}','Payment received: 247 CFA via Cash',4,'admin','2026-04-15 08:24:13','2026-04-15 08:24:13'),
(149,24,'payment_received','{\"payment_status\":{\"old\":\"unpaid\",\"new\":\"paid\"},\"loan_amount\":{\"old\":\"56.00\",\"new\":\"0.00\"},\"collected_amount\":{\"old\":\"0.00\",\"new\":\"56.00\"},\"is_loan\":{\"old\":true,\"new\":false}}',NULL,'{\"payment_amount\":56,\"payment_method\":\"cash\",\"payment_notes\":null,\"balance_after\":0}','Payment received: 56 CFA via Cash',4,'admin','2026-04-15 08:24:35','2026-04-15 08:24:35'),
(150,53,'payment_received','{\"payment_status\":{\"old\":\"unpaid\",\"new\":\"paid\"},\"loan_amount\":{\"old\":\"100.00\",\"new\":\"0.00\"},\"collected_amount\":{\"old\":\"0.00\",\"new\":\"100.00\"},\"is_loan\":{\"old\":true,\"new\":false}}',NULL,'{\"payment_amount\":100,\"payment_method\":\"cash\",\"payment_notes\":null,\"balance_after\":0}','Payment received: 100 CFA via Cash',4,'admin','2026-04-15 08:25:11','2026-04-15 08:25:11'),
(151,132,'created',NULL,NULL,'{\"sale_number\":\"HIL-0255\",\"sale_type\":\"market\",\"customer_name\":\"Alali\",\"customer_phone\":\"+90 546 642 32 80\",\"customer_email\":null,\"subtotal\":\"70.00\",\"tax_amount\":\"0.00\",\"discount_amount\":\"0.00\",\"total_amount\":\"70.00\",\"paid_amount\":\"0.00\",\"change_amount\":\"0.00\",\"payment_method\":\"cash\",\"sale_status\":\"completed\",\"notes\":null,\"sale_date\":\"2026-04-15T16:11:26.000000Z\",\"cashier_id\":9,\"is_loan\":true,\"loan_amount\":\"70.00\",\"collected_amount\":\"0.00\",\"payment_status\":\"unpaid\",\"updated_at\":\"2026-04-15T16:11:26.000000Z\",\"created_at\":\"2026-04-15T16:11:26.000000Z\",\"id\":132}','Sale created through POS',9,'AL ISSEL','2026-04-15 13:11:26','2026-04-15 13:11:26'),
(152,133,'created',NULL,NULL,'{\"sale_number\":\"HIL-0256\",\"sale_type\":\"market\",\"customer_name\":\"Lynsha\",\"customer_phone\":null,\"customer_email\":null,\"subtotal\":\"80.00\",\"tax_amount\":\"0.00\",\"discount_amount\":\"0.00\",\"total_amount\":\"80.00\",\"paid_amount\":\"80.00\",\"change_amount\":\"0.00\",\"payment_method\":\"cash\",\"sale_status\":\"completed\",\"notes\":null,\"sale_date\":\"2026-04-16T19:21:42.000000Z\",\"cashier_id\":4,\"is_loan\":false,\"loan_amount\":\"0.00\",\"collected_amount\":\"80.00\",\"payment_status\":\"paid\",\"updated_at\":\"2026-04-16T19:21:42.000000Z\",\"created_at\":\"2026-04-16T19:21:42.000000Z\",\"id\":133}','Sale created through POS',4,'admin','2026-04-16 16:21:42','2026-04-16 16:21:42'),
(153,132,'payment_received','{\"payment_status\":{\"old\":\"unpaid\",\"new\":\"paid\"},\"loan_amount\":{\"old\":\"70.00\",\"new\":\"0.00\"},\"collected_amount\":{\"old\":\"0.00\",\"new\":\"70.00\"},\"is_loan\":{\"old\":true,\"new\":false}}',NULL,'{\"payment_amount\":70,\"payment_method\":\"cash\",\"payment_notes\":null,\"balance_after\":0}','Payment received: 70 CFA via Cash',4,'admin','2026-04-17 05:55:32','2026-04-17 05:55:32'),
(154,134,'created',NULL,NULL,'{\"sale_number\":\"HIL-0257\",\"sale_type\":\"market\",\"customer_name\":\"\\u0130ngeneur\",\"customer_phone\":null,\"customer_email\":null,\"subtotal\":\"38.00\",\"tax_amount\":\"0.00\",\"discount_amount\":\"0.00\",\"total_amount\":\"38.00\",\"paid_amount\":\"38.00\",\"change_amount\":\"0.00\",\"payment_method\":\"cash\",\"sale_status\":\"completed\",\"notes\":null,\"sale_date\":\"2026-04-17T13:11:59.000000Z\",\"cashier_id\":9,\"is_loan\":false,\"loan_amount\":\"0.00\",\"collected_amount\":\"38.00\",\"payment_status\":\"paid\",\"updated_at\":\"2026-04-17T13:11:59.000000Z\",\"created_at\":\"2026-04-17T13:11:59.000000Z\",\"id\":134}','Sale created through POS',9,'AL ISSEL','2026-04-17 10:11:59','2026-04-17 10:11:59'),
(155,18,'payment_received','{\"payment_status\":{\"old\":\"unpaid\",\"new\":\"paid\"},\"loan_amount\":{\"old\":\"2010.00\",\"new\":\"0.00\"},\"collected_amount\":{\"old\":\"0.00\",\"new\":\"2010.00\"},\"is_loan\":{\"old\":true,\"new\":false}}',NULL,'{\"payment_amount\":2010,\"payment_method\":\"cash\",\"payment_notes\":null,\"balance_after\":0}','Payment received: 2,010 CFA via Cash',4,'admin','2026-04-20 12:04:30','2026-04-20 12:04:30');

--
-- Table structure for table `sale_items`
--

CREATE TABLE `sale_items` (
  `id` bigint(20) unsigned NOT NULL AUTO_INCREMENT,
  `sale_id` bigint(20) unsigned NOT NULL,
  `product_id` bigint(20) unsigned NOT NULL,
  `product_name` varchar(255) NOT NULL,
  `product_barcode` varchar(255) DEFAULT NULL,
  `quantity` int(11) NOT NULL,
  `unit_price` decimal(10,2) NOT NULL,
  `tax_rate` decimal(5,2) NOT NULL DEFAULT 0.00,
  `tax_amount` decimal(10,2) NOT NULL DEFAULT 0.00,
  `discount_amount` decimal(10,2) NOT NULL DEFAULT 0.00,
  `total_amount` decimal(10,2) NOT NULL,
  `created_at` timestamp NULL DEFAULT NULL,
  `updated_at` timestamp NULL DEFAULT NULL,
  PRIMARY KEY (`id`),
  KEY `sale_items_sale_id_index` (`sale_id`),
  KEY `sale_items_product_id_index` (`product_id`),
  CONSTRAINT `sale_items_product_id_foreign` FOREIGN KEY (`product_id`) REFERENCES `products` (`id`),
  CONSTRAINT `sale_items_sale_id_foreign` FOREIGN KEY (`sale_id`) REFERENCES `sales` (`id`) ON DELETE CASCADE
) ENGINE=InnoDB AUTO_INCREMENT=206 DEFAULT CHARSET=utf8mb4 COLLATE=utf8mb4_unicode_ci;

--
-- Dumping data for table `sale_items`
--

INSERT INTO `sale_items` VALUES
(1,1,6,'HS',NULL,1,24.00,0.00,0.00,0.00,24.00,'2026-01-18 12:43:25','2026-01-18 12:43:25'),
(2,1,9,'HS',NULL,4,24.00,0.00,0.00,0.00,96.00,'2026-01-18 12:43:25','2026-01-18 12:43:25'),
(3,1,10,'HS',NULL,3,24.00,0.00,0.00,0.00,72.00,'2026-01-18 12:43:25','2026-01-18 12:43:25'),
(4,1,11,'HS',NULL,4,24.00,0.00,0.00,0.00,96.00,'2026-01-18 12:43:25','2026-01-18 12:43:25'),
(5,1,20,'HS',NULL,6,24.00,0.00,0.00,0.00,144.00,'2026-01-18 12:43:25','2026-01-18 12:43:25'),
(6,1,26,'IST STOK 1',NULL,32,24.00,0.00,0.00,0.00,768.00,'2026-01-18 12:43:25','2026-01-18 12:43:25'),
(7,2,26,'IST STOK 1',NULL,2,30.00,0.00,0.00,0.00,60.00,'2026-01-19 11:23:08','2026-01-19 11:23:08'),
(8,3,26,'IST STOK 1',NULL,6,30.00,0.00,0.00,0.00,180.00,'2026-01-19 11:47:23','2026-01-19 11:47:23'),
(9,4,11,'HS',NULL,1,30.00,0.00,0.00,0.00,30.00,'2026-01-19 12:27:22','2026-01-19 12:27:22'),
(10,4,16,'HS',NULL,1,30.00,0.00,0.00,0.00,30.00,'2026-01-19 12:27:22','2026-01-19 12:27:22'),
(11,4,20,'HS',NULL,1,30.00,0.00,0.00,0.00,30.00,'2026-01-19 12:27:22','2026-01-19 12:27:22'),
(12,5,12,'HS',NULL,1,27.00,0.00,0.00,0.00,27.00,'2026-01-20 11:20:51','2026-01-20 11:20:51'),
(13,5,16,'HS',NULL,1,27.00,0.00,0.00,0.00,27.00,'2026-01-20 11:20:51','2026-01-20 11:20:51'),
(14,5,26,'IST STOK 1',NULL,2,27.00,0.00,0.00,0.00,54.00,'2026-01-20 11:20:51','2026-01-20 11:20:51'),
(15,6,11,'HS',NULL,1,26.00,0.00,0.00,0.00,26.00,'2026-01-21 06:27:03','2026-01-21 06:27:03'),
(16,6,16,'HS',NULL,1,26.00,0.00,0.00,0.00,26.00,'2026-01-21 06:27:03','2026-01-21 06:27:03'),
(17,6,20,'HS',NULL,2,26.00,0.00,0.00,0.00,52.00,'2026-01-21 06:27:03','2026-01-21 06:27:03'),
(18,6,26,'IST STOK 1',NULL,4,26.00,0.00,0.00,0.00,104.00,'2026-01-21 06:27:03','2026-01-21 06:27:03'),
(19,7,26,'IST STOK 1',NULL,8,27.00,0.00,0.00,0.00,216.00,'2026-01-24 07:10:04','2026-01-24 07:10:04'),
(20,8,26,'IST STOK 1',NULL,4,30.00,0.00,0.00,0.00,120.00,'2026-02-12 08:33:43','2026-02-12 08:33:43'),
(21,9,26,'IST STOK 1',NULL,1,30.00,0.00,0.00,0.00,30.00,'2026-02-14 07:47:42','2026-02-14 07:47:42'),
(22,10,9,'FB1',NULL,3,26.00,0.00,0.00,0.00,78.00,'2026-02-17 04:55:13','2026-02-17 04:55:13'),
(23,10,26,'IST STOK 1',NULL,1,30.00,0.00,0.00,0.00,30.00,'2026-02-17 04:55:13','2026-02-17 04:55:13'),
(24,11,25,'Hilal 2000S',NULL,1,40.00,0.00,0.00,0.00,40.00,'2026-02-18 05:15:18','2026-02-18 05:15:18'),
(25,11,26,'IST STOK 1',NULL,1,40.00,0.00,0.00,0.00,40.00,'2026-02-18 05:15:18','2026-02-18 05:15:18'),
(26,12,26,'IST STOK 1',NULL,5,30.00,0.00,0.00,0.00,150.00,'2026-02-18 09:35:31','2026-02-18 09:35:31'),
(27,13,26,'IST STOK 1',NULL,1,30.00,0.00,0.00,0.00,30.00,'2026-02-19 04:21:05','2026-02-19 04:21:05'),
(28,14,26,'IST STOK 1',NULL,22,27.00,0.00,0.00,0.00,594.00,'2026-02-19 04:29:45','2026-02-19 04:29:45'),
(29,15,6,'HS-23',NULL,9,28.00,0.00,0.00,0.00,252.00,'2026-02-19 06:59:22','2026-02-19 06:59:22'),
(30,16,26,'IST STOK 1',NULL,31,26.00,0.00,0.00,0.00,806.00,'2026-02-20 05:54:55','2026-02-20 05:54:55'),
(31,17,5,'H-0033SG',NULL,4,30.00,0.00,0.00,16.00,104.00,'2026-02-20 16:05:52','2026-02-20 16:05:52'),
(32,17,6,'HS-23',NULL,7,30.00,0.00,0.00,28.00,182.00,'2026-02-20 16:05:52','2026-02-20 16:05:52'),
(33,17,10,'FB3-S',NULL,19,30.00,0.00,0.00,76.00,494.00,'2026-02-20 16:05:52','2026-02-20 16:05:52'),
(34,17,11,'FB9-B',NULL,5,30.00,0.00,0.00,20.00,130.00,'2026-02-20 16:05:52','2026-02-20 16:05:52'),
(35,17,12,'FB10-S 3024',NULL,19,30.00,0.00,0.00,76.00,494.00,'2026-02-20 16:05:52','2026-02-20 16:05:52'),
(36,17,13,'HS',NULL,6,30.00,0.00,0.00,24.00,156.00,'2026-02-20 16:05:52','2026-02-20 16:05:52'),
(37,18,13,'HS',NULL,14,30.00,0.00,0.00,0.00,420.00,'2026-02-20 16:11:06','2026-02-20 16:11:06'),
(38,18,14,'H-2000G',NULL,13,30.00,0.00,0.00,0.00,390.00,'2026-02-20 16:11:06','2026-02-20 16:11:06'),
(39,18,15,'H-FB15-S',NULL,21,30.00,0.00,0.00,0.00,630.00,'2026-02-20 16:11:06','2026-02-20 16:11:06'),
(40,18,16,'FB10-T',NULL,10,30.00,0.00,0.00,0.00,300.00,'2026-02-20 16:11:06','2026-02-20 16:11:06'),
(41,18,17,'FB2-T',NULL,9,30.00,0.00,0.00,0.00,270.00,'2026-02-20 16:11:06','2026-02-20 16:11:06'),
(42,19,26,'IST STOK 1',NULL,1,30.00,0.00,0.00,0.00,30.00,'2026-02-21 05:34:02','2026-02-21 05:34:02'),
(43,20,26,'IST STOK 1',NULL,2,30.00,0.00,0.00,0.00,60.00,'2026-02-21 10:52:36','2026-02-21 10:52:36'),
(44,21,25,'Hilal 2000S',NULL,8,30.00,0.00,0.00,0.00,240.00,'2026-02-22 08:59:31','2026-02-22 08:59:31'),
(45,21,23,'HS-AB',NULL,12,30.00,0.00,0.00,0.00,360.00,'2026-02-22 08:59:31','2026-02-22 08:59:31'),
(46,22,26,'IST STOK 1',NULL,2,30.00,0.00,0.00,0.00,60.00,'2026-02-23 06:55:12','2026-02-23 06:55:12'),
(47,23,25,'Hilal 2000S',NULL,6,28.00,0.00,0.00,168.00,0.00,'2026-02-24 07:41:52','2026-02-24 07:41:52'),
(48,24,26,'IST STOK 1',NULL,2,28.00,0.00,0.00,0.00,56.00,'2026-02-24 08:19:41','2026-02-24 08:19:41'),
(49,25,26,'IST STOK 1',NULL,1,30.00,0.00,0.00,0.00,30.00,'2026-02-25 09:09:21','2026-02-25 09:09:21'),
(50,26,26,'IST STOK 1',NULL,2,56.00,0.00,0.00,56.00,56.00,'2026-02-25 09:23:44','2026-02-25 09:23:44'),
(51,27,26,'IST STOK 1',NULL,1,30.00,0.00,0.00,0.00,30.00,'2026-02-25 09:30:28','2026-02-25 09:30:28'),
(52,28,26,'IST STOK 1',NULL,3,30.00,0.00,0.00,0.00,90.00,'2026-02-25 12:47:21','2026-02-25 12:47:21'),
(53,29,26,'IST STOK 1',NULL,12,27.00,0.00,0.00,324.00,0.00,'2026-02-26 08:04:40','2026-02-26 08:04:40'),
(54,30,26,'IST STOK 1',NULL,20,26.00,0.00,0.00,0.00,520.00,'2026-02-26 15:12:26','2026-02-26 15:12:26'),
(55,31,26,'IST STOK 1',NULL,4,26.00,0.00,0.00,0.00,104.00,'2026-02-26 15:14:22','2026-02-26 15:14:22'),
(56,32,26,'IST STOK 1',NULL,12,24.00,0.00,0.00,0.00,288.00,'2026-02-26 15:16:22','2026-02-26 15:16:22'),
(57,33,26,'IST STOK 1',NULL,12,26.00,0.00,0.00,0.00,312.00,'2026-02-26 15:17:01','2026-02-26 15:17:01'),
(58,34,26,'IST STOK 1',NULL,2,26.00,0.00,0.00,52.00,0.00,'2026-02-27 11:25:41','2026-02-27 11:25:41'),
(59,35,26,'IST STOK 1',NULL,3,28.00,0.00,0.00,0.00,84.00,'2026-02-28 08:22:17','2026-02-28 08:22:17'),
(60,36,26,'IST STOK 1',NULL,1,30.00,0.00,0.00,0.00,30.00,'2026-02-28 10:35:56','2026-02-28 10:35:56'),
(61,37,26,'IST STOK 1',NULL,1,30.00,0.00,0.00,0.00,30.00,'2026-02-28 11:16:01','2026-02-28 11:16:01'),
(62,38,26,'IST STOK 1',NULL,1,28.00,0.00,0.00,0.00,28.00,'2026-02-28 11:47:58','2026-02-28 11:47:58'),
(63,39,26,'IST STOK 1',NULL,3,24.00,0.00,0.00,0.00,72.00,'2026-03-02 07:19:42','2026-03-02 07:19:42'),
(64,40,27,'WİNNEX',NULL,15,22.00,0.00,0.00,0.00,330.00,'2026-03-02 07:23:32','2026-03-02 07:23:32'),
(65,41,26,'IST STOK 1',NULL,5,28.00,0.00,0.00,0.00,140.00,'2026-03-02 07:24:20','2026-03-02 07:24:20'),
(66,42,26,'IST STOK 1',NULL,1,30.00,0.00,0.00,0.00,30.00,'2026-03-02 08:07:25','2026-03-02 08:07:25'),
(67,43,24,'Hilal 2000C',NULL,3,28.00,0.00,0.00,2.18,81.82,'2026-03-02 11:55:13','2026-03-02 11:55:13'),
(68,43,26,'IST STOK 1',NULL,1,50.00,0.00,0.00,1.30,48.70,'2026-03-02 11:55:13','2026-03-02 11:55:13'),
(69,43,27,'WİNNEX',NULL,1,20.00,0.00,0.00,0.52,19.48,'2026-03-02 11:55:13','2026-03-02 11:55:13'),
(70,44,24,'Hilal 2000C',NULL,3,26.00,0.00,0.00,0.00,78.00,'2026-03-02 13:09:36','2026-03-02 13:09:36'),
(71,44,26,'IST STOK 1',NULL,19,26.00,0.00,0.00,0.00,494.00,'2026-03-02 13:09:36','2026-03-02 13:09:36'),
(72,44,27,'WİNNEX',NULL,2,35.00,0.00,0.00,0.00,70.00,'2026-03-02 13:09:36','2026-03-02 13:09:36'),
(73,45,26,'IST STOK 1',NULL,3,28.00,0.00,0.00,0.00,84.00,'2026-03-03 11:31:31','2026-03-03 11:31:31'),
(74,46,26,'IST STOK 1',NULL,1,30.00,0.00,0.00,0.00,30.00,'2026-03-04 05:04:39','2026-03-04 05:04:39'),
(75,46,27,'WİNNEX',NULL,1,23.00,0.00,0.00,0.00,23.00,'2026-03-04 05:04:39','2026-03-04 05:04:39'),
(76,47,26,'IST STOK 1',NULL,2,30.00,0.00,0.00,0.00,60.00,'2026-03-04 06:14:24','2026-03-04 06:14:24'),
(77,48,26,'IST STOK 1',NULL,3,30.00,0.00,0.00,0.00,90.00,'2026-03-04 07:28:37','2026-03-04 07:28:37'),
(78,49,26,'IST STOK 1',NULL,13,26.00,0.00,0.00,0.00,338.00,'2026-03-05 10:45:36','2026-03-05 10:45:36'),
(79,49,27,'WİNNEX',NULL,7,23.00,0.00,0.00,0.00,161.00,'2026-03-05 10:45:36','2026-03-05 10:45:36'),
(80,50,26,'IST STOK 1',NULL,13,30.00,0.00,0.00,0.00,390.00,'2026-03-05 10:48:58','2026-03-05 10:48:58'),
(81,50,27,'WİNNEX',NULL,11,20.00,0.00,0.00,0.00,220.00,'2026-03-05 10:48:58','2026-03-05 10:48:58'),
(82,51,26,'IST STOK 1',NULL,26,26.00,0.00,0.00,0.00,676.00,'2026-03-05 10:52:36','2026-03-05 10:52:36'),
(83,52,26,'IST STOK 1',NULL,2,26.00,0.00,0.00,0.00,52.00,'2026-03-05 11:12:30','2026-03-05 11:12:30'),
(84,53,26,'IST STOK 1',NULL,2,50.00,0.00,0.00,0.00,100.00,'2026-03-05 11:15:25','2026-03-05 11:15:25'),
(85,54,26,'IST STOK 1',NULL,12,26.00,0.00,0.00,0.00,312.00,'2026-03-06 11:25:07','2026-03-06 11:25:07'),
(86,54,27,'WİNNEX',NULL,3,25.00,0.00,0.00,0.00,75.00,'2026-03-06 11:25:07','2026-03-06 11:25:07'),
(87,55,26,'IST STOK 1',NULL,2,30.00,0.00,0.00,0.00,60.00,'2026-03-07 10:35:02','2026-03-07 10:35:02'),
(88,56,26,'IST STOK 1',NULL,1,50.00,0.00,0.00,0.00,50.00,'2026-03-07 10:37:54','2026-03-07 10:37:54'),
(89,57,26,'IST STOK 1',NULL,2,28.00,0.00,0.00,0.00,56.00,'2026-03-07 10:50:49','2026-03-07 10:50:49'),
(92,60,24,'Hilal 2000C',NULL,6,27.00,0.00,0.00,0.00,162.00,'2026-03-07 11:50:26','2026-03-07 11:50:26'),
(93,60,25,'Hilal 2000S',NULL,3,27.00,0.00,0.00,0.00,81.00,'2026-03-07 11:50:26','2026-03-07 11:50:26'),
(94,60,26,'IST STOK 1',NULL,1,35.00,0.00,0.00,0.00,35.00,'2026-03-07 11:50:27','2026-03-07 11:50:27'),
(95,61,25,'Hilal 2000S',NULL,2,30.00,0.00,0.00,0.00,60.00,'2026-03-09 04:52:16','2026-03-09 04:52:16'),
(96,61,26,'IST STOK 1',NULL,1,30.00,0.00,0.00,0.00,30.00,'2026-03-09 04:52:16','2026-03-09 04:52:16'),
(97,62,26,'IST STOK 1',NULL,18,24.00,0.00,0.00,0.00,432.00,'2026-03-09 07:05:09','2026-03-09 07:05:09'),
(98,62,27,'WİNNEX',NULL,2,26.00,0.00,0.00,0.00,52.00,'2026-03-09 07:05:09','2026-03-09 07:05:09'),
(99,62,28,'CADILLAC',NULL,14,35.00,0.00,0.00,0.00,490.00,'2026-03-09 07:05:09','2026-03-09 07:05:09'),
(100,63,26,'IST STOK 1',NULL,18,24.00,0.00,0.00,0.00,432.00,'2026-03-09 07:08:11','2026-03-09 07:08:11'),
(101,63,27,'WİNNEX',NULL,2,26.00,0.00,0.00,0.00,52.00,'2026-03-09 07:08:11','2026-03-09 07:08:11'),
(102,63,28,'CADILLAC',NULL,14,35.00,0.00,0.00,0.00,490.00,'2026-03-09 07:08:11','2026-03-09 07:08:11'),
(103,64,26,'IST STOK 1',NULL,1,26.00,0.00,0.00,0.00,26.00,'2026-03-09 07:38:52','2026-03-09 07:38:52'),
(104,65,28,'CADILLAC',NULL,4,45.00,0.00,0.00,0.00,180.00,'2026-03-09 09:00:56','2026-03-09 09:00:56'),
(105,66,28,'CADILLAC',NULL,1,45.00,0.00,0.00,0.00,45.00,'2026-03-09 09:06:02','2026-03-09 09:06:02'),
(106,67,27,'WİNNEX',NULL,1,10.00,0.00,0.00,0.00,10.00,'2026-03-09 09:14:40','2026-03-09 09:14:40'),
(107,67,28,'CADILLAC',NULL,7,50.00,0.00,0.00,0.00,350.00,'2026-03-09 09:14:40','2026-03-09 09:14:40'),
(108,68,26,'IST STOK 1',NULL,7,24.00,0.00,0.00,0.00,168.00,'2026-03-09 10:29:43','2026-03-09 10:29:43'),
(109,69,28,'CADILLAC',NULL,3,45.00,0.00,0.00,0.00,135.00,'2026-03-09 10:35:47','2026-03-09 10:35:47'),
(110,70,26,'IST STOK 1',NULL,1,27.00,0.00,0.00,0.00,27.00,'2026-03-09 10:41:41','2026-03-09 10:41:41'),
(111,70,27,'WİNNEX',NULL,1,24.00,0.00,0.00,0.00,24.00,'2026-03-09 10:41:41','2026-03-09 10:41:41'),
(112,71,26,'IST STOK 1',NULL,9,27.00,0.00,0.00,0.00,243.00,'2026-03-09 12:18:11','2026-03-09 12:18:11'),
(113,71,28,'CADILLAC',NULL,1,48.00,0.00,0.00,0.00,48.00,'2026-03-09 12:18:11','2026-03-09 12:18:11'),
(114,72,28,'CADILLAC',NULL,1,46.00,0.00,0.00,0.00,46.00,'2026-03-10 06:41:10','2026-03-10 06:41:10'),
(115,73,26,'IST STOK 1',NULL,1,30.00,0.00,0.00,0.00,30.00,'2026-03-10 07:51:53','2026-03-10 07:51:53'),
(116,74,26,'IST STOK 1',NULL,1,30.00,0.00,0.00,0.00,30.00,'2026-03-10 11:51:33','2026-03-10 11:51:33'),
(117,75,26,'IST STOK 1',NULL,1,30.00,0.00,0.00,0.00,30.00,'2026-03-11 07:31:11','2026-03-11 07:31:11'),
(118,75,27,'WİNNEX',NULL,2,24.00,0.00,0.00,0.00,48.00,'2026-03-11 07:31:11','2026-03-11 07:31:11'),
(119,76,26,'IST STOK 1',NULL,37,26.00,0.00,0.00,0.00,962.00,'2026-03-11 07:53:12','2026-03-11 07:53:12'),
(120,76,28,'CADILLAC',NULL,1,35.00,0.00,0.00,0.00,35.00,'2026-03-11 07:53:12','2026-03-11 07:53:12'),
(121,77,27,'WİNNEX',NULL,2,25.00,0.00,0.00,0.00,50.00,'2026-03-11 08:54:39','2026-03-11 08:54:39'),
(122,78,26,'IST STOK 1',NULL,1,30.00,0.00,0.00,0.00,30.00,'2026-03-11 08:58:38','2026-03-11 08:58:38'),
(123,79,27,'WİNNEX',NULL,2,25.00,0.00,0.00,0.00,50.00,'2026-03-11 09:31:21','2026-03-11 09:31:21'),
(124,80,28,'CADILLAC',NULL,3,50.00,0.00,0.00,0.00,150.00,'2026-03-11 09:45:07','2026-03-11 09:45:07'),
(125,81,26,'IST STOK 1',NULL,3,28.00,0.00,0.00,0.00,84.00,'2026-03-11 10:15:40','2026-03-11 10:15:40'),
(126,82,26,'IST STOK 1',NULL,4,27.00,0.00,0.00,0.00,108.00,'2026-03-11 11:23:39','2026-03-11 11:23:39'),
(127,83,26,'IST STOK 1',NULL,1,30.00,0.00,0.00,0.00,30.00,'2026-03-11 12:30:45','2026-03-11 12:30:45'),
(128,84,28,'CADILLAC',NULL,1,50.00,0.00,0.00,0.00,50.00,'2026-03-11 12:31:52','2026-03-11 12:31:52'),
(129,85,26,'IST STOK 1',NULL,1,30.00,0.00,0.00,0.00,30.00,'2026-03-11 12:32:18','2026-03-11 12:32:18'),
(130,86,26,'IST STOK 1',NULL,1,30.00,0.00,0.00,0.00,30.00,'2026-03-12 06:30:01','2026-03-12 06:30:01'),
(131,87,26,'IST STOK 1',NULL,1,30.00,0.00,0.00,0.00,30.00,'2026-03-12 06:48:16','2026-03-12 06:48:16'),
(132,88,28,'CADILLAC',NULL,1,50.00,0.00,0.00,0.00,50.00,'2026-03-12 07:12:43','2026-03-12 07:12:43'),
(133,89,28,'CADILLAC',NULL,4,50.00,0.00,0.00,50.00,150.00,'2026-03-12 07:17:50','2026-03-12 07:17:50'),
(134,90,26,'IST STOK 1',NULL,3,27.00,0.00,0.00,0.00,81.00,'2026-03-13 07:04:39','2026-03-13 07:04:39'),
(135,90,28,'CADILLAC',NULL,2,40.00,0.00,0.00,0.00,80.00,'2026-03-13 07:04:39','2026-03-13 07:04:39'),
(136,91,26,'IST STOK 1',NULL,7,30.00,0.00,0.00,0.00,210.00,'2026-03-13 09:31:10','2026-03-13 09:31:10'),
(137,92,27,'WİNNEX',NULL,7,27.00,0.00,0.00,0.00,189.00,'2026-03-13 10:58:49','2026-03-13 10:58:49'),
(138,93,26,'IST STOK 1',NULL,1,30.00,0.00,0.00,0.00,30.00,'2026-03-13 11:00:25','2026-03-13 11:00:25'),
(139,94,28,'CADILLAC',NULL,5,40.00,0.00,0.00,0.00,200.00,'2026-03-13 11:09:27','2026-03-13 11:09:27'),
(140,95,27,'WİNNEX',NULL,1,28.00,0.00,0.00,0.00,28.00,'2026-03-13 11:50:41','2026-03-13 11:50:41'),
(141,96,27,'WİNNEX',NULL,1,25.00,0.00,0.00,0.00,25.00,'2026-03-14 09:51:34','2026-03-14 09:51:34'),
(142,97,27,'WİNNEX',NULL,1,25.00,0.00,0.00,0.00,25.00,'2026-03-14 10:20:20','2026-03-14 10:20:20'),
(143,97,28,'CADILLAC',NULL,3,50.00,0.00,0.00,0.00,150.00,'2026-03-14 10:20:20','2026-03-14 10:20:20'),
(144,98,27,'WİNNEX',NULL,1,27.00,0.00,0.00,0.00,27.00,'2026-03-14 10:40:21','2026-03-14 10:40:21'),
(145,99,28,'CADILLAC',NULL,1,50.00,0.00,0.00,0.00,50.00,'2026-03-14 10:47:21','2026-03-14 10:47:21'),
(146,100,28,'CADILLAC',NULL,1,45.00,0.00,0.00,0.00,45.00,'2026-03-14 11:30:11','2026-03-14 11:30:11'),
(147,101,26,'IST STOK 1',NULL,1,30.00,0.00,0.00,0.00,30.00,'2026-03-14 11:32:56','2026-03-14 11:32:56'),
(148,102,27,'WİNNEX',NULL,1,20.00,0.00,0.00,0.00,20.00,'2026-03-15 10:38:29','2026-03-15 10:38:29'),
(149,102,28,'CADILLAC',NULL,7,26.00,0.00,0.00,0.00,182.00,'2026-03-15 10:38:29','2026-03-15 10:38:29'),
(150,103,27,'WİNNEX',NULL,4,26.00,0.00,0.00,0.00,104.00,'2026-03-15 10:40:15','2026-03-15 10:40:15'),
(151,104,27,'WİNNEX',NULL,1,20.00,0.00,0.00,0.00,20.00,'2026-03-15 12:27:16','2026-03-15 12:27:16'),
(152,104,28,'CADILLAC',NULL,2,45.00,0.00,0.00,0.00,90.00,'2026-03-15 12:27:16','2026-03-15 12:27:16'),
(153,105,28,'CADILLAC',NULL,2,40.00,0.00,0.00,0.00,80.00,'2026-03-16 08:48:57','2026-03-16 08:48:57'),
(154,106,28,'CADILLAC',NULL,2,45.00,0.00,0.00,0.00,90.00,'2026-03-16 09:08:03','2026-03-16 09:08:03'),
(155,107,28,'CADILLAC',NULL,1,46.00,0.00,0.00,0.00,46.00,'2026-03-16 11:25:27','2026-03-16 11:25:27'),
(156,108,28,'CADILLAC',NULL,1,50.00,0.00,0.00,0.00,50.00,'2026-03-16 11:30:38','2026-03-16 11:30:38'),
(157,109,28,'CADILLAC',NULL,3,40.00,0.00,0.00,0.00,120.00,'2026-03-16 13:00:45','2026-03-16 13:00:45'),
(158,110,27,'WİNNEX',NULL,2,26.00,0.00,0.00,0.00,52.00,'2026-03-17 08:40:02','2026-03-17 08:40:02'),
(159,111,27,'WİNNEX',NULL,1,26.00,0.00,0.00,0.00,26.00,'2026-03-17 12:59:56','2026-03-17 12:59:56'),
(160,112,28,'CADILLAC',NULL,20,50.00,0.00,0.00,300.00,700.00,'2026-03-17 12:59:58','2026-03-17 12:59:58'),
(161,113,28,'CADILLAC',NULL,1,43.00,0.00,0.00,0.00,43.00,'2026-03-17 13:01:04','2026-03-17 13:01:04'),
(162,114,27,'WİNNEX',NULL,1,25.00,0.00,0.00,0.00,25.00,'2026-03-18 05:01:26','2026-03-18 05:01:26'),
(163,115,27,'WİNNEX',NULL,2,28.00,0.00,0.00,0.00,56.00,'2026-03-18 11:24:21','2026-03-18 11:24:21'),
(164,116,27,'WİNNEX',NULL,1,25.00,0.00,0.00,0.00,25.00,'2026-03-19 07:45:37','2026-03-19 07:45:37'),
(165,117,27,'WİNNEX',NULL,1,25.00,0.00,0.00,0.00,25.00,'2026-03-19 10:19:26','2026-03-19 10:19:26'),
(166,118,28,'CADILLAC',NULL,6,50.00,0.00,0.00,90.00,210.00,'2026-03-23 10:58:48','2026-03-23 10:58:48'),
(167,119,28,'CADILLAC',NULL,1,50.00,0.00,0.00,0.00,50.00,'2026-03-23 11:00:42','2026-03-23 11:00:42'),
(168,120,28,'CADILLAC',NULL,1,50.00,0.00,0.00,0.00,50.00,'2026-03-23 11:01:39','2026-03-23 11:01:39'),
(169,121,28,'CADILLAC',NULL,1,35.00,0.00,0.00,0.00,35.00,'2026-03-24 09:41:31','2026-03-24 09:41:31'),
(170,122,28,'CADILLAC',NULL,1,35.00,0.00,0.00,0.00,35.00,'2026-03-24 11:57:56','2026-03-24 11:57:56'),
(171,123,16,'Pro max 8',NULL,1,35.00,0.00,0.00,0.00,35.00,'2026-04-04 13:34:52','2026-04-04 13:34:52'),
(172,124,20,'Pro max 6',NULL,1,40.00,0.00,0.00,0.00,40.00,'2026-04-07 12:22:16','2026-04-07 12:22:16'),
(173,124,27,'WİNNEX',NULL,1,20.00,0.00,0.00,0.00,20.00,'2026-04-07 12:22:16','2026-04-07 12:22:16'),
(174,125,13,'Pro max 11',NULL,4,35.00,0.00,0.00,0.00,140.00,'2026-04-08 12:11:45','2026-04-08 12:11:45'),
(175,125,14,'Pro max 10',NULL,4,35.00,0.00,0.00,0.00,140.00,'2026-04-08 12:11:45','2026-04-08 12:11:45'),
(176,125,17,'Pro max 7',NULL,5,35.00,0.00,0.00,0.00,175.00,'2026-04-08 12:11:45','2026-04-08 12:11:45'),
(177,125,20,'Pro max 6',NULL,5,35.00,0.00,0.00,0.00,175.00,'2026-04-08 12:11:45','2026-04-08 12:11:45'),
(178,125,24,'Pro max 4',NULL,4,35.00,0.00,0.00,0.00,140.00,'2026-04-08 12:11:45','2026-04-08 12:11:45'),
(179,125,26,'Pro max 2',NULL,3,35.00,0.00,0.00,0.00,105.00,'2026-04-08 12:11:45','2026-04-08 12:11:45'),
(180,125,28,'Pro max 1',NULL,5,35.00,0.00,0.00,0.00,175.00,'2026-04-08 12:11:45','2026-04-08 12:11:45'),
(181,126,13,'Pro max 11',NULL,1,35.00,0.00,0.00,0.00,35.00,'2026-04-09 09:17:50','2026-04-09 09:17:50'),
(182,126,14,'Pro max 10',NULL,1,35.00,0.00,0.00,0.00,35.00,'2026-04-09 09:17:50','2026-04-09 09:17:50'),
(183,126,17,'Pro max 7',NULL,1,72.00,0.00,0.00,0.00,72.00,'2026-04-09 09:17:50','2026-04-09 09:17:50'),
(184,126,23,'Pro max 5',NULL,1,35.00,0.00,0.00,0.00,35.00,'2026-04-09 09:17:50','2026-04-09 09:17:50'),
(185,126,24,'Pro max 4',NULL,1,35.00,0.00,0.00,0.00,35.00,'2026-04-09 09:17:50','2026-04-09 09:17:50'),
(186,126,25,'Pro max 3',NULL,1,35.00,0.00,0.00,0.00,35.00,'2026-04-09 09:17:50','2026-04-09 09:17:50'),
(187,127,14,'Pro max 10',NULL,1,35.00,0.00,0.00,0.00,35.00,'2026-04-09 09:18:47','2026-04-09 09:18:47'),
(188,127,25,'Pro max 3',NULL,1,35.00,0.00,0.00,0.00,35.00,'2026-04-09 09:18:47','2026-04-09 09:18:47'),
(189,127,28,'Pro max 1',NULL,1,35.00,0.00,0.00,0.00,35.00,'2026-04-09 09:18:47','2026-04-09 09:18:47'),
(190,128,25,'Pro max 3',NULL,1,40.00,0.00,0.00,0.00,40.00,'2026-04-09 10:44:50','2026-04-09 10:44:50'),
(191,128,27,'WİNNEX',NULL,1,20.00,0.00,0.00,0.00,20.00,'2026-04-09 10:44:50','2026-04-09 10:44:50'),
(192,128,28,'Pro max 1',NULL,1,40.00,0.00,0.00,0.00,40.00,'2026-04-09 10:44:50','2026-04-09 10:44:50'),
(193,129,17,'Pro max 7',NULL,1,40.00,0.00,0.00,0.00,40.00,'2026-04-11 10:31:47','2026-04-11 10:31:47'),
(194,129,23,'Pro max 5',NULL,1,40.00,0.00,0.00,0.00,40.00,'2026-04-11 10:31:47','2026-04-11 10:31:47'),
(195,129,27,'WİNNEX',NULL,1,20.00,0.00,0.00,0.00,20.00,'2026-04-11 10:31:47','2026-04-11 10:31:47'),
(196,130,17,'Pro max 7',NULL,1,40.00,0.00,0.00,0.00,40.00,'2026-04-11 10:33:01','2026-04-11 10:33:01'),
(197,130,27,'WİNNEX',NULL,2,22.00,0.00,0.00,0.00,44.00,'2026-04-11 10:33:01','2026-04-11 10:33:01'),
(198,131,17,'Pro max 7',NULL,1,40.00,0.00,0.00,0.00,40.00,'2026-04-14 10:56:02','2026-04-14 10:56:02'),
(199,131,23,'Pro max 5',NULL,1,40.00,0.00,0.00,0.00,40.00,'2026-04-14 10:56:02','2026-04-14 10:56:02'),
(200,131,28,'Pro max 1',NULL,1,40.00,0.00,0.00,0.00,40.00,'2026-04-14 10:56:03','2026-04-14 10:56:03'),
(201,132,17,'Pro max 7',NULL,1,35.00,0.00,0.00,0.00,35.00,'2026-04-15 13:11:26','2026-04-15 13:11:26'),
(202,132,24,'Pro max 4',NULL,1,35.00,0.00,0.00,0.00,35.00,'2026-04-15 13:11:26','2026-04-15 13:11:26'),
(203,133,16,'Pro max 8',NULL,1,40.00,0.00,0.00,0.00,40.00,'2026-04-16 16:21:42','2026-04-16 16:21:42'),
(204,133,15,'Pro max 9',NULL,1,40.00,0.00,0.00,0.00,40.00,'2026-04-16 16:21:42','2026-04-16 16:21:42'),
(205,134,26,'Pro max 2',NULL,1,38.00,0.00,0.00,0.00,38.00,'2026-04-17 10:11:59','2026-04-17 10:11:59');

--
-- Table structure for table `sales`
--

CREATE TABLE `sales` (
  `id` bigint(20) unsigned NOT NULL AUTO_INCREMENT,
  `sale_number` varchar(255) NOT NULL,
  `sale_type` enum('market','store') NOT NULL,
  `customer_name` varchar(255) DEFAULT NULL,
  `customer_phone` varchar(20) DEFAULT NULL,
  `customer_email` varchar(255) DEFAULT NULL,
  `subtotal` decimal(10,2) NOT NULL DEFAULT 0.00,
  `tax_amount` decimal(10,2) NOT NULL DEFAULT 0.00,
  `discount_amount` decimal(10,2) NOT NULL DEFAULT 0.00,
  `total_amount` decimal(10,2) NOT NULL,
  `loan_amount` decimal(15,2) DEFAULT NULL,
  `collected_amount` decimal(15,2) NOT NULL DEFAULT 0.00,
  `is_loan` tinyint(1) NOT NULL DEFAULT 0,
  `paid_amount` decimal(10,2) NOT NULL,
  `change_amount` decimal(10,2) NOT NULL DEFAULT 0.00,
  `payment_method` enum('cash','card','mobile_payment') NOT NULL,
  `payment_status` enum('paid','partial','unpaid','refunded') NOT NULL DEFAULT 'paid',
  `sale_status` enum('completed','pending','cancelled','refunded') NOT NULL DEFAULT 'completed',
  `notes` text DEFAULT NULL,
  `cashier_id` bigint(20) unsigned NOT NULL,
  `client_id` bigint(20) unsigned DEFAULT NULL,
  `sale_date` timestamp NOT NULL DEFAULT current_timestamp() ON UPDATE current_timestamp(),
  `created_at` timestamp NULL DEFAULT NULL,
  `updated_at` timestamp NULL DEFAULT NULL,
  PRIMARY KEY (`id`),
  UNIQUE KEY `sales_sale_number_unique` (`sale_number`),
  KEY `sales_sale_type_sale_status_index` (`sale_type`,`sale_status`),
  KEY `sales_sale_date_index` (`sale_date`),
  KEY `sales_payment_status_index` (`payment_status`),
  KEY `sales_cashier_id_index` (`cashier_id`),
  KEY `sales_client_id_foreign` (`client_id`),
  CONSTRAINT `sales_cashier_id_foreign` FOREIGN KEY (`cashier_id`) REFERENCES `users` (`id`),
  CONSTRAINT `sales_client_id_foreign` FOREIGN KEY (`client_id`) REFERENCES `clients` (`id`) ON DELETE SET NULL
) ENGINE=InnoDB AUTO_INCREMENT=135 DEFAULT CHARSET=utf8mb4 COLLATE=utf8mb4_unicode_ci;

--
-- Dumping data for table `sales`
--

INSERT INTO `sales` VALUES
(1,'RCP-1001','market','HAMZA','66 49 07 87',NULL,1200.00,0.00,1200.00,0.00,0.00,0.00,0,1200.00,1200.00,'cash','paid','completed','41 42 43 44\n\nConverted from Proforma: PRO-MARKET-20260117-0001',4,91,'2026-04-18 20:35:25','2026-01-18 12:43:25','2026-01-18 12:43:25'),
(2,'HIL-0127','market','AL ISSEL','0549 490 17 43',NULL,60.00,0.00,0.00,60.00,0.00,60.00,0,60.00,0.00,'cash','paid','completed',NULL,9,77,'2026-04-18 20:35:25','2026-01-19 11:23:08','2026-01-19 11:23:08'),
(3,'HIL-0128','market','Brahim kallimy','05512720825',NULL,180.00,0.00,0.00,180.00,0.00,180.00,0,180.00,0.00,'cash','paid','completed',NULL,9,78,'2026-04-18 20:35:25','2026-01-19 11:47:23','2026-01-19 11:47:23'),
(4,'HIL-0129','market','Brahim kallimiy','05512720825',NULL,90.00,0.00,0.00,90.00,0.00,90.00,0,90.00,0.00,'cash','paid','completed',NULL,9,78,'2026-04-18 20:35:25','2026-01-19 12:27:22','2026-01-19 12:27:22'),
(5,'HIL-0130','market','Wal nigeria','+234 901 212 5504',NULL,108.00,0.00,0.00,108.00,0.00,108.00,0,108.00,0.00,'cash','paid','completed',NULL,9,38,'2026-04-18 20:35:24','2026-01-20 11:20:51','2026-01-20 11:20:51'),
(6,'HIL-0131','market','Ahmat Issa',NULL,NULL,208.00,0.00,0.00,208.00,0.00,208.00,0,208.00,0.00,'cash','paid','completed',NULL,4,5,'2026-04-18 20:35:24','2026-01-21 06:27:03','2026-01-21 06:27:03'),
(7,'HIL-0132','market','Al issel',NULL,NULL,216.00,0.00,0.00,216.00,0.00,216.00,0,216.00,0.00,'cash','paid','completed',NULL,4,6,'2026-04-18 20:35:24','2026-01-24 07:10:04','2026-01-24 07:10:04'),
(8,'HIL-0133','market',NULL,NULL,NULL,120.00,0.00,0.00,120.00,0.00,120.00,0,120.00,0.00,'cash','paid','completed',NULL,4,NULL,'2026-02-12 08:33:42','2026-02-12 08:33:42','2026-02-12 08:33:42'),
(9,'HIL-0134','market',NULL,NULL,NULL,30.00,0.00,0.00,30.00,0.00,30.00,0,30.00,0.00,'cash','paid','completed',NULL,4,NULL,'2026-02-14 07:47:42','2026-02-14 07:47:42','2026-02-14 07:47:42'),
(10,'HIL-0135','market',NULL,NULL,NULL,108.00,0.00,0.00,108.00,0.00,108.00,0,108.00,0.00,'cash','paid','completed',NULL,10,NULL,'2026-02-17 04:55:13','2026-02-17 04:55:13','2026-02-17 04:55:13'),
(11,'HIL-0136','market',NULL,NULL,NULL,80.00,0.00,0.00,80.00,0.00,80.00,0,80.00,0.00,'cash','refunded','cancelled','\n\nCancelled: YANLIŞ',10,NULL,'2026-02-19 19:12:13','2026-02-18 05:15:18','2026-02-19 16:12:13'),
(12,'HIL-0137','market','Sg',NULL,NULL,150.00,0.00,0.00,150.00,0.00,150.00,0,150.00,0.00,'cash','paid','completed',NULL,9,33,'2026-04-18 20:35:24','2026-02-18 09:35:31','2026-02-18 09:35:31'),
(13,'HIL-0138','market','JAK','5422871526',NULL,30.00,0.00,0.00,30.00,30.00,0.00,1,0.00,0.00,'cash','refunded','cancelled','\n\nCancelled: ANNULE',4,85,'2026-04-18 20:35:25','2026-02-19 04:21:05','2026-02-19 16:11:08'),
(14,'HIL-0139','market','Fatime Jackilin maide','+23566280211',NULL,594.00,0.00,0.00,594.00,0.00,594.00,0,0.00,0.00,'cash','paid','completed',NULL,9,49,'2026-04-18 20:35:25','2026-02-19 04:29:45','2026-02-24 09:03:20'),
(15,'HIL-0140','market','Souleymane','5355064312',NULL,252.00,0.00,0.00,252.00,0.00,252.00,0,252.00,0.00,'cash','paid','completed',NULL,10,83,'2026-04-18 20:35:25','2026-02-19 06:59:22','2026-02-19 06:59:22'),
(16,'HIL-0141','market','Younous','05438272920',NULL,806.00,0.00,0.00,806.00,0.00,806.00,0,0.00,0.00,'cash','paid','completed',NULL,10,75,'2026-04-18 20:35:25','2026-02-20 05:54:55','2026-03-15 09:44:25'),
(17,'HIL-0142','market','BİLLAH','66 24 71 74',NULL,1800.00,0.00,240.00,1560.00,0.00,1560.00,0,1560.00,0.00,'cash','paid','completed',NULL,4,89,'2026-04-18 20:35:25','2026-02-20 16:05:52','2026-02-20 16:05:52'),
(18,'HIL-0143','market','SIDDICK','66 32 03 37',NULL,2010.00,0.00,0.00,2010.00,0.00,2010.00,0,0.00,0.00,'cash','paid','completed',NULL,4,90,'2026-04-20 15:04:30','2026-02-20 16:11:06','2026-04-20 12:04:30'),
(19,'HIL-0144','market','Tahir mht hassan','5411014821',NULL,30.00,0.00,0.00,30.00,0.00,30.00,0,30.00,0.00,'cash','paid','completed',NULL,9,84,'2026-04-18 20:35:25','2026-02-21 05:34:02','2026-02-21 05:34:02'),
(20,'HIL-0145','market',NULL,'5377857596',NULL,60.00,0.00,0.00,60.00,0.00,60.00,0,60.00,0.00,'cash','paid','completed',NULL,9,NULL,'2026-02-21 10:52:36','2026-02-21 10:52:36','2026-02-21 10:52:36'),
(21,'HIL-0146','market','KHALID OUSMAN','68 51 61 69',NULL,600.00,0.00,0.00,600.00,0.00,600.00,0,600.00,0.00,'cash','paid','completed',NULL,4,95,'2026-04-18 20:35:25','2026-02-22 08:59:31','2026-02-22 08:59:31'),
(22,'HIL-0147','market','Xx',NULL,NULL,60.00,0.00,0.00,60.00,0.00,60.00,0,60.00,0.00,'cash','paid','completed',NULL,9,36,'2026-04-18 20:35:24','2026-02-23 06:55:12','2026-02-23 06:55:12'),
(23,'HIL-0148','market','Al Khazali','235 66167509',NULL,168.00,0.00,168.00,0.00,0.00,0.00,0,0.00,0.00,'cash','paid','completed',NULL,10,81,'2026-04-18 20:35:25','2026-02-24 07:41:52','2026-02-24 07:41:52'),
(24,'HIL-0149','market','Yakhoub','+235 94 08 40 41',NULL,56.00,0.00,0.00,56.00,0.00,56.00,0,0.00,0.00,'cash','paid','completed',NULL,10,47,'2026-04-18 20:35:25','2026-02-24 08:19:41','2026-04-15 08:24:35'),
(25,'HIL-0150','market','Mustafa',NULL,NULL,30.00,0.00,0.00,30.00,0.00,30.00,0,30.00,0.00,'cash','paid','completed',NULL,9,31,'2026-04-18 20:35:24','2026-02-25 09:09:21','2026-02-25 09:09:21'),
(26,'HIL-0151','market','Mahamat djbrine Mahamat','05380173647',NULL,112.00,0.00,56.00,56.00,0.00,56.00,0,56.00,0.00,'cash','paid','completed',NULL,10,73,'2026-04-18 20:35:25','2026-02-25 09:23:44','2026-02-25 09:23:44'),
(27,'HIL-0152','market','Moustapha','+90 545 780 42 69',NULL,30.00,0.00,0.00,30.00,0.00,30.00,0,30.00,0.00,'cash','paid','completed',NULL,10,60,'2026-04-18 20:35:25','2026-02-25 09:30:27','2026-02-25 09:30:27'),
(28,'HIL-0153','market','Xxx',NULL,NULL,90.00,0.00,0.00,90.00,0.00,90.00,0,90.00,0.00,'cash','paid','completed',NULL,9,37,'2026-04-18 20:35:24','2026-02-25 12:47:21','2026-02-25 12:47:21'),
(29,'HIL-0154','market','Oussama','+90 545 375 39 75',NULL,324.00,0.00,324.00,0.00,0.00,0.00,0,0.00,0.00,'cash','paid','completed',NULL,10,59,'2026-04-18 20:35:25','2026-02-26 08:04:39','2026-02-26 08:04:39'),
(30,'HIL-0155','market','Abdallah bout','+235 66 02 20 80',NULL,520.00,0.00,0.00,520.00,0.00,520.00,0,520.00,0.00,'cash','paid','completed',NULL,9,42,'2026-04-18 20:35:25','2026-02-26 15:12:25','2026-02-26 15:12:25'),
(31,'HIL-0156','market','Cherif abi','+90 544 921 16 13',NULL,104.00,0.00,0.00,104.00,0.00,104.00,0,104.00,0.00,'cash','paid','completed',NULL,9,58,'2026-04-18 20:35:25','2026-02-26 15:14:22','2026-02-26 15:14:22'),
(32,'HIL-0157','market','Badur','+90 545 954 31 10',NULL,288.00,0.00,0.00,288.00,0.00,288.00,0,288.00,0.00,'cash','paid','completed',NULL,9,61,'2026-04-18 20:35:25','2026-02-26 15:16:22','2026-02-26 15:16:22'),
(33,'HIL-0158','market','Badur','+90 545 954 31 10',NULL,312.00,0.00,0.00,312.00,0.00,312.00,0,312.00,0.00,'cash','paid','completed',NULL,9,61,'2026-04-18 20:35:25','2026-02-26 15:17:01','2026-02-26 15:17:01'),
(34,'HIL-0159','market','Echatillon Yassir Arrafat','+90 544 141 71 60',NULL,52.00,0.00,52.00,0.00,0.00,0.00,0,0.00,0.00,'cash','paid','completed',NULL,10,56,'2026-04-18 20:35:25','2026-02-27 11:25:41','2026-02-27 11:25:41'),
(35,'HIL-0160','market','Hamza','05525277478',NULL,84.00,0.00,0.00,84.00,0.00,84.00,0,84.00,0.00,'cash','paid','completed',NULL,10,79,'2026-04-18 20:35:25','2026-02-28 08:22:17','2026-02-28 08:22:17'),
(36,'HIL-0161','market','Mht bahar','5015253992',NULL,30.00,0.00,0.00,30.00,0.00,30.00,0,30.00,0.00,'cash','paid','completed',NULL,9,82,'2026-04-18 20:35:25','2026-02-28 10:35:56','2026-02-28 10:35:56'),
(37,'HIL-0162','market','Mahamat Moussa','5539539360',NULL,30.00,0.00,0.00,30.00,0.00,30.00,0,30.00,0.00,'cash','paid','completed',NULL,10,87,'2026-04-18 20:35:25','2026-02-28 11:16:01','2026-02-28 11:16:01'),
(38,'HIL-0163','market','Hassan Fortey','+90 536 519 70 77',NULL,28.00,0.00,0.00,28.00,0.00,28.00,0,28.00,0.00,'cash','paid','completed',NULL,10,53,'2026-04-18 20:35:25','2026-02-28 11:47:58','2026-02-28 11:47:58'),
(39,'HIL-0164','market','Abdeldjabar','+90 534 055 30 96',NULL,72.00,0.00,0.00,72.00,0.00,72.00,0,0.00,0.00,'cash','paid','completed',NULL,9,51,'2026-04-18 20:35:25','2026-03-02 07:19:42','2026-03-02 07:27:29'),
(40,'HIL-0165','market','Hamat','66167544',NULL,330.00,0.00,0.00,330.00,0.00,330.00,0,0.00,0.00,'cash','paid','completed',NULL,9,94,'2026-04-18 20:35:25','2026-03-02 07:23:32','2026-03-09 04:43:23'),
(41,'HIL-0166','market','Hamat','66167544',NULL,140.00,0.00,0.00,140.00,0.00,140.00,0,0.00,0.00,'cash','paid','completed',NULL,9,94,'2026-04-18 20:35:25','2026-03-02 07:24:20','2026-03-09 04:42:39'),
(42,'HIL-0167','market','Moubarak Niger','+237 6 91 08 33 85',NULL,30.00,0.00,0.00,30.00,0.00,30.00,0,30.00,0.00,'cash','paid','completed',NULL,10,50,'2026-04-18 20:35:25','2026-03-02 08:07:25','2026-03-02 08:07:25'),
(43,'HIL-0168','market','MAHAMAT','0554 588 62 62',NULL,154.00,0.00,4.00,150.00,0.00,150.00,0,150.00,0.00,'cash','paid','completed',NULL,9,80,'2026-04-18 20:35:25','2026-03-02 11:55:13','2026-03-02 11:55:13'),
(44,'HIL-0169','market','DJIBRINE','+235 61 02 41 42',NULL,642.00,0.00,0.00,642.00,0.00,642.00,0,642.00,0.00,'cash','paid','completed',NULL,9,40,'2026-04-18 20:35:24','2026-03-02 13:09:36','2026-03-02 13:09:36'),
(45,'HIL-0170','market','Hemchi',NULL,NULL,84.00,0.00,0.00,84.00,0.00,84.00,0,84.00,0.00,'cash','paid','completed',NULL,9,23,'2026-04-18 20:35:24','2026-03-03 11:31:31','2026-03-03 11:31:31'),
(46,'HIL-0171','market','Chadallah',NULL,NULL,53.00,0.00,0.00,53.00,0.00,53.00,0,53.00,0.00,'cash','paid','completed',NULL,9,18,'2026-04-18 20:35:24','2026-03-04 05:04:39','2026-03-04 05:04:39'),
(47,'HIL-0172','market','Am barka',NULL,NULL,60.00,0.00,0.00,60.00,0.00,60.00,0,60.00,0.00,'cash','paid','completed',NULL,9,10,'2026-04-18 20:35:24','2026-03-04 06:14:24','2026-03-04 06:14:24'),
(48,'HIL-0173','market','Fatime Abdelrahim','66063078',NULL,90.00,0.00,0.00,90.00,90.00,0.00,1,0.00,0.00,'cash','unpaid','completed',NULL,9,92,'2026-04-18 20:35:25','2026-03-04 07:28:37','2026-03-04 07:28:37'),
(49,'HIL-0174','market','Abdallah','66101347',NULL,499.00,0.00,0.00,499.00,0.00,499.00,0,499.00,0.00,'cash','paid','completed',NULL,9,93,'2026-04-18 20:35:25','2026-03-05 10:45:36','2026-03-05 10:45:36'),
(50,'HIL-0175','market','Charfadin kösele ve winex','‪+235 66 05 05 76‬',NULL,610.00,0.00,0.00,610.00,0.00,610.00,0,0.00,0.00,'cash','paid','completed',NULL,9,43,'2026-04-18 20:35:25','2026-03-05 10:48:58','2026-03-11 07:17:15'),
(51,'HIL-0176','market','Charfadin mikro','‪+235 66 05 05 76‬',NULL,676.00,0.00,0.00,676.00,0.00,676.00,0,0.00,0.00,'cash','paid','completed',NULL,9,43,'2026-04-18 20:35:25','2026-03-05 10:52:36','2026-03-11 07:16:12'),
(52,'HIL-0177','market','Aba cherif','+90 544 921 16 13',NULL,52.00,0.00,0.00,52.00,52.00,0.00,1,0.00,0.00,'cash','unpaid','completed',NULL,9,58,'2026-04-18 20:35:25','2026-03-05 11:12:30','2026-03-05 11:12:30'),
(53,'HIL-0178','market','Charfadin escallade','‪+235 66 05 05 76‬',NULL,100.00,0.00,0.00,100.00,0.00,100.00,0,0.00,0.00,'cash','paid','completed',NULL,9,43,'2026-04-18 20:35:25','2026-03-05 11:15:25','2026-04-15 08:25:11'),
(54,'HIL-0179','market','Mustafa','‪+90 537 557 38 53‬',NULL,387.00,0.00,0.00,387.00,0.00,387.00,0,387.00,0.00,'cash','paid','completed',NULL,9,54,'2026-04-18 20:35:25','2026-03-06 11:25:07','2026-03-06 11:25:07'),
(55,'HIL-0180','market','Aba ali','+235 66 10 97 98',NULL,60.00,0.00,0.00,60.00,0.00,60.00,0,60.00,0.00,'cash','paid','completed',NULL,9,44,'2026-04-18 20:35:25','2026-03-07 10:35:02','2026-03-07 10:35:02'),
(56,'HIL-0181','market','Mht saleh',NULL,NULL,50.00,0.00,0.00,50.00,0.00,50.00,0,50.00,0.00,'cash','paid','completed',NULL,9,29,'2026-04-18 20:35:24','2026-03-07 10:37:54','2026-03-07 10:37:54'),
(57,'HIL-0182','market',NULL,NULL,NULL,56.00,0.00,0.00,56.00,0.00,56.00,0,56.00,0.00,'cash','paid','completed',NULL,9,NULL,'2026-03-07 10:50:49','2026-03-07 10:50:49','2026-03-07 10:50:49'),
(60,'HIL-0183','market','Djamal',NULL,NULL,278.00,0.00,0.00,278.00,0.00,278.00,0,278.00,0.00,'cash','paid','completed',NULL,9,19,'2026-04-18 20:35:24','2026-03-07 11:50:26','2026-03-07 11:50:26'),
(61,'HIL-0184','market','Brahim',NULL,NULL,90.00,0.00,0.00,90.00,0.00,90.00,0,90.00,0.00,'cash','paid','completed',NULL,9,17,'2026-04-18 20:35:24','2026-03-09 04:52:16','2026-03-09 04:52:16'),
(62,'HIL-0185','market','Mht ahmat isere','+90 545 954 31 10',NULL,974.00,0.00,0.00,974.00,0.00,974.00,0,974.00,0.00,'cash','refunded','cancelled','\n\nCancelled: YANLIŞ FATURA',9,61,'2026-04-18 20:35:25','2026-03-09 07:05:09','2026-03-09 07:06:34'),
(63,'HIL-0186','market','Mht ahmat isere','+90 545 954 31 10',NULL,974.00,0.00,0.00,974.00,0.00,974.00,0,0.00,0.00,'cash','paid','completed',NULL,9,61,'2026-04-18 20:35:25','2026-03-09 07:08:11','2026-03-15 09:50:55'),
(64,'HIL-0187','market','Cherif abi','+90 544 921 16 13',NULL,26.00,0.00,0.00,26.00,26.00,0.00,1,0.00,0.00,'cash','unpaid','completed',NULL,9,58,'2026-04-18 20:35:25','2026-03-09 07:38:52','2026-03-09 07:38:52'),
(65,'HIL-0188','market','Annour','05354182025',NULL,180.00,0.00,0.00,180.00,0.00,180.00,0,180.00,0.00,'cash','paid','completed',NULL,10,72,'2026-04-18 20:35:25','2026-03-09 09:00:56','2026-03-09 09:00:56'),
(66,'HIL-0189','market','Annour','05354182025',NULL,45.00,0.00,0.00,45.00,0.00,45.00,0,45.00,0.00,'cash','paid','completed',NULL,10,72,'2026-04-18 20:35:25','2026-03-09 09:06:02','2026-03-09 09:06:02'),
(67,'HIL-0190','market','Alissel','05434901742',NULL,360.00,0.00,0.00,360.00,360.00,0.00,1,0.00,0.00,'cash','unpaid','completed',NULL,9,74,'2026-04-18 20:35:25','2026-03-09 09:14:40','2026-03-09 09:14:40'),
(68,'HIL-0191','market','Mht ahmat isere','05439543110',NULL,168.00,0.00,0.00,168.00,0.00,168.00,0,0.00,0.00,'cash','paid','completed',NULL,9,76,'2026-04-18 20:35:25','2026-03-09 10:29:43','2026-03-15 09:51:24'),
(69,'HIL-0192','market','NOURI INVESTEMENT','+23563002001',NULL,135.00,0.00,0.00,135.00,0.00,135.00,0,135.00,0.00,'cash','paid','completed',NULL,10,48,'2026-04-18 20:35:25','2026-03-09 10:35:47','2026-03-09 10:35:47'),
(70,'HIL-0193','market','Idriss Abdramane','05013769259',NULL,51.00,0.00,0.00,51.00,0.00,51.00,0,51.00,0.00,'cash','paid','completed',NULL,10,69,'2026-04-18 20:35:25','2026-03-09 10:41:41','2026-03-09 10:41:41'),
(71,'HIL-0194','market','Abdramane Ahmat Mahamat','‪+90 535 936 11 58‬',NULL,291.00,0.00,0.00,291.00,0.00,291.00,0,291.00,0.00,'cash','paid','completed',NULL,10,52,'2026-04-18 20:35:25','2026-03-09 12:18:11','2026-03-09 12:18:11'),
(72,'HIL-0195','market','Abdelsalam',NULL,NULL,46.00,0.00,0.00,46.00,0.00,46.00,0,46.00,0.00,'cash','paid','completed',NULL,9,2,'2026-04-18 20:35:24','2026-03-10 06:41:10','2026-03-10 06:41:10'),
(73,'HIL-0196','market','Nouren',NULL,NULL,30.00,0.00,0.00,30.00,0.00,30.00,0,30.00,0.00,'cash','paid','completed',NULL,9,32,'2026-04-18 20:35:24','2026-03-10 07:51:53','2026-03-10 07:51:53'),
(74,'HIL-0197','market',NULL,NULL,NULL,30.00,0.00,0.00,30.00,0.00,30.00,0,30.00,0.00,'cash','paid','completed',NULL,9,NULL,'2026-03-10 11:51:33','2026-03-10 11:51:33','2026-03-10 11:51:33'),
(75,'HIL-0198','market','Abdel',NULL,NULL,78.00,0.00,0.00,78.00,0.00,78.00,0,78.00,0.00,'cash','paid','completed',NULL,9,1,'2026-04-18 20:35:24','2026-03-11 07:31:11','2026-03-11 07:31:11'),
(76,'HIL-0199','market','Mahmout erobey','+90 546 107 01 87',NULL,997.00,0.00,0.00,997.00,0.00,997.00,0,997.00,0.00,'cash','paid','completed',NULL,9,62,'2026-04-18 20:35:25','2026-03-11 07:53:12','2026-03-11 07:53:12'),
(77,'HIL-0200','market','Ayoub',NULL,NULL,50.00,0.00,0.00,50.00,0.00,50.00,0,50.00,0.00,'cash','paid','completed',NULL,9,16,'2026-04-18 20:35:24','2026-03-11 08:54:39','2026-03-11 08:54:39'),
(78,'HIL-0201','market',NULL,NULL,NULL,30.00,0.00,0.00,30.00,0.00,30.00,0,30.00,0.00,'cash','paid','completed',NULL,9,NULL,'2026-03-11 08:58:38','2026-03-11 08:58:38','2026-03-11 08:58:38'),
(79,'HIL-0202','market','Ayoub',NULL,NULL,50.00,0.00,0.00,50.00,0.00,50.00,0,50.00,0.00,'cash','paid','completed',NULL,9,16,'2026-04-18 20:35:24','2026-03-11 09:31:21','2026-03-11 09:31:21'),
(80,'HIL-0203','market','Brahim abakar','+90 544 882 74 67',NULL,150.00,0.00,0.00,150.00,0.00,150.00,0,0.00,0.00,'cash','paid','completed',NULL,9,57,'2026-04-18 20:35:25','2026-03-11 09:45:07','2026-03-15 09:42:10'),
(81,'HIL-0204','market','Atteib','+90 552 626 28 40',NULL,84.00,0.00,0.00,84.00,0.00,84.00,0,84.00,0.00,'cash','paid','completed',NULL,9,65,'2026-04-18 20:35:25','2026-03-11 10:15:40','2026-03-11 10:15:40'),
(82,'HIL-0205','market','Yakhoub issa','+235 60 72 23 53',NULL,108.00,0.00,0.00,108.00,0.00,108.00,0,108.00,0.00,'cash','paid','completed',NULL,9,39,'2026-04-18 20:35:24','2026-03-11 11:23:39','2026-03-11 11:23:39'),
(83,'HIL-0206','market','Sousou',NULL,NULL,30.00,0.00,0.00,30.00,0.00,30.00,0,30.00,0.00,'cash','paid','completed',NULL,9,35,'2026-04-18 20:35:24','2026-03-11 12:30:45','2026-03-11 12:30:45'),
(84,'HIL-0207','market','Ami de sousou',NULL,NULL,50.00,0.00,0.00,50.00,0.00,50.00,0,50.00,0.00,'cash','paid','completed',NULL,9,12,'2026-04-18 20:35:24','2026-03-11 12:31:52','2026-03-11 12:31:52'),
(85,'HIL-0208','market',NULL,NULL,NULL,30.00,0.00,0.00,30.00,0.00,30.00,0,30.00,0.00,'cash','paid','completed',NULL,9,NULL,'2026-03-11 12:32:18','2026-03-11 12:32:18','2026-03-11 12:32:18'),
(86,'HIL-0209','market','Adam Afro','000000000000',NULL,30.00,0.00,0.00,30.00,0.00,30.00,0,30.00,0.00,'cash','paid','completed',NULL,10,68,'2026-04-18 20:35:25','2026-03-12 06:30:01','2026-03-12 06:30:01'),
(87,'HIL-0210','market','Biney bartin','+90 541 149 20 41',NULL,30.00,0.00,0.00,30.00,0.00,30.00,0,30.00,0.00,'cash','paid','completed',NULL,9,55,'2026-04-18 20:35:25','2026-03-12 06:48:16','2026-03-12 06:48:16'),
(88,'HIL-0211','market','ALI ABDOULAYE',NULL,NULL,50.00,0.00,0.00,50.00,0.00,50.00,0,50.00,0.00,'cash','refunded','cancelled','\n\nCancelled: YANLIŞ',4,8,'2026-04-18 20:35:24','2026-03-12 07:12:43','2026-03-12 07:15:09'),
(89,'HIL-0212','market','ALI ABDOULAYE','546 642 32 80',NULL,200.00,0.00,50.00,150.00,0.00,150.00,0,100.00,0.00,'cash','paid','completed',NULL,4,86,'2026-04-18 20:35:25','2026-03-12 07:17:50','2026-03-14 10:39:54'),
(90,'HIL-0213','market','Musa brahim','05071440836',NULL,161.00,0.00,0.00,161.00,0.00,161.00,0,161.00,0.00,'cash','paid','completed',NULL,9,71,'2026-04-18 20:35:25','2026-03-13 07:04:39','2026-03-13 07:04:39'),
(91,'HIL-0214','market','Ousman Abdoulaye','+235 66 72 83 70',NULL,210.00,0.00,0.00,210.00,0.00,210.00,0,210.00,0.00,'cash','paid','completed',NULL,10,46,'2026-04-18 20:35:25','2026-03-13 09:31:10','2026-03-13 09:31:10'),
(92,'HIL-0215','market','Ami de houdey',NULL,NULL,189.00,0.00,0.00,189.00,0.00,189.00,0,189.00,0.00,'cash','paid','completed',NULL,9,11,'2026-04-18 20:35:24','2026-03-13 10:58:48','2026-03-13 10:58:48'),
(93,'HIL-0216','market',NULL,NULL,NULL,30.00,0.00,0.00,30.00,0.00,30.00,0,30.00,0.00,'cash','paid','completed',NULL,9,NULL,'2026-03-13 11:00:25','2026-03-13 11:00:25','2026-03-13 11:00:25'),
(94,'HIL-0217','market','Daoud','+90 546 606 53 08',NULL,200.00,0.00,0.00,200.00,0.00,200.00,0,0.00,0.00,'cash','paid','completed',NULL,9,63,'2026-04-18 20:35:25','2026-03-13 11:09:27','2026-03-16 10:28:44'),
(95,'HIL-0218','market',NULL,NULL,NULL,28.00,0.00,0.00,28.00,0.00,28.00,0,28.00,0.00,'cash','paid','completed',NULL,9,NULL,'2026-03-13 11:50:41','2026-03-13 11:50:41','2026-03-13 11:50:41'),
(96,'HIL-0219','market','Amine askar',NULL,NULL,25.00,0.00,0.00,25.00,0.00,25.00,0,25.00,0.00,'cash','refunded','cancelled','\n\nCancelled: Değişim',9,13,'2026-04-18 20:35:24','2026-03-14 09:51:34','2026-03-14 10:37:00'),
(97,'HIL-0220','market','Alhadji nigerien',NULL,NULL,175.00,0.00,0.00,175.00,0.00,175.00,0,175.00,0.00,'cash','paid','completed',NULL,9,7,'2026-04-18 20:35:24','2026-03-14 10:20:20','2026-03-14 10:20:20'),
(98,'HIL-0221','market',NULL,NULL,NULL,27.00,0.00,0.00,27.00,0.00,27.00,0,27.00,0.00,'cash','paid','completed',NULL,9,NULL,'2026-03-14 10:40:21','2026-03-14 10:40:21','2026-03-14 10:40:21'),
(99,'HIL-0222','market',NULL,NULL,NULL,50.00,0.00,0.00,50.00,0.00,50.00,0,50.00,0.00,'cash','paid','completed',NULL,9,NULL,'2026-03-14 10:47:21','2026-03-14 10:47:21','2026-03-14 10:47:21'),
(100,'HIL-0223','market','Youssouf Nouri','000000000000',NULL,45.00,0.00,0.00,45.00,0.00,45.00,0,45.00,0.00,'cash','paid','completed',NULL,10,68,'2026-04-18 20:35:25','2026-03-14 11:30:11','2026-03-14 11:30:11'),
(101,'HIL-0224','market',NULL,NULL,NULL,30.00,0.00,0.00,30.00,0.00,30.00,0,30.00,0.00,'cash','paid','completed',NULL,9,NULL,'2026-03-14 11:32:56','2026-03-14 11:32:56','2026-03-14 11:32:56'),
(102,'HIL-0225','market','Houdey','000000000',NULL,202.00,0.00,0.00,202.00,0.00,202.00,0,202.00,0.00,'cash','paid','completed',NULL,10,66,'2026-04-18 20:35:25','2026-03-15 10:38:29','2026-03-15 10:38:29'),
(103,'HIL-0226','market','Houdey','0000000000',NULL,104.00,0.00,0.00,104.00,0.00,104.00,0,104.00,0.00,'cash','paid','completed',NULL,10,67,'2026-04-18 20:35:25','2026-03-15 10:40:15','2026-03-15 10:40:15'),
(104,'HIL-0227','market','Abdourazakh','0000000000',NULL,110.00,0.00,0.00,110.00,0.00,110.00,0,110.00,0.00,'cash','paid','completed',NULL,10,67,'2026-04-18 20:35:25','2026-03-15 12:27:16','2026-03-15 12:27:16'),
(105,'HIL-0228','market','Moussa cb','+235 66 63 47 86',NULL,80.00,0.00,0.00,80.00,0.00,80.00,0,0.00,0.00,'cash','paid','completed',NULL,9,45,'2026-04-18 20:35:25','2026-03-16 08:48:57','2026-03-16 10:29:03'),
(106,'HIL-0229','market',NULL,NULL,NULL,90.00,0.00,0.00,90.00,0.00,90.00,0,90.00,0.00,'cash','paid','completed',NULL,9,NULL,'2026-03-16 09:08:03','2026-03-16 09:08:03','2026-03-16 09:08:03'),
(107,'HIL-0230','market',NULL,NULL,NULL,46.00,0.00,0.00,46.00,0.00,46.00,0,46.00,0.00,'cash','paid','completed',NULL,9,NULL,'2026-03-16 11:25:27','2026-03-16 11:25:27','2026-03-16 11:25:27'),
(108,'HIL-0231','market','Mika',NULL,NULL,50.00,0.00,0.00,50.00,0.00,50.00,0,50.00,0.00,'cash','paid','completed',NULL,9,30,'2026-04-18 20:35:24','2026-03-16 11:30:38','2026-03-16 11:30:38'),
(109,'HIL-0232','market',NULL,NULL,NULL,120.00,0.00,0.00,120.00,0.00,120.00,0,120.00,0.00,'cash','paid','completed',NULL,9,NULL,'2026-03-16 13:00:44','2026-03-16 13:00:44','2026-03-16 13:00:44'),
(110,'HIL-0233','market','Anour',NULL,NULL,52.00,0.00,0.00,52.00,0.00,52.00,0,52.00,0.00,'cash','paid','completed',NULL,9,14,'2026-04-18 20:35:24','2026-03-17 08:40:02','2026-03-17 08:40:02'),
(111,'HIL-0234','market','Ali ousman',NULL,NULL,26.00,0.00,0.00,26.00,0.00,26.00,0,26.00,0.00,'cash','paid','completed',NULL,9,9,'2026-04-18 20:35:24','2026-03-17 12:59:56','2026-03-17 12:59:56'),
(112,'HIL-0235','market',NULL,NULL,NULL,1000.00,0.00,300.00,700.00,0.00,700.00,0,700.00,0.00,'cash','paid','completed',NULL,4,NULL,'2026-03-17 12:59:58','2026-03-17 12:59:58','2026-03-17 12:59:58'),
(113,'HIL-0236','market','Le geyant',NULL,NULL,43.00,0.00,0.00,43.00,0.00,43.00,0,43.00,0.00,'cash','paid','completed',NULL,9,26,'2026-04-18 20:35:24','2026-03-17 13:01:04','2026-03-17 13:01:04'),
(114,'HIL-0237','market',NULL,NULL,NULL,25.00,0.00,0.00,25.00,0.00,25.00,0,25.00,0.00,'cash','paid','completed',NULL,9,NULL,'2026-03-18 05:01:25','2026-03-18 05:01:25','2026-03-18 05:01:25'),
(115,'HIL-0238','market','Sidal djalabiya',NULL,NULL,56.00,0.00,0.00,56.00,0.00,56.00,0,56.00,0.00,'cash','paid','completed',NULL,9,34,'2026-04-18 20:35:24','2026-03-18 11:24:21','2026-03-18 11:24:21'),
(116,'HIL-0239','market',NULL,NULL,NULL,25.00,0.00,0.00,25.00,0.00,25.00,0,25.00,0.00,'cash','paid','completed',NULL,9,NULL,'2026-03-19 07:45:37','2026-03-19 07:45:37','2026-03-19 07:45:37'),
(117,'HIL-0240','market',NULL,NULL,NULL,25.00,0.00,0.00,25.00,0.00,25.00,0,25.00,0.00,'cash','paid','completed',NULL,9,NULL,'2026-03-19 10:19:26','2026-03-19 10:19:26','2026-03-19 10:19:26'),
(118,'HIL-0241','market','ABOU AMMAR','0506 134 96 10',NULL,300.00,0.00,90.00,210.00,0.00,210.00,0,210.00,0.00,'cash','paid','completed',NULL,4,70,'2026-04-18 20:35:25','2026-03-23 10:58:48','2026-03-23 10:58:48'),
(119,'HIL-0242','market','Hamza',NULL,NULL,50.00,0.00,0.00,50.00,0.00,50.00,0,50.00,0.00,'cash','paid','completed',NULL,9,22,'2026-04-18 20:35:24','2026-03-23 11:00:42','2026-03-23 11:00:42'),
(120,'HIL-0243','market','Attom',NULL,NULL,50.00,0.00,0.00,50.00,0.00,50.00,0,50.00,0.00,'cash','paid','completed',NULL,9,15,'2026-04-18 20:35:24','2026-03-23 11:01:39','2026-03-23 11:01:39'),
(121,'HIL-0244','market','Abou ammar',NULL,NULL,35.00,0.00,0.00,35.00,0.00,35.00,0,35.00,0.00,'cash','paid','completed',NULL,9,3,'2026-04-18 20:35:24','2026-03-24 09:41:31','2026-03-24 09:41:31'),
(122,'HIL-0245','market','Abou ammar',NULL,NULL,35.00,0.00,0.00,35.00,0.00,35.00,0,35.00,0.00,'cash','paid','completed',NULL,9,3,'2026-04-18 20:35:24','2026-03-24 11:57:55','2026-03-24 11:57:55'),
(123,'HIL-0246','market','Adam zakaria','62148038',NULL,35.00,0.00,0.00,35.00,0.00,35.00,0,35.00,0.00,'cash','paid','completed',NULL,9,88,'2026-04-18 20:35:25','2026-04-04 13:34:52','2026-04-04 13:34:52'),
(124,'HIL-0247','market','İser pour mahmoud coordo',NULL,NULL,60.00,0.00,0.00,60.00,0.00,60.00,0,60.00,0.00,'cash','paid','completed',NULL,9,25,'2026-04-18 20:35:24','2026-04-07 12:22:16','2026-04-07 12:22:16'),
(125,'HIL-0248','market','İsmail diop','+235 65 65 54 06',NULL,1050.00,0.00,0.00,1050.00,1050.00,0.00,1,0.00,0.00,'cash','unpaid','completed',NULL,9,41,'2026-04-18 20:35:25','2026-04-08 12:11:45','2026-04-08 12:11:45'),
(126,'HIL-0249','market','Alali','+90 546 642 32 80',NULL,247.00,0.00,0.00,247.00,0.00,247.00,0,0.00,0.00,'cash','paid','completed',NULL,9,64,'2026-04-18 20:35:25','2026-04-09 09:17:50','2026-04-15 08:24:13'),
(127,'HIL-0250','market','Ami de alali','+90 546 642 32 80',NULL,105.00,0.00,0.00,105.00,0.00,105.00,0,0.00,0.00,'cash','paid','completed',NULL,9,64,'2026-04-18 20:35:25','2026-04-09 09:18:47','2026-04-15 08:23:48'),
(128,'HIL-0251','market','Mht nour zakouma',NULL,NULL,100.00,0.00,0.00,100.00,0.00,100.00,0,100.00,0.00,'cash','paid','completed',NULL,9,28,'2026-04-18 20:35:24','2026-04-09 10:44:49','2026-04-09 10:44:49'),
(129,'HIL-0252','market','Djelani',NULL,NULL,100.00,0.00,0.00,100.00,0.00,100.00,0,100.00,0.00,'cash','paid','completed',NULL,9,20,'2026-04-18 20:35:24','2026-04-11 10:31:47','2026-04-11 10:31:47'),
(130,'HIL-0253','market','Ahmat',NULL,NULL,84.00,0.00,0.00,84.00,0.00,84.00,0,84.00,0.00,'cash','paid','completed',NULL,9,4,'2026-04-18 20:35:24','2026-04-11 10:33:01','2026-04-11 10:33:01'),
(131,'HIL-0254','market','Djibrine',NULL,NULL,120.00,0.00,0.00,120.00,0.00,120.00,0,120.00,0.00,'cash','paid','completed',NULL,9,21,'2026-04-18 20:35:24','2026-04-14 10:56:02','2026-04-14 10:56:02'),
(132,'HIL-0255','market','Alali','+90 546 642 32 80',NULL,70.00,0.00,0.00,70.00,0.00,70.00,0,0.00,0.00,'cash','paid','completed',NULL,9,64,'2026-04-18 20:35:25','2026-04-15 13:11:26','2026-04-17 05:55:32'),
(133,'HIL-0256','market','Lynsha',NULL,NULL,80.00,0.00,0.00,80.00,0.00,80.00,0,80.00,0.00,'cash','paid','completed',NULL,4,27,'2026-04-18 20:35:24','2026-04-16 16:21:42','2026-04-16 16:21:42'),
(134,'HIL-0257','market','İngeneur',NULL,NULL,38.00,0.00,0.00,38.00,0.00,38.00,0,38.00,0.00,'cash','paid','completed',NULL,9,24,'2026-04-18 20:35:24','2026-04-17 10:11:59','2026-04-17 10:11:59');

--
-- Table structure for table `sessions`
--

CREATE TABLE `sessions` (
  `id` varchar(255) NOT NULL,
  `user_id` bigint(20) unsigned DEFAULT NULL,
  `ip_address` varchar(45) DEFAULT NULL,
  `user_agent` text DEFAULT NULL,
  `payload` longtext NOT NULL,
  `last_activity` int(11) NOT NULL,
  PRIMARY KEY (`id`),
  KEY `sessions_user_id_index` (`user_id`),
  KEY `sessions_last_activity_index` (`last_activity`)
) ENGINE=InnoDB DEFAULT CHARSET=utf8mb4 COLLATE=utf8mb4_unicode_ci;

--
-- Dumping data for table `sessions`
--


--
-- Table structure for table `withdrawals`
--

CREATE TABLE `withdrawals` (
  `id` bigint(20) unsigned NOT NULL AUTO_INCREMENT,
  `user_id` bigint(20) unsigned NOT NULL,
  `amount` decimal(15,2) NOT NULL,
  `reason` text DEFAULT NULL,
  `status` enum('completed','cancelled') NOT NULL DEFAULT 'completed',
  `balance_before` decimal(15,2) NOT NULL,
  `balance_after` decimal(15,2) NOT NULL,
  `withdrawal_date` timestamp NOT NULL DEFAULT current_timestamp() ON UPDATE current_timestamp(),
  `created_at` timestamp NULL DEFAULT NULL,
  `updated_at` timestamp NULL DEFAULT NULL,
  PRIMARY KEY (`id`),
  KEY `withdrawals_user_id_withdrawal_date_index` (`user_id`,`withdrawal_date`),
  KEY `withdrawals_status_withdrawal_date_index` (`status`,`withdrawal_date`),
  CONSTRAINT `withdrawals_user_id_foreign` FOREIGN KEY (`user_id`) REFERENCES `users` (`id`) ON DELETE CASCADE
) ENGINE=InnoDB DEFAULT CHARSET=utf8mb4 COLLATE=utf8mb4_unicode_ci;

--
-- Dumping data for table `withdrawals`
--



